{"id":39,"date":"2020-11-30T12:46:14","date_gmt":"2020-11-30T09:46:14","guid":{"rendered":"https:\/\/myvize.com.tr\/yenizelanda\/?page_id=39"},"modified":"2022-05-16T16:40:14","modified_gmt":"2022-05-16T13:40:14","slug":"yenizelanda-vize-randevusu","status":"publish","type":"page","link":"https:\/\/myvize.com.tr\/yenizelanda\/vize-islemleri\/yenizelanda-vize-randevusu\/","title":{"rendered":"Yeni Zelanda Vize Randevusu"},"content":{"rendered":"<p><span style=\"font-family: Roboto; font-size: 14px;\"><strong>Yeni Zelanda vize randevusu<\/strong>, T\u00fcrkiye\u2019de Yeni Zelanda Ankara B\u00fcy\u00fckel\u00e7ili\u011fi taraf\u0131ndan y\u00fcr\u00fct\u00fclen resmi bir prosed\u00fcrd\u00fcr. Bu randevu, Yeni Zelanda\u2019ya seyahat etmek isteyen ki\u015filerin parmak izlerinin al\u0131nmas\u0131 i\u00e7in d\u00fczenlenmektedir.\u00a0<strong>Yeni Zelanda vize<\/strong>\u00a0ba\u015fvurusu yapmadan \u00f6nce Yeni Zelanda vize tipini belirlemeniz gerekmektedir. K\u0131sa s\u00fcreli Yeni Zelanda seyahatleri i\u00e7in 4 vize tipi mevcuttur. Bunlar; Yeni Zelanda turistik seyahat vizesi, Yeni Zelanda ticari seyahat vizesi, Yeni Zelanda aile\/arkada\u015f ziyareti vizesi ve Yeni Zelanda e\u011fitim vizesidir. Vize tipinizi belirledikten sonra Yeni Zelanda Ankara B\u00fcy\u00fckel\u00e7ili\u011finin resmi web sitesi \u00fczerindeki Yeni Zelanda vize ba\u015fvuru formunu doldurman\u0131z ve \u00e7\u0131kt\u0131s\u0131n\u0131 alman\u0131z gerekmektedir. <span style=\"color: #2acec2;\"><strong><a style=\"color: #2acec2;\" href=\"https:\/\/myvize.com.tr\/yenizelanda\/form-ve-dilekce\/vize-basvuru-formu\/\" target=\"_blank\" rel=\"noopener\">Yeni Zelanda vize ba\u015fvuru formu<\/a><\/strong><\/span>\u00a0doldurduktan sonra Yeni Zelanda vize ba\u015fvuru \u00fccretini yat\u0131rman\u0131z gerekmektedir.<\/span><\/p>\n<h2><span style=\"font-family: Roboto; font-size: 27px;\"><strong>Yeni Zelanda Vize Randevusu Nas\u0131l Al\u0131n\u0131r?<\/strong><\/span><\/h2>\n<p><span style=\"font-family: Roboto; font-size: 14px;\"><strong>Yeni Zelanda vizesi<\/strong>\u00a0almak isteyen ki\u015filerin,\u00a0<strong>Yeni Zelanda vize randevusu<\/strong>\u00a0almalar\u0131 zorunludur.\u00a0<strong>Yeni Zelanda vize randevusu<\/strong>\u00a0i\u00e7in T\u00fcrkiye\u2019de randevu veren tek yetkili kurulu\u015f Yeni Zelanda Ankara B\u00fcy\u00fckel\u00e7ili\u011fidir. Yeni Zelanda vize randevusunu Yeni Zelanda B\u00fcy\u00fckel\u00e7ili\u011fini 09:00 \u2013 17:00 saatleri aras\u0131nda telefonla arayarak veya Yeni Zelanda B\u00fcy\u00fckel\u00e7ili\u011finin resmi web sitesinden online olarak alabilirsiniz.\u00a0<strong>Yeni Zelanda vize randevusu<\/strong>\u00a0almak i\u00e7in <strong>Yeni Zelanda Ankara B\u00fcy\u00fckel\u00e7ili\u011fi<\/strong>nin resmi e-mail adresine mail atabilirsiniz. Yeni Zelanda\u2019ya aile olarak yolculuk yapmay\u0131 planl\u0131yorsan\u0131z, ailenizin her bireyi i\u00e7in ayr\u0131 randevu alman\u0131z gerekmektedir. 12 ya\u015f\u0131n alt\u0131ndaki \u00e7ocuklar parmak izi prosed\u00fcr\u00fcnden muaft\u0131rlar. Randevunuza tam saatinde gitmeyi ve t\u00fcm evrak ve belgelerinizi yan\u0131n\u0131zda g\u00f6t\u00fcrmeyi unutmay\u0131n\u0131z.<\/span><\/p>\n<p><img decoding=\"async\" src=\"https:\/\/myvize.com.tr\/yenizelanda\/wp-content\/uploads\/2021\/10\/8.jpg\" \/><\/p>\n<h2><span style=\"font-family: Roboto; font-size: 27px;\"><strong>Yeni Zelanda Vize Randevusu Nas\u0131l Al\u0131n\u0131r?<\/strong><\/span><\/h2>\n<p><span style=\"font-family: Roboto; font-size: 14px;\"><strong>Yeni Zelanda vize<\/strong> almak isteyen ki\u015finin, Yeni Zelanda vizesi randevusu almas\u0131 zorunludur. Yeni Zelanda vizesi randevusu i\u00e7in T\u00fcrkiye\u2019de randevu veren tek yetki kurulu\u015f <span style=\"color: #2acec2;\"><strong><a style=\"color: #2acec2;\" href=\"https:\/\/myvize.com.tr\/yenizelanda\/konsolosluklar\/ankara-buyukelciligi\/\" target=\"_blank\" rel=\"noopener\">Yeni Zelanda Ankara B\u00fcy\u00fckel\u00e7ili\u011fi<\/a><\/strong><\/span>. Yeni Zelanda vizesi randevusunu Yeni Zelanda B\u00fcy\u00fckel\u00e7ili\u011fi 09:00 \u2013 17:00 saati aras\u0131nda telefonla arayarak ya da Yeni Zelanda B\u00fcy\u00fckel\u00e7ili\u011fi resmi web sitesinde online olarak alabilir. Yeni Zelanda vizesi randevusu alma i\u00e7in <strong>Yeni Zelanda Ankara B\u00fcy\u00fckel\u00e7ili\u011fi<\/strong> resm\u00ee e-mail adresi e- posta atabilirsiniz. Yeni Zelanda aile olarak yolculuk yapma planl\u0131yorsan\u0131z, aileniz her bireyi i\u00e7in ayr\u0131 randevular alman\u0131z gerekmekte.<\/span><br \/>\n<span style=\"font-family: Roboto; font-size: 14px;\"><span style=\"color: #2acec2;\"><strong><a style=\"color: #2acec2;\" href=\"https:\/\/myvize.com.tr\/yenizelanda\/vize-islemleri\/yenizelanda-vizesi\/\" target=\"_blank\" rel=\"noopener\">Yeni Zelanda vizesi<\/a><\/strong><\/span> randevusu, T\u00fcrkiye\u2019de Yeni Zelanda Ankara B\u00fcy\u00fckel\u00e7ilik taraf\u0131ndan y\u00fcr\u00fct\u00fclen resm\u00ee bir prosed\u00fcr. Bu randevu, Yeni Zelanda\u2019ya seyahat etmeyi isteyen ki\u015finin parmak izinin al\u0131nmas\u0131 i\u00e7in d\u00fczenlenmekte. Yeni Zelanda vizesi ba\u015fvurusu yapmadan \u00f6nce Yeni Zelanda vizesi tipi belirlemeniz gerekmekte. K\u0131sa s\u00fcre Yeni Zelanda seyahati i\u00e7in 4 vize tip mevcuttur. Bunlar; Yeni Zelanda turist seyahat vize, Yeni Zelanda ticari seyahat vize, e\u011fitim vizesidir.<\/span><\/p>\n","protected":false},"excerpt":{"rendered":"<p>Yeni Zelanda vize randevusu, T\u00fcrkiye\u2019de Yeni Zelanda Ankara B\u00fcy\u00fckel\u00e7ili\u011fi taraf\u0131ndan y\u00fcr\u00fct\u00fclen resmi bir prosed\u00fcrd\u00fcr. Bu randevu, Yeni Zelanda\u2019ya seyahat etmek isteyen ki\u015filerin parmak izlerinin al\u0131nmas\u0131 i\u00e7in d\u00fczenlenmektedir.\u00a0Yeni Zelanda vize\u00a0ba\u015fvurusu yapmadan \u00f6nce Yeni Zelanda vize tipini belirlemeniz gerekmektedir. K\u0131sa s\u00fcreli Yeni Zelanda seyahatleri i\u00e7in 4 vize tipi mevcuttur. Bunlar; Yeni Zelanda turistik seyahat vizesi, Yeni Zelanda<\/p>\n","protected":false},"author":1,"featured_media":0,"parent":18,"menu_order":0,"comment_status":"closed","ping_status":"closed","template":"","meta":{"footnotes":""},"class_list":["post-39","page","type-page","status-publish","hentry"],"yoast_head":"<!-- This site is optimized with the Yoast SEO plugin v24.0 - https:\/\/yoast.com\/wordpress\/plugins\/seo\/ -->\n<title>Yeni Zelanda Vize Randevusu - Vize Randevu \u00dccreti - MyVize<\/title>\n<meta name=\"description\" content=\"Yeni Zelanda vize randevusu i\u00e7in ileti\u015fim. Yeni Zelanda vize randevusu i\u00e7in g\u00f6rsel anlat\u0131m ve detayl\u0131 bilgiler i\u00e7in sayfam\u0131z\u0131 ziyaret ediniz.\" \/>\n<meta name=\"robots\" content=\"index, follow, max-snippet:-1, max-image-preview:large, max-video-preview:-1\" \/>\n<link rel=\"canonical\" href=\"https:\/\/myvize.com.tr\/yenizelanda\/vize-islemleri\/yenizelanda-vize-randevusu\/\" \/>\n<meta property=\"og:locale\" content=\"tr_TR\" \/>\n<meta property=\"og:type\" content=\"article\" \/>\n<meta property=\"og:title\" content=\"Yeni Zelanda Vize Randevusu - Vize Randevu \u00dccreti - MyVize\" \/>\n<meta property=\"og:description\" content=\"Yeni Zelanda vize randevusu i\u00e7in ileti\u015fim. Yeni Zelanda vize randevusu i\u00e7in g\u00f6rsel anlat\u0131m ve detayl\u0131 bilgiler i\u00e7in sayfam\u0131z\u0131 ziyaret ediniz.\" \/>\n<meta property=\"og:url\" content=\"https:\/\/myvize.com.tr\/yenizelanda\/vize-islemleri\/yenizelanda-vize-randevusu\/\" \/>\n<meta property=\"og:site_name\" content=\"Yeni Zelanda Vizesi\" \/>\n<meta property=\"article:modified_time\" content=\"2022-05-16T13:40:14+00:00\" \/>\n<meta property=\"og:image\" content=\"https:\/\/myvize.com.tr\/yenizelanda\/wp-content\/uploads\/2021\/10\/8.jpg\" \/>\n<meta name=\"twitter:card\" content=\"summary_large_image\" \/>\n<meta name=\"twitter:label1\" content=\"Tahmini okuma s\u00fcresi\" \/>\n\t<meta name=\"twitter:data1\" content=\"2 dakika\" \/>\n<script type=\"application\/ld+json\" class=\"yoast-schema-graph\">{\"@context\":\"https:\/\/schema.org\",\"@graph\":[{\"@type\":\"WebPage\",\"@id\":\"https:\/\/myvize.com.tr\/yenizelanda\/vize-islemleri\/yenizelanda-vize-randevusu\/\",\"url\":\"https:\/\/myvize.com.tr\/yenizelanda\/vize-islemleri\/yenizelanda-vize-randevusu\/\",\"name\":\"Yeni Zelanda Vize Randevusu - Vize Randevu \u00dccreti - MyVize\",\"isPartOf\":{\"@id\":\"https:\/\/myvize.com.tr\/yenizelanda\/#website\"},\"primaryImageOfPage\":{\"@id\":\"https:\/\/myvize.com.tr\/yenizelanda\/vize-islemleri\/yenizelanda-vize-randevusu\/#primaryimage\"},\"image\":{\"@id\":\"https:\/\/myvize.com.tr\/yenizelanda\/vize-islemleri\/yenizelanda-vize-randevusu\/#primaryimage\"},\"thumbnailUrl\":\"https:\/\/myvize.com.tr\/yenizelanda\/wp-content\/uploads\/2021\/10\/8.jpg\",\"datePublished\":\"2020-11-30T09:46:14+00:00\",\"dateModified\":\"2022-05-16T13:40:14+00:00\",\"description\":\"Yeni Zelanda vize randevusu i\u00e7in ileti\u015fim. Yeni Zelanda vize randevusu i\u00e7in g\u00f6rsel anlat\u0131m ve detayl\u0131 bilgiler i\u00e7in sayfam\u0131z\u0131 ziyaret ediniz.\",\"breadcrumb\":{\"@id\":\"https:\/\/myvize.com.tr\/yenizelanda\/vize-islemleri\/yenizelanda-vize-randevusu\/#breadcrumb\"},\"inLanguage\":\"tr\",\"potentialAction\":[{\"@type\":\"ReadAction\",\"target\":[\"https:\/\/myvize.com.tr\/yenizelanda\/vize-islemleri\/yenizelanda-vize-randevusu\/\"]}]},{\"@type\":\"ImageObject\",\"inLanguage\":\"tr\",\"@id\":\"https:\/\/myvize.com.tr\/yenizelanda\/vize-islemleri\/yenizelanda-vize-randevusu\/#primaryimage\",\"url\":\"https:\/\/myvize.com.tr\/yenizelanda\/wp-content\/uploads\/2021\/10\/8.jpg\",\"contentUrl\":\"https:\/\/myvize.com.tr\/yenizelanda\/wp-content\/uploads\/2021\/10\/8.jpg\",\"width\":800,\"height\":500,\"caption\":\"Yeni Zelanda Vize Randevusu\"},{\"@type\":\"BreadcrumbList\",\"@id\":\"https:\/\/myvize.com.tr\/yenizelanda\/vize-islemleri\/yenizelanda-vize-randevusu\/#breadcrumb\",\"itemListElement\":[{\"@type\":\"ListItem\",\"position\":1,\"name\":\"Anasayfa\",\"item\":\"https:\/\/myvize.com.tr\/yenizelanda\/\"},{\"@type\":\"ListItem\",\"position\":2,\"name\":\"V\u0130ZE \u0130\u015eLEMLER\u0130\",\"item\":\"https:\/\/myvize.com.tr\/yenizelanda\/vize-islemleri\/\"},{\"@type\":\"ListItem\",\"position\":3,\"name\":\"Yeni Zelanda Vize Randevusu\"}]},{\"@type\":\"WebSite\",\"@id\":\"https:\/\/myvize.com.tr\/yenizelanda\/#website\",\"url\":\"https:\/\/myvize.com.tr\/yenizelanda\/\",\"name\":\"Yeni Zelanda Vizesi\",\"description\":\"\",\"potentialAction\":[{\"@type\":\"SearchAction\",\"target\":{\"@type\":\"EntryPoint\",\"urlTemplate\":\"https:\/\/myvize.com.tr\/yenizelanda\/?s={search_term_string}\"},\"query-input\":{\"@type\":\"PropertyValueSpecification\",\"valueRequired\":true,\"valueName\":\"search_term_string\"}}],\"inLanguage\":\"tr\"}]}<\/script>\n<!-- \/ Yoast SEO plugin. -->","yoast_head_json":{"title":"Yeni Zelanda Vize Randevusu - Vize Randevu \u00dccreti - MyVize","description":"Yeni Zelanda vize randevusu i\u00e7in ileti\u015fim. Yeni Zelanda vize randevusu i\u00e7in g\u00f6rsel anlat\u0131m ve detayl\u0131 bilgiler i\u00e7in sayfam\u0131z\u0131 ziyaret ediniz.","robots":{"index":"index","follow":"follow","max-snippet":"max-snippet:-1","max-image-preview":"max-image-preview:large","max-video-preview":"max-video-preview:-1"},"canonical":"https:\/\/myvize.com.tr\/yenizelanda\/vize-islemleri\/yenizelanda-vize-randevusu\/","og_locale":"tr_TR","og_type":"article","og_title":"Yeni Zelanda Vize Randevusu - Vize Randevu \u00dccreti - MyVize","og_description":"Yeni Zelanda vize randevusu i\u00e7in ileti\u015fim. Yeni Zelanda vize randevusu i\u00e7in g\u00f6rsel anlat\u0131m ve detayl\u0131 bilgiler i\u00e7in sayfam\u0131z\u0131 ziyaret ediniz.","og_url":"https:\/\/myvize.com.tr\/yenizelanda\/vize-islemleri\/yenizelanda-vize-randevusu\/","og_site_name":"Yeni Zelanda Vizesi","article_modified_time":"2022-05-16T13:40:14+00:00","og_image":[{"url":"https:\/\/myvize.com.tr\/yenizelanda\/wp-content\/uploads\/2021\/10\/8.jpg","type":"","width":"","height":""}],"twitter_card":"summary_large_image","twitter_misc":{"Tahmini okuma s\u00fcresi":"2 dakika"},"schema":{"@context":"https:\/\/schema.org","@graph":[{"@type":"WebPage","@id":"https:\/\/myvize.com.tr\/yenizelanda\/vize-islemleri\/yenizelanda-vize-randevusu\/","url":"https:\/\/myvize.com.tr\/yenizelanda\/vize-islemleri\/yenizelanda-vize-randevusu\/","name":"Yeni Zelanda Vize Randevusu - Vize Randevu \u00dccreti - MyVize","isPartOf":{"@id":"https:\/\/myvize.com.tr\/yenizelanda\/#website"},"primaryImageOfPage":{"@id":"https:\/\/myvize.com.tr\/yenizelanda\/vize-islemleri\/yenizelanda-vize-randevusu\/#primaryimage"},"image":{"@id":"https:\/\/myvize.com.tr\/yenizelanda\/vize-islemleri\/yenizelanda-vize-randevusu\/#primaryimage"},"thumbnailUrl":"https:\/\/myvize.com.tr\/yenizelanda\/wp-content\/uploads\/2021\/10\/8.jpg","datePublished":"2020-11-30T09:46:14+00:00","dateModified":"2022-05-16T13:40:14+00:00","description":"Yeni Zelanda vize randevusu i\u00e7in ileti\u015fim. Yeni Zelanda vize randevusu i\u00e7in g\u00f6rsel anlat\u0131m ve detayl\u0131 bilgiler i\u00e7in sayfam\u0131z\u0131 ziyaret ediniz.","breadcrumb":{"@id":"https:\/\/myvize.com.tr\/yenizelanda\/vize-islemleri\/yenizelanda-vize-randevusu\/#breadcrumb"},"inLanguage":"tr","potentialAction":[{"@type":"ReadAction","target":["https:\/\/myvize.com.tr\/yenizelanda\/vize-islemleri\/yenizelanda-vize-randevusu\/"]}]},{"@type":"ImageObject","inLanguage":"tr","@id":"https:\/\/myvize.com.tr\/yenizelanda\/vize-islemleri\/yenizelanda-vize-randevusu\/#primaryimage","url":"https:\/\/myvize.com.tr\/yenizelanda\/wp-content\/uploads\/2021\/10\/8.jpg","contentUrl":"https:\/\/myvize.com.tr\/yenizelanda\/wp-content\/uploads\/2021\/10\/8.jpg","width":800,"height":500,"caption":"Yeni Zelanda Vize Randevusu"},{"@type":"BreadcrumbList","@id":"https:\/\/myvize.com.tr\/yenizelanda\/vize-islemleri\/yenizelanda-vize-randevusu\/#breadcrumb","itemListElement":[{"@type":"ListItem","position":1,"name":"Anasayfa","item":"https:\/\/myvize.com.tr\/yenizelanda\/"},{"@type":"ListItem","position":2,"name":"V\u0130ZE \u0130\u015eLEMLER\u0130","item":"https:\/\/myvize.com.tr\/yenizelanda\/vize-islemleri\/"},{"@type":"ListItem","position":3,"name":"Yeni Zelanda Vize Randevusu"}]},{"@type":"WebSite","@id":"https:\/\/myvize.com.tr\/yenizelanda\/#website","url":"https:\/\/myvize.com.tr\/yenizelanda\/","name":"Yeni Zelanda Vizesi","description":"","potentialAction":[{"@type":"SearchAction","target":{"@type":"EntryPoint","urlTemplate":"https:\/\/myvize.com.tr\/yenizelanda\/?s={search_term_string}"},"query-input":{"@type":"PropertyValueSpecification","valueRequired":true,"valueName":"search_term_string"}}],"inLanguage":"tr"}]}},"_links":{"self":[{"href":"https:\/\/myvize.com.tr\/yenizelanda\/wp-json\/wp\/v2\/pages\/39","targetHints":{"allow":["GET"]}}],"collection":[{"href":"https:\/\/myvize.com.tr\/yenizelanda\/wp-json\/wp\/v2\/pages"}],"about":[{"href":"https:\/\/myvize.com.tr\/yenizelanda\/wp-json\/wp\/v2\/types\/page"}],"author":[{"embeddable":true,"href":"https:\/\/myvize.com.tr\/yenizelanda\/wp-json\/wp\/v2\/users\/1"}],"replies":[{"embeddable":true,"href":"https:\/\/myvize.com.tr\/yenizelanda\/wp-json\/wp\/v2\/comments?post=39"}],"version-history":[{"count":5,"href":"https:\/\/myvize.com.tr\/yenizelanda\/wp-json\/wp\/v2\/pages\/39\/revisions"}],"predecessor-version":[{"id":616,"href":"https:\/\/myvize.com.tr\/yenizelanda\/wp-json\/wp\/v2\/pages\/39\/revisions\/616"}],"up":[{"embeddable":true,"href":"https:\/\/myvize.com.tr\/yenizelanda\/wp-json\/wp\/v2\/pages\/18"}],"wp:attachment":[{"href":"https:\/\/myvize.com.tr\/yenizelanda\/wp-json\/wp\/v2\/media?parent=39"}],"curies":[{"name":"wp","href":"https:\/\/api.w.org\/{rel}","templated":true}]}}