{"id":310,"date":"2021-01-29T10:11:19","date_gmt":"2021-01-29T07:11:19","guid":{"rendered":"https:\/\/myvize.com.tr\/umman\/?page_id=310"},"modified":"2022-01-13T16:06:26","modified_gmt":"2022-01-13T13:06:26","slug":"aile-birlesimi","status":"publish","type":"page","link":"https:\/\/myvize.com.tr\/umman\/oturum-2\/aile-birlesimi\/","title":{"rendered":"Umman Aile Birle\u015fimi"},"content":{"rendered":"\n<h2 class=\"wp-block-heading\">Umman Aile Birle\u015fimi Vizesi<\/h2>\n","protected":false},"excerpt":{"rendered":"<p>Umman Aile Birle\u015fimi Vizesi<\/p>\n","protected":false},"author":1,"featured_media":0,"parent":138,"menu_order":0,"comment_status":"closed","ping_status":"closed","template":"","meta":{"footnotes":""},"class_list":["post-310","page","type-page","status-publish","hentry"],"yoast_head":"<!-- This site is optimized with the Yoast SEO plugin v24.0 - https:\/\/yoast.com\/wordpress\/plugins\/seo\/ -->\n<title>Umman Aile Birle\u015fimi Vizesi - Umman Vizesi - MyVize<\/title>\n<meta name=\"description\" content=\"Umman Aile Birle\u015fimi Vizesi nas\u0131l al\u0131n\u0131r? Umman Aile Birle\u015fimi Vize ba\u015fvurusu nas\u0131l yap\u0131l\u0131r? Umman Aile Birle\u015fimi Vize \u00fccreti nedir?\" \/>\n<meta name=\"robots\" content=\"index, follow, max-snippet:-1, max-image-preview:large, max-video-preview:-1\" \/>\n<link rel=\"canonical\" href=\"https:\/\/myvize.com.tr\/umman\/oturum-2\/aile-birlesimi\/\" \/>\n<meta property=\"og:locale\" content=\"tr_TR\" \/>\n<meta property=\"og:type\" content=\"article\" \/>\n<meta property=\"og:title\" content=\"Umman Aile Birle\u015fimi Vizesi - Umman Vizesi - MyVize\" \/>\n<meta property=\"og:description\" content=\"Umman Aile Birle\u015fimi Vizesi nas\u0131l al\u0131n\u0131r? Umman Aile Birle\u015fimi Vize ba\u015fvurusu nas\u0131l yap\u0131l\u0131r? Umman Aile Birle\u015fimi Vize \u00fccreti nedir?\" \/>\n<meta property=\"og:url\" content=\"https:\/\/myvize.com.tr\/umman\/oturum-2\/aile-birlesimi\/\" \/>\n<meta property=\"og:site_name\" content=\"Umman Vizesi\" \/>\n<meta property=\"article:modified_time\" content=\"2022-01-13T13:06:26+00:00\" \/>\n<meta name=\"twitter:card\" content=\"summary_large_image\" \/>\n<meta name=\"twitter:label1\" content=\"Tahmini okuma s\u00fcresi\" \/>\n\t<meta name=\"twitter:data1\" content=\"1 dakika\" \/>\n<script type=\"application\/ld+json\" class=\"yoast-schema-graph\">{\"@context\":\"https:\/\/schema.org\",\"@graph\":[{\"@type\":\"WebPage\",\"@id\":\"https:\/\/myvize.com.tr\/umman\/oturum-2\/aile-birlesimi\/\",\"url\":\"https:\/\/myvize.com.tr\/umman\/oturum-2\/aile-birlesimi\/\",\"name\":\"Umman Aile Birle\u015fimi Vizesi - Umman Vizesi - MyVize\",\"isPartOf\":{\"@id\":\"https:\/\/myvize.com.tr\/umman\/#website\"},\"datePublished\":\"2021-01-29T07:11:19+00:00\",\"dateModified\":\"2022-01-13T13:06:26+00:00\",\"description\":\"Umman Aile Birle\u015fimi Vizesi nas\u0131l al\u0131n\u0131r? Umman Aile Birle\u015fimi Vize ba\u015fvurusu nas\u0131l yap\u0131l\u0131r? Umman Aile Birle\u015fimi Vize \u00fccreti nedir?\",\"breadcrumb\":{\"@id\":\"https:\/\/myvize.com.tr\/umman\/oturum-2\/aile-birlesimi\/#breadcrumb\"},\"inLanguage\":\"tr\",\"potentialAction\":[{\"@type\":\"ReadAction\",\"target\":[\"https:\/\/myvize.com.tr\/umman\/oturum-2\/aile-birlesimi\/\"]}]},{\"@type\":\"BreadcrumbList\",\"@id\":\"https:\/\/myvize.com.tr\/umman\/oturum-2\/aile-birlesimi\/#breadcrumb\",\"itemListElement\":[{\"@type\":\"ListItem\",\"position\":1,\"name\":\"Anasayfa\",\"item\":\"https:\/\/myvize.com.tr\/umman\/\"},{\"@type\":\"ListItem\",\"position\":2,\"name\":\"OTURUM\",\"item\":\"https:\/\/myvize.com.tr\/umman\/oturum-2\/\"},{\"@type\":\"ListItem\",\"position\":3,\"name\":\"Umman Aile Birle\u015fimi\"}]},{\"@type\":\"WebSite\",\"@id\":\"https:\/\/myvize.com.tr\/umman\/#website\",\"url\":\"https:\/\/myvize.com.tr\/umman\/\",\"name\":\"Umman Vizesi\",\"description\":\"\",\"potentialAction\":[{\"@type\":\"SearchAction\",\"target\":{\"@type\":\"EntryPoint\",\"urlTemplate\":\"https:\/\/myvize.com.tr\/umman\/?s={search_term_string}\"},\"query-input\":{\"@type\":\"PropertyValueSpecification\",\"valueRequired\":true,\"valueName\":\"search_term_string\"}}],\"inLanguage\":\"tr\"}]}<\/script>\n<!-- \/ Yoast SEO plugin. -->","yoast_head_json":{"title":"Umman Aile Birle\u015fimi Vizesi - Umman Vizesi - MyVize","description":"Umman Aile Birle\u015fimi Vizesi nas\u0131l al\u0131n\u0131r? Umman Aile Birle\u015fimi Vize ba\u015fvurusu nas\u0131l yap\u0131l\u0131r? Umman Aile Birle\u015fimi Vize \u00fccreti nedir?","robots":{"index":"index","follow":"follow","max-snippet":"max-snippet:-1","max-image-preview":"max-image-preview:large","max-video-preview":"max-video-preview:-1"},"canonical":"https:\/\/myvize.com.tr\/umman\/oturum-2\/aile-birlesimi\/","og_locale":"tr_TR","og_type":"article","og_title":"Umman Aile Birle\u015fimi Vizesi - Umman Vizesi - MyVize","og_description":"Umman Aile Birle\u015fimi Vizesi nas\u0131l al\u0131n\u0131r? Umman Aile Birle\u015fimi Vize ba\u015fvurusu nas\u0131l yap\u0131l\u0131r? Umman Aile Birle\u015fimi Vize \u00fccreti nedir?","og_url":"https:\/\/myvize.com.tr\/umman\/oturum-2\/aile-birlesimi\/","og_site_name":"Umman Vizesi","article_modified_time":"2022-01-13T13:06:26+00:00","twitter_card":"summary_large_image","twitter_misc":{"Tahmini okuma s\u00fcresi":"1 dakika"},"schema":{"@context":"https:\/\/schema.org","@graph":[{"@type":"WebPage","@id":"https:\/\/myvize.com.tr\/umman\/oturum-2\/aile-birlesimi\/","url":"https:\/\/myvize.com.tr\/umman\/oturum-2\/aile-birlesimi\/","name":"Umman Aile Birle\u015fimi Vizesi - Umman Vizesi - MyVize","isPartOf":{"@id":"https:\/\/myvize.com.tr\/umman\/#website"},"datePublished":"2021-01-29T07:11:19+00:00","dateModified":"2022-01-13T13:06:26+00:00","description":"Umman Aile Birle\u015fimi Vizesi nas\u0131l al\u0131n\u0131r? Umman Aile Birle\u015fimi Vize ba\u015fvurusu nas\u0131l yap\u0131l\u0131r? Umman Aile Birle\u015fimi Vize \u00fccreti nedir?","breadcrumb":{"@id":"https:\/\/myvize.com.tr\/umman\/oturum-2\/aile-birlesimi\/#breadcrumb"},"inLanguage":"tr","potentialAction":[{"@type":"ReadAction","target":["https:\/\/myvize.com.tr\/umman\/oturum-2\/aile-birlesimi\/"]}]},{"@type":"BreadcrumbList","@id":"https:\/\/myvize.com.tr\/umman\/oturum-2\/aile-birlesimi\/#breadcrumb","itemListElement":[{"@type":"ListItem","position":1,"name":"Anasayfa","item":"https:\/\/myvize.com.tr\/umman\/"},{"@type":"ListItem","position":2,"name":"OTURUM","item":"https:\/\/myvize.com.tr\/umman\/oturum-2\/"},{"@type":"ListItem","position":3,"name":"Umman Aile Birle\u015fimi"}]},{"@type":"WebSite","@id":"https:\/\/myvize.com.tr\/umman\/#website","url":"https:\/\/myvize.com.tr\/umman\/","name":"Umman Vizesi","description":"","potentialAction":[{"@type":"SearchAction","target":{"@type":"EntryPoint","urlTemplate":"https:\/\/myvize.com.tr\/umman\/?s={search_term_string}"},"query-input":{"@type":"PropertyValueSpecification","valueRequired":true,"valueName":"search_term_string"}}],"inLanguage":"tr"}]}},"_links":{"self":[{"href":"https:\/\/myvize.com.tr\/umman\/wp-json\/wp\/v2\/pages\/310","targetHints":{"allow":["GET"]}}],"collection":[{"href":"https:\/\/myvize.com.tr\/umman\/wp-json\/wp\/v2\/pages"}],"about":[{"href":"https:\/\/myvize.com.tr\/umman\/wp-json\/wp\/v2\/types\/page"}],"author":[{"embeddable":true,"href":"https:\/\/myvize.com.tr\/umman\/wp-json\/wp\/v2\/users\/1"}],"replies":[{"embeddable":true,"href":"https:\/\/myvize.com.tr\/umman\/wp-json\/wp\/v2\/comments?post=310"}],"version-history":[{"count":3,"href":"https:\/\/myvize.com.tr\/umman\/wp-json\/wp\/v2\/pages\/310\/revisions"}],"predecessor-version":[{"id":387,"href":"https:\/\/myvize.com.tr\/umman\/wp-json\/wp\/v2\/pages\/310\/revisions\/387"}],"up":[{"embeddable":true,"href":"https:\/\/myvize.com.tr\/umman\/wp-json\/wp\/v2\/pages\/138"}],"wp:attachment":[{"href":"https:\/\/myvize.com.tr\/umman\/wp-json\/wp\/v2\/media?parent=310"}],"curies":[{"name":"wp","href":"https:\/\/api.w.org\/{rel}","templated":true}]}}