{"id":306,"date":"2021-01-29T10:10:36","date_gmt":"2021-01-29T07:10:36","guid":{"rendered":"https:\/\/myvize.com.tr\/umman\/?page_id=306"},"modified":"2022-01-13T16:04:15","modified_gmt":"2022-01-13T13:04:15","slug":"umman-e-vize-online-basvuru-formu","status":"publish","type":"page","link":"https:\/\/myvize.com.tr\/umman\/umman-e-vize-online-basvuru-formu\/","title":{"rendered":"UMMAN E-V\u0130ZE ONL\u0130NE BA\u015eVURU FORMU"},"content":{"rendered":"\n<h2 class=\"wp-block-heading\"><strong>Umman E-Vize Online Ba\u015fvuru Formu Hakk\u0131nda<\/strong><\/h2>\n","protected":false},"excerpt":{"rendered":"<p>Umman E-Vize Online Ba\u015fvuru Formu Hakk\u0131nda<\/p>\n","protected":false},"author":1,"featured_media":0,"parent":0,"menu_order":0,"comment_status":"closed","ping_status":"closed","template":"","meta":{"footnotes":""},"class_list":["post-306","page","type-page","status-publish","hentry"],"yoast_head":"<!-- This site is optimized with the Yoast SEO plugin v24.0 - https:\/\/yoast.com\/wordpress\/plugins\/seo\/ -->\n<title>Umman E-Vize Online Ba\u015fvuru Formu \u0130le \u0130lgili- MyVize<\/title>\n<meta name=\"description\" content=\"Umman E-Vize Online Ba\u015fvuru Formu Nas\u0131l Doldurulur? Umman E-Vize Online Ba\u015fvuru Formu Nas\u0131l Olmal\u0131d\u0131r? Bilgi \u0130\u00e7in Aray\u0131n: 0850 346 84 93\" \/>\n<meta name=\"robots\" content=\"index, follow, max-snippet:-1, max-image-preview:large, max-video-preview:-1\" \/>\n<link rel=\"canonical\" href=\"https:\/\/myvize.com.tr\/umman\/umman-e-vize-online-basvuru-formu\/\" \/>\n<meta property=\"og:locale\" content=\"tr_TR\" \/>\n<meta property=\"og:type\" content=\"article\" \/>\n<meta property=\"og:title\" content=\"Umman E-Vize Online Ba\u015fvuru Formu \u0130le \u0130lgili- MyVize\" \/>\n<meta property=\"og:description\" content=\"Umman E-Vize Online Ba\u015fvuru Formu Nas\u0131l Doldurulur? Umman E-Vize Online Ba\u015fvuru Formu Nas\u0131l Olmal\u0131d\u0131r? Bilgi \u0130\u00e7in Aray\u0131n: 0850 346 84 93\" \/>\n<meta property=\"og:url\" content=\"https:\/\/myvize.com.tr\/umman\/umman-e-vize-online-basvuru-formu\/\" \/>\n<meta property=\"og:site_name\" content=\"Umman Vizesi\" \/>\n<meta property=\"article:modified_time\" content=\"2022-01-13T13:04:15+00:00\" \/>\n<meta name=\"twitter:card\" content=\"summary_large_image\" \/>\n<meta name=\"twitter:label1\" content=\"Tahmini okuma s\u00fcresi\" \/>\n\t<meta name=\"twitter:data1\" content=\"1 dakika\" \/>\n<script type=\"application\/ld+json\" class=\"yoast-schema-graph\">{\"@context\":\"https:\/\/schema.org\",\"@graph\":[{\"@type\":\"WebPage\",\"@id\":\"https:\/\/myvize.com.tr\/umman\/umman-e-vize-online-basvuru-formu\/\",\"url\":\"https:\/\/myvize.com.tr\/umman\/umman-e-vize-online-basvuru-formu\/\",\"name\":\"Umman E-Vize Online Ba\u015fvuru Formu \u0130le \u0130lgili- MyVize\",\"isPartOf\":{\"@id\":\"https:\/\/myvize.com.tr\/umman\/#website\"},\"datePublished\":\"2021-01-29T07:10:36+00:00\",\"dateModified\":\"2022-01-13T13:04:15+00:00\",\"description\":\"Umman E-Vize Online Ba\u015fvuru Formu Nas\u0131l Doldurulur? Umman E-Vize Online Ba\u015fvuru Formu Nas\u0131l Olmal\u0131d\u0131r? Bilgi \u0130\u00e7in Aray\u0131n: 0850 346 84 93\",\"breadcrumb\":{\"@id\":\"https:\/\/myvize.com.tr\/umman\/umman-e-vize-online-basvuru-formu\/#breadcrumb\"},\"inLanguage\":\"tr\",\"potentialAction\":[{\"@type\":\"ReadAction\",\"target\":[\"https:\/\/myvize.com.tr\/umman\/umman-e-vize-online-basvuru-formu\/\"]}]},{\"@type\":\"BreadcrumbList\",\"@id\":\"https:\/\/myvize.com.tr\/umman\/umman-e-vize-online-basvuru-formu\/#breadcrumb\",\"itemListElement\":[{\"@type\":\"ListItem\",\"position\":1,\"name\":\"Anasayfa\",\"item\":\"https:\/\/myvize.com.tr\/umman\/\"},{\"@type\":\"ListItem\",\"position\":2,\"name\":\"UMMAN E-V\u0130ZE ONL\u0130NE BA\u015eVURU FORMU\"}]},{\"@type\":\"WebSite\",\"@id\":\"https:\/\/myvize.com.tr\/umman\/#website\",\"url\":\"https:\/\/myvize.com.tr\/umman\/\",\"name\":\"Umman Vizesi\",\"description\":\"\",\"potentialAction\":[{\"@type\":\"SearchAction\",\"target\":{\"@type\":\"EntryPoint\",\"urlTemplate\":\"https:\/\/myvize.com.tr\/umman\/?s={search_term_string}\"},\"query-input\":{\"@type\":\"PropertyValueSpecification\",\"valueRequired\":true,\"valueName\":\"search_term_string\"}}],\"inLanguage\":\"tr\"}]}<\/script>\n<!-- \/ Yoast SEO plugin. -->","yoast_head_json":{"title":"Umman E-Vize Online Ba\u015fvuru Formu \u0130le \u0130lgili- MyVize","description":"Umman E-Vize Online Ba\u015fvuru Formu Nas\u0131l Doldurulur? Umman E-Vize Online Ba\u015fvuru Formu Nas\u0131l Olmal\u0131d\u0131r? Bilgi \u0130\u00e7in Aray\u0131n: 0850 346 84 93","robots":{"index":"index","follow":"follow","max-snippet":"max-snippet:-1","max-image-preview":"max-image-preview:large","max-video-preview":"max-video-preview:-1"},"canonical":"https:\/\/myvize.com.tr\/umman\/umman-e-vize-online-basvuru-formu\/","og_locale":"tr_TR","og_type":"article","og_title":"Umman E-Vize Online Ba\u015fvuru Formu \u0130le \u0130lgili- MyVize","og_description":"Umman E-Vize Online Ba\u015fvuru Formu Nas\u0131l Doldurulur? Umman E-Vize Online Ba\u015fvuru Formu Nas\u0131l Olmal\u0131d\u0131r? Bilgi \u0130\u00e7in Aray\u0131n: 0850 346 84 93","og_url":"https:\/\/myvize.com.tr\/umman\/umman-e-vize-online-basvuru-formu\/","og_site_name":"Umman Vizesi","article_modified_time":"2022-01-13T13:04:15+00:00","twitter_card":"summary_large_image","twitter_misc":{"Tahmini okuma s\u00fcresi":"1 dakika"},"schema":{"@context":"https:\/\/schema.org","@graph":[{"@type":"WebPage","@id":"https:\/\/myvize.com.tr\/umman\/umman-e-vize-online-basvuru-formu\/","url":"https:\/\/myvize.com.tr\/umman\/umman-e-vize-online-basvuru-formu\/","name":"Umman E-Vize Online Ba\u015fvuru Formu \u0130le \u0130lgili- MyVize","isPartOf":{"@id":"https:\/\/myvize.com.tr\/umman\/#website"},"datePublished":"2021-01-29T07:10:36+00:00","dateModified":"2022-01-13T13:04:15+00:00","description":"Umman E-Vize Online Ba\u015fvuru Formu Nas\u0131l Doldurulur? Umman E-Vize Online Ba\u015fvuru Formu Nas\u0131l Olmal\u0131d\u0131r? Bilgi \u0130\u00e7in Aray\u0131n: 0850 346 84 93","breadcrumb":{"@id":"https:\/\/myvize.com.tr\/umman\/umman-e-vize-online-basvuru-formu\/#breadcrumb"},"inLanguage":"tr","potentialAction":[{"@type":"ReadAction","target":["https:\/\/myvize.com.tr\/umman\/umman-e-vize-online-basvuru-formu\/"]}]},{"@type":"BreadcrumbList","@id":"https:\/\/myvize.com.tr\/umman\/umman-e-vize-online-basvuru-formu\/#breadcrumb","itemListElement":[{"@type":"ListItem","position":1,"name":"Anasayfa","item":"https:\/\/myvize.com.tr\/umman\/"},{"@type":"ListItem","position":2,"name":"UMMAN E-V\u0130ZE ONL\u0130NE BA\u015eVURU FORMU"}]},{"@type":"WebSite","@id":"https:\/\/myvize.com.tr\/umman\/#website","url":"https:\/\/myvize.com.tr\/umman\/","name":"Umman Vizesi","description":"","potentialAction":[{"@type":"SearchAction","target":{"@type":"EntryPoint","urlTemplate":"https:\/\/myvize.com.tr\/umman\/?s={search_term_string}"},"query-input":{"@type":"PropertyValueSpecification","valueRequired":true,"valueName":"search_term_string"}}],"inLanguage":"tr"}]}},"_links":{"self":[{"href":"https:\/\/myvize.com.tr\/umman\/wp-json\/wp\/v2\/pages\/306","targetHints":{"allow":["GET"]}}],"collection":[{"href":"https:\/\/myvize.com.tr\/umman\/wp-json\/wp\/v2\/pages"}],"about":[{"href":"https:\/\/myvize.com.tr\/umman\/wp-json\/wp\/v2\/types\/page"}],"author":[{"embeddable":true,"href":"https:\/\/myvize.com.tr\/umman\/wp-json\/wp\/v2\/users\/1"}],"replies":[{"embeddable":true,"href":"https:\/\/myvize.com.tr\/umman\/wp-json\/wp\/v2\/comments?post=306"}],"version-history":[{"count":2,"href":"https:\/\/myvize.com.tr\/umman\/wp-json\/wp\/v2\/pages\/306\/revisions"}],"predecessor-version":[{"id":378,"href":"https:\/\/myvize.com.tr\/umman\/wp-json\/wp\/v2\/pages\/306\/revisions\/378"}],"wp:attachment":[{"href":"https:\/\/myvize.com.tr\/umman\/wp-json\/wp\/v2\/media?parent=306"}],"curies":[{"name":"wp","href":"https:\/\/api.w.org\/{rel}","templated":true}]}}