{"id":18,"date":"2020-11-30T08:50:13","date_gmt":"2020-11-30T05:50:13","guid":{"rendered":"https:\/\/myvize.com.tr\/turkmenistan\/?page_id=18"},"modified":"2022-05-16T15:51:47","modified_gmt":"2022-05-16T12:51:47","slug":"vize-islemleri","status":"publish","type":"page","link":"https:\/\/myvize.com.tr\/turkmenistan\/vize-islemleri\/","title":{"rendered":"V\u0130ZE \u0130\u015eLEMLER\u0130"},"content":{"rendered":"\n<h2 class=\"wp-block-heading\"><strong>T\u00fcrkmenistan Vize \u0130\u015flemleri Hakk\u0131nda<\/strong><\/h2>\n\n\n\n<p>Orta Asya\u2019da yer alan T\u00fcrkmenistan, Sovyetler Birli\u011finin da\u011f\u0131lmas\u0131yla 1991 y\u0131l\u0131nda ba\u011f\u0131ms\u0131zl\u0131\u011f\u0131n\u0131 ilan etmi\u015ftir. D\u00fcnyada ba\u011f\u0131ms\u0131z 7 T\u00fcrk \u00fclkesinden biridir. T\u00fcrkmenistan\u2019a seyahat etmeyi planlayan T\u00fcrkiye Cumhuriyeti vatanda\u015flar\u0131n\u0131n sahip olduklar\u0131 pasaport t\u00fcr\u00fc fark etmeksizin 30 g\u00fcn\u00fc a\u015fmayan ziyaretleri i\u00e7in&nbsp;<strong>T\u00fcrkmenistan vizesi<\/strong>&nbsp;gerekmemektedir. Ancak 30 g\u00fcn\u00fc a\u015fan \u00f6zel ziyaretlerde vatanda\u015flar\u0131n vize almalar\u0131 gerekmektedir. Vize ba\u015fvurular\u0131n\u0131n Ankara T\u00fcrkmenistan B\u00fcy\u00fckel\u00e7ili\u011fi\u2019ne yap\u0131lmas\u0131 gerekmektedir.&nbsp;<strong>T\u00fcrkmenistan vizesi<\/strong>&nbsp;almak i\u00e7in seyahat bitimi itibariyle en az alt\u0131 ay daha ge\u00e7erlili\u011fi olan pasaport, son alt\u0131 ay i\u00e7erisinde \u00e7ekilmi\u015f 2 adet biyometrik foto\u011fraf son \u00fc\u00e7 aya ait banka hesap d\u00f6k\u00fcm\u00fc, seyahat biletleri veya rezervasyon belgeleri, konaklama yeri rezervasyon belgesi, kimlik fotokopisi, tam vukuatl\u0131 n\u00fcfus kay\u0131t \u00f6rne\u011fi, seyahat sa\u011fl\u0131k sigortas\u0131, seyahat a\u015f\u0131 kart\u0131 ve&nbsp;<strong>T\u00fcrkmenistan Vizesi<\/strong>&nbsp;Ba\u015fvuru Formu; ticari vize alacak olanlar i\u00e7in \u015firket dilek\u00e7esi, SSK prim d\u00f6k\u00fcm\u00fc, varsa tapu, ruhsat vb ile vergi levhas\u0131n\u0131n, imza sirk\u00fclerinin ve ticaret sicil gazetesinin fotokopisi gerekmektedir. T\u00fcm evraklar\u0131n eksiksiz tamamlanmas\u0131 ve vize \u00fccretinin \u00f6denmesi ile 15 i\u015f g\u00fcn\u00fc i\u00e7erisinde&nbsp;<strong>T\u00fcrkmenistan vizesi<\/strong>&nbsp;ba\u015fvurusu sonu\u00e7lan\u0131r. Vize \u00fccretine ek olarak T\u00fcrkmenistan Cumhuriyeti\u2019ne giri\u015flerde \u2018Ayak bast\u0131 paras\u0131\u2019 olarak 14 dolar \u00fccret de al\u0131nmaktad\u0131r.<\/p>\n","protected":false},"excerpt":{"rendered":"<p>T\u00fcrkmenistan Vize \u0130\u015flemleri Hakk\u0131nda Orta Asya\u2019da yer alan T\u00fcrkmenistan, Sovyetler Birli\u011finin da\u011f\u0131lmas\u0131yla 1991 y\u0131l\u0131nda ba\u011f\u0131ms\u0131zl\u0131\u011f\u0131n\u0131 ilan etmi\u015ftir. D\u00fcnyada ba\u011f\u0131ms\u0131z 7 T\u00fcrk \u00fclkesinden biridir. T\u00fcrkmenistan\u2019a seyahat etmeyi planlayan T\u00fcrkiye Cumhuriyeti vatanda\u015flar\u0131n\u0131n sahip olduklar\u0131 pasaport t\u00fcr\u00fc fark etmeksizin 30 g\u00fcn\u00fc a\u015fmayan ziyaretleri i\u00e7in&nbsp;T\u00fcrkmenistan vizesi&nbsp;gerekmemektedir. Ancak 30 g\u00fcn\u00fc a\u015fan \u00f6zel ziyaretlerde vatanda\u015flar\u0131n vize almalar\u0131 gerekmektedir. Vize ba\u015fvurular\u0131n\u0131n Ankara<\/p>\n","protected":false},"author":1,"featured_media":0,"parent":0,"menu_order":0,"comment_status":"closed","ping_status":"closed","template":"","meta":{"footnotes":""},"class_list":["post-18","page","type-page","status-publish","hentry"],"yoast_head":"<!-- This site is optimized with the Yoast SEO plugin v24.0 - https:\/\/yoast.com\/wordpress\/plugins\/seo\/ -->\n<title>T\u00fcrkmenistan Vize \u0130\u015flemleri - T\u00fcrkmenistan Vizesi - MyVize<\/title>\n<meta name=\"description\" content=\"T\u00fcrkmenistan Vize \u0130\u015flemleri nas\u0131l yap\u0131l\u0131r? T\u00fcrkmenistan Vize \u0130\u015flemleri nelerdir? Bilgi \u0130\u00e7in Vize Uzmanlar\u0131m\u0131z\u0131 Aray\u0131n: 0850 346 84 93\" \/>\n<meta name=\"robots\" content=\"index, follow, max-snippet:-1, max-image-preview:large, max-video-preview:-1\" \/>\n<link rel=\"canonical\" href=\"https:\/\/myvize.com.tr\/turkmenistan\/vize-islemleri\/\" \/>\n<meta property=\"og:locale\" content=\"tr_TR\" \/>\n<meta property=\"og:type\" content=\"article\" \/>\n<meta property=\"og:title\" content=\"T\u00fcrkmenistan Vize \u0130\u015flemleri - T\u00fcrkmenistan Vizesi - MyVize\" \/>\n<meta property=\"og:description\" content=\"T\u00fcrkmenistan Vize \u0130\u015flemleri nas\u0131l yap\u0131l\u0131r? T\u00fcrkmenistan Vize \u0130\u015flemleri nelerdir? Bilgi \u0130\u00e7in Vize Uzmanlar\u0131m\u0131z\u0131 Aray\u0131n: 0850 346 84 93\" \/>\n<meta property=\"og:url\" content=\"https:\/\/myvize.com.tr\/turkmenistan\/vize-islemleri\/\" \/>\n<meta property=\"og:site_name\" content=\"T\u00fcrkmenistan Vizesi\" \/>\n<meta property=\"article:modified_time\" content=\"2022-05-16T12:51:47+00:00\" \/>\n<meta name=\"twitter:card\" content=\"summary_large_image\" \/>\n<meta name=\"twitter:label1\" content=\"Tahmini okuma s\u00fcresi\" \/>\n\t<meta name=\"twitter:data1\" content=\"1 dakika\" \/>\n<script type=\"application\/ld+json\" class=\"yoast-schema-graph\">{\"@context\":\"https:\/\/schema.org\",\"@graph\":[{\"@type\":\"WebPage\",\"@id\":\"https:\/\/myvize.com.tr\/turkmenistan\/vize-islemleri\/\",\"url\":\"https:\/\/myvize.com.tr\/turkmenistan\/vize-islemleri\/\",\"name\":\"T\u00fcrkmenistan Vize \u0130\u015flemleri - T\u00fcrkmenistan Vizesi - MyVize\",\"isPartOf\":{\"@id\":\"https:\/\/myvize.com.tr\/turkmenistan\/#website\"},\"datePublished\":\"2020-11-30T05:50:13+00:00\",\"dateModified\":\"2022-05-16T12:51:47+00:00\",\"description\":\"T\u00fcrkmenistan Vize \u0130\u015flemleri nas\u0131l yap\u0131l\u0131r? T\u00fcrkmenistan Vize \u0130\u015flemleri nelerdir? Bilgi \u0130\u00e7in Vize Uzmanlar\u0131m\u0131z\u0131 Aray\u0131n: 0850 346 84 93\",\"breadcrumb\":{\"@id\":\"https:\/\/myvize.com.tr\/turkmenistan\/vize-islemleri\/#breadcrumb\"},\"inLanguage\":\"tr\",\"potentialAction\":[{\"@type\":\"ReadAction\",\"target\":[\"https:\/\/myvize.com.tr\/turkmenistan\/vize-islemleri\/\"]}]},{\"@type\":\"BreadcrumbList\",\"@id\":\"https:\/\/myvize.com.tr\/turkmenistan\/vize-islemleri\/#breadcrumb\",\"itemListElement\":[{\"@type\":\"ListItem\",\"position\":1,\"name\":\"Anasayfa\",\"item\":\"https:\/\/myvize.com.tr\/turkmenistan\/\"},{\"@type\":\"ListItem\",\"position\":2,\"name\":\"V\u0130ZE \u0130\u015eLEMLER\u0130\"}]},{\"@type\":\"WebSite\",\"@id\":\"https:\/\/myvize.com.tr\/turkmenistan\/#website\",\"url\":\"https:\/\/myvize.com.tr\/turkmenistan\/\",\"name\":\"T\u00fcrkmenistan Vizesi\",\"description\":\"\",\"potentialAction\":[{\"@type\":\"SearchAction\",\"target\":{\"@type\":\"EntryPoint\",\"urlTemplate\":\"https:\/\/myvize.com.tr\/turkmenistan\/?s={search_term_string}\"},\"query-input\":{\"@type\":\"PropertyValueSpecification\",\"valueRequired\":true,\"valueName\":\"search_term_string\"}}],\"inLanguage\":\"tr\"}]}<\/script>\n<!-- \/ Yoast SEO plugin. -->","yoast_head_json":{"title":"T\u00fcrkmenistan Vize \u0130\u015flemleri - T\u00fcrkmenistan Vizesi - MyVize","description":"T\u00fcrkmenistan Vize \u0130\u015flemleri nas\u0131l yap\u0131l\u0131r? T\u00fcrkmenistan Vize \u0130\u015flemleri nelerdir? Bilgi \u0130\u00e7in Vize Uzmanlar\u0131m\u0131z\u0131 Aray\u0131n: 0850 346 84 93","robots":{"index":"index","follow":"follow","max-snippet":"max-snippet:-1","max-image-preview":"max-image-preview:large","max-video-preview":"max-video-preview:-1"},"canonical":"https:\/\/myvize.com.tr\/turkmenistan\/vize-islemleri\/","og_locale":"tr_TR","og_type":"article","og_title":"T\u00fcrkmenistan Vize \u0130\u015flemleri - T\u00fcrkmenistan Vizesi - MyVize","og_description":"T\u00fcrkmenistan Vize \u0130\u015flemleri nas\u0131l yap\u0131l\u0131r? T\u00fcrkmenistan Vize \u0130\u015flemleri nelerdir? Bilgi \u0130\u00e7in Vize Uzmanlar\u0131m\u0131z\u0131 Aray\u0131n: 0850 346 84 93","og_url":"https:\/\/myvize.com.tr\/turkmenistan\/vize-islemleri\/","og_site_name":"T\u00fcrkmenistan Vizesi","article_modified_time":"2022-05-16T12:51:47+00:00","twitter_card":"summary_large_image","twitter_misc":{"Tahmini okuma s\u00fcresi":"1 dakika"},"schema":{"@context":"https:\/\/schema.org","@graph":[{"@type":"WebPage","@id":"https:\/\/myvize.com.tr\/turkmenistan\/vize-islemleri\/","url":"https:\/\/myvize.com.tr\/turkmenistan\/vize-islemleri\/","name":"T\u00fcrkmenistan Vize \u0130\u015flemleri - T\u00fcrkmenistan Vizesi - MyVize","isPartOf":{"@id":"https:\/\/myvize.com.tr\/turkmenistan\/#website"},"datePublished":"2020-11-30T05:50:13+00:00","dateModified":"2022-05-16T12:51:47+00:00","description":"T\u00fcrkmenistan Vize \u0130\u015flemleri nas\u0131l yap\u0131l\u0131r? T\u00fcrkmenistan Vize \u0130\u015flemleri nelerdir? Bilgi \u0130\u00e7in Vize Uzmanlar\u0131m\u0131z\u0131 Aray\u0131n: 0850 346 84 93","breadcrumb":{"@id":"https:\/\/myvize.com.tr\/turkmenistan\/vize-islemleri\/#breadcrumb"},"inLanguage":"tr","potentialAction":[{"@type":"ReadAction","target":["https:\/\/myvize.com.tr\/turkmenistan\/vize-islemleri\/"]}]},{"@type":"BreadcrumbList","@id":"https:\/\/myvize.com.tr\/turkmenistan\/vize-islemleri\/#breadcrumb","itemListElement":[{"@type":"ListItem","position":1,"name":"Anasayfa","item":"https:\/\/myvize.com.tr\/turkmenistan\/"},{"@type":"ListItem","position":2,"name":"V\u0130ZE \u0130\u015eLEMLER\u0130"}]},{"@type":"WebSite","@id":"https:\/\/myvize.com.tr\/turkmenistan\/#website","url":"https:\/\/myvize.com.tr\/turkmenistan\/","name":"T\u00fcrkmenistan Vizesi","description":"","potentialAction":[{"@type":"SearchAction","target":{"@type":"EntryPoint","urlTemplate":"https:\/\/myvize.com.tr\/turkmenistan\/?s={search_term_string}"},"query-input":{"@type":"PropertyValueSpecification","valueRequired":true,"valueName":"search_term_string"}}],"inLanguage":"tr"}]}},"_links":{"self":[{"href":"https:\/\/myvize.com.tr\/turkmenistan\/wp-json\/wp\/v2\/pages\/18","targetHints":{"allow":["GET"]}}],"collection":[{"href":"https:\/\/myvize.com.tr\/turkmenistan\/wp-json\/wp\/v2\/pages"}],"about":[{"href":"https:\/\/myvize.com.tr\/turkmenistan\/wp-json\/wp\/v2\/types\/page"}],"author":[{"embeddable":true,"href":"https:\/\/myvize.com.tr\/turkmenistan\/wp-json\/wp\/v2\/users\/1"}],"replies":[{"embeddable":true,"href":"https:\/\/myvize.com.tr\/turkmenistan\/wp-json\/wp\/v2\/comments?post=18"}],"version-history":[{"count":5,"href":"https:\/\/myvize.com.tr\/turkmenistan\/wp-json\/wp\/v2\/pages\/18\/revisions"}],"predecessor-version":[{"id":530,"href":"https:\/\/myvize.com.tr\/turkmenistan\/wp-json\/wp\/v2\/pages\/18\/revisions\/530"}],"wp:attachment":[{"href":"https:\/\/myvize.com.tr\/turkmenistan\/wp-json\/wp\/v2\/media?parent=18"}],"curies":[{"name":"wp","href":"https:\/\/api.w.org\/{rel}","templated":true}]}}