{"id":18,"date":"2020-11-30T08:50:13","date_gmt":"2020-11-30T05:50:13","guid":{"rendered":"https:\/\/myvize.com.tr\/myanmar\/?page_id=18"},"modified":"2022-05-14T11:47:33","modified_gmt":"2022-05-14T08:47:33","slug":"vize-islemleri","status":"publish","type":"page","link":"https:\/\/myvize.com.tr\/myanmar\/vize-islemleri\/","title":{"rendered":"V\u0130ZE \u0130\u015eLEMLER\u0130"},"content":{"rendered":"\n<h2 class=\"wp-block-heading\"><strong>Myanmar Vize \u0130\u015flemleri<\/strong><\/h2>\n\n\n\n<p>Resmi ad\u0131 Mynmar Birli\u011fi Cumhuriyeti olan \u00fclke G\u00fcneydo\u011fu Asya\u2019da yer almaktad\u0131r. Myanmar\u2019a seyahat etmek isteyenlerin hangi pasaporta sahip olurlarsa olsunlar vize almalar\u0131 zorunludur. \u00dclkemizden Myanmar\u2019a gidebilmek i\u00e7in al\u0131nabilecek vizeler \u015funlard\u0131r: Turistik Vize, Myanmar Ticari Vize ve Myanmar Transit Vize. T\u00fcrkiye\u2019de Myanmar d\u0131\u015f temsilcili\u011fi olmad\u0131\u011f\u0131 i\u00e7in&nbsp;<strong>Myanmar Vizesi&nbsp;<\/strong>elektronik ortamdan al\u0131nmaktad\u0131r ve yaln\u0131zca turistik ya da ticari ama\u00e7l\u0131 olarak al\u0131nabilir. E-Vize olarak bilinen i\u015flem kula\u011fa daha kolay gelse de k\u00fc\u00e7\u00fck bir yaz\u0131m hatas\u0131 bile vize al\u0131m\u0131n\u0131 engelleyebilir. Dolay\u0131s\u0131yla e-vize al\u0131rken dikkat edilmesi gereken \u015fartlar oldu\u011fu unutulmamal\u0131d\u0131r.&nbsp;<strong>Myanmar Vizesi<\/strong>&nbsp;al\u0131rken ba\u015fta iyi bir internet ba\u011flant\u0131s\u0131 gerekmektedir. Ayr\u0131ca dil bilgisi konusunda uzman ki\u015filerden faydalan\u0131lmal\u0131 ki yaz\u0131m hatas\u0131 gibi sorunlar bertaraf edilsin. Sisteme girilen bilgi ve evraklar&nbsp;do\u011fru ve eksiksiz olmal\u0131d\u0131r. Evraklar sisteme tarat\u0131larak girilece\u011fi i\u00e7in iyi bir tarama cihaz\u0131 da \u015fartt\u0131r. \u0130\u015flemler do\u011fru ve eksiksiz bir \u015fekilde yap\u0131ld\u0131\u011f\u0131nda sistem 1600-2000 Baht vize \u00f6demesini de online bir \u015fekilde ger\u00e7ekle\u015ftirilmesine olanak verir. \u015eartlar tamamland\u0131\u011f\u0131nda 3 i\u015f g\u00fcn\u00fc i\u00e7erisinde vize al\u0131nabilir.&nbsp;<strong>Myanmar Vizesi<\/strong>&nbsp;i\u00e7in sisteme y\u00fcklenecek evraklar \u015fu \u015fekildedir: Pasaport (seyahat bitiminden itibaren 6 ayl\u0131k ge\u00e7erlili\u011fi olmal\u0131), \u0130ngilizce haz\u0131rlanm\u0131\u015f vize ba\u015fvuru formu, son 6 ayda \u00e7ekilmi\u015f 3 adet biyometrik vesikal\u0131k, ula\u015f\u0131m belgeleri (u\u00e7ak bileti ya da rezervasyon belgesi) ve&nbsp;konaklama yeri rezervasyon belgeleri. E\u011fer ticari vize al\u0131nacaksa bu belgelere ek olarak ticari davetiye ve ki\u015finin \u00e7al\u0131\u015faca\u011f\u0131 \u015firkete ait evraklar gerekmektedir.<\/p>\n","protected":false},"excerpt":{"rendered":"<p>Myanmar Vize \u0130\u015flemleri Resmi ad\u0131 Mynmar Birli\u011fi Cumhuriyeti olan \u00fclke G\u00fcneydo\u011fu Asya\u2019da yer almaktad\u0131r. Myanmar\u2019a seyahat etmek isteyenlerin hangi pasaporta sahip olurlarsa olsunlar vize almalar\u0131 zorunludur. \u00dclkemizden Myanmar\u2019a gidebilmek i\u00e7in al\u0131nabilecek vizeler \u015funlard\u0131r: Turistik Vize, Myanmar Ticari Vize ve Myanmar Transit Vize. T\u00fcrkiye\u2019de Myanmar d\u0131\u015f temsilcili\u011fi olmad\u0131\u011f\u0131 i\u00e7in&nbsp;Myanmar Vizesi&nbsp;elektronik ortamdan al\u0131nmaktad\u0131r ve yaln\u0131zca turistik ya<\/p>\n","protected":false},"author":1,"featured_media":0,"parent":0,"menu_order":0,"comment_status":"closed","ping_status":"closed","template":"","meta":{"footnotes":""},"class_list":["post-18","page","type-page","status-publish","hentry"],"yoast_head":"<!-- This site is optimized with the Yoast SEO plugin v24.0 - https:\/\/yoast.com\/wordpress\/plugins\/seo\/ -->\n<title>Myanmar Vize \u0130\u015flemleri - Myanmar Vizesi - MyVize<\/title>\n<meta name=\"description\" content=\"Myanmar Vize \u0130\u015flemleri nelerdir? Myanmar Vize \u0130\u015flemleri nas\u0131l yap\u0131l\u0131r? Myanmar Vize \u0130\u015flem \u00fccreti nedir? Myanmar Vize Randevusu.\" \/>\n<meta name=\"robots\" content=\"index, follow, max-snippet:-1, max-image-preview:large, max-video-preview:-1\" \/>\n<link rel=\"canonical\" href=\"https:\/\/myvize.com.tr\/myanmar\/vize-islemleri\/\" \/>\n<meta property=\"og:locale\" content=\"tr_TR\" \/>\n<meta property=\"og:type\" content=\"article\" \/>\n<meta property=\"og:title\" content=\"Myanmar Vize \u0130\u015flemleri - Myanmar Vizesi - MyVize\" \/>\n<meta property=\"og:description\" content=\"Myanmar Vize \u0130\u015flemleri nelerdir? Myanmar Vize \u0130\u015flemleri nas\u0131l yap\u0131l\u0131r? Myanmar Vize \u0130\u015flem \u00fccreti nedir? Myanmar Vize Randevusu.\" \/>\n<meta property=\"og:url\" content=\"https:\/\/myvize.com.tr\/myanmar\/vize-islemleri\/\" \/>\n<meta property=\"og:site_name\" content=\"Myanmar Vizesi\" \/>\n<meta property=\"article:modified_time\" content=\"2022-05-14T08:47:33+00:00\" \/>\n<meta name=\"twitter:card\" content=\"summary_large_image\" \/>\n<meta name=\"twitter:label1\" content=\"Tahmini okuma s\u00fcresi\" \/>\n\t<meta name=\"twitter:data1\" content=\"1 dakika\" \/>\n<script type=\"application\/ld+json\" class=\"yoast-schema-graph\">{\"@context\":\"https:\/\/schema.org\",\"@graph\":[{\"@type\":\"WebPage\",\"@id\":\"https:\/\/myvize.com.tr\/myanmar\/vize-islemleri\/\",\"url\":\"https:\/\/myvize.com.tr\/myanmar\/vize-islemleri\/\",\"name\":\"Myanmar Vize \u0130\u015flemleri - Myanmar Vizesi - MyVize\",\"isPartOf\":{\"@id\":\"https:\/\/myvize.com.tr\/myanmar\/#website\"},\"datePublished\":\"2020-11-30T05:50:13+00:00\",\"dateModified\":\"2022-05-14T08:47:33+00:00\",\"description\":\"Myanmar Vize \u0130\u015flemleri nelerdir? Myanmar Vize \u0130\u015flemleri nas\u0131l yap\u0131l\u0131r? Myanmar Vize \u0130\u015flem \u00fccreti nedir? Myanmar Vize Randevusu.\",\"breadcrumb\":{\"@id\":\"https:\/\/myvize.com.tr\/myanmar\/vize-islemleri\/#breadcrumb\"},\"inLanguage\":\"tr\",\"potentialAction\":[{\"@type\":\"ReadAction\",\"target\":[\"https:\/\/myvize.com.tr\/myanmar\/vize-islemleri\/\"]}]},{\"@type\":\"BreadcrumbList\",\"@id\":\"https:\/\/myvize.com.tr\/myanmar\/vize-islemleri\/#breadcrumb\",\"itemListElement\":[{\"@type\":\"ListItem\",\"position\":1,\"name\":\"Anasayfa\",\"item\":\"https:\/\/myvize.com.tr\/myanmar\/\"},{\"@type\":\"ListItem\",\"position\":2,\"name\":\"V\u0130ZE \u0130\u015eLEMLER\u0130\"}]},{\"@type\":\"WebSite\",\"@id\":\"https:\/\/myvize.com.tr\/myanmar\/#website\",\"url\":\"https:\/\/myvize.com.tr\/myanmar\/\",\"name\":\"Myanmar Vizesi\",\"description\":\"\",\"potentialAction\":[{\"@type\":\"SearchAction\",\"target\":{\"@type\":\"EntryPoint\",\"urlTemplate\":\"https:\/\/myvize.com.tr\/myanmar\/?s={search_term_string}\"},\"query-input\":{\"@type\":\"PropertyValueSpecification\",\"valueRequired\":true,\"valueName\":\"search_term_string\"}}],\"inLanguage\":\"tr\"}]}<\/script>\n<!-- \/ Yoast SEO plugin. -->","yoast_head_json":{"title":"Myanmar Vize \u0130\u015flemleri - Myanmar Vizesi - MyVize","description":"Myanmar Vize \u0130\u015flemleri nelerdir? Myanmar Vize \u0130\u015flemleri nas\u0131l yap\u0131l\u0131r? Myanmar Vize \u0130\u015flem \u00fccreti nedir? Myanmar Vize Randevusu.","robots":{"index":"index","follow":"follow","max-snippet":"max-snippet:-1","max-image-preview":"max-image-preview:large","max-video-preview":"max-video-preview:-1"},"canonical":"https:\/\/myvize.com.tr\/myanmar\/vize-islemleri\/","og_locale":"tr_TR","og_type":"article","og_title":"Myanmar Vize \u0130\u015flemleri - Myanmar Vizesi - MyVize","og_description":"Myanmar Vize \u0130\u015flemleri nelerdir? Myanmar Vize \u0130\u015flemleri nas\u0131l yap\u0131l\u0131r? Myanmar Vize \u0130\u015flem \u00fccreti nedir? Myanmar Vize Randevusu.","og_url":"https:\/\/myvize.com.tr\/myanmar\/vize-islemleri\/","og_site_name":"Myanmar Vizesi","article_modified_time":"2022-05-14T08:47:33+00:00","twitter_card":"summary_large_image","twitter_misc":{"Tahmini okuma s\u00fcresi":"1 dakika"},"schema":{"@context":"https:\/\/schema.org","@graph":[{"@type":"WebPage","@id":"https:\/\/myvize.com.tr\/myanmar\/vize-islemleri\/","url":"https:\/\/myvize.com.tr\/myanmar\/vize-islemleri\/","name":"Myanmar Vize \u0130\u015flemleri - Myanmar Vizesi - MyVize","isPartOf":{"@id":"https:\/\/myvize.com.tr\/myanmar\/#website"},"datePublished":"2020-11-30T05:50:13+00:00","dateModified":"2022-05-14T08:47:33+00:00","description":"Myanmar Vize \u0130\u015flemleri nelerdir? Myanmar Vize \u0130\u015flemleri nas\u0131l yap\u0131l\u0131r? Myanmar Vize \u0130\u015flem \u00fccreti nedir? Myanmar Vize Randevusu.","breadcrumb":{"@id":"https:\/\/myvize.com.tr\/myanmar\/vize-islemleri\/#breadcrumb"},"inLanguage":"tr","potentialAction":[{"@type":"ReadAction","target":["https:\/\/myvize.com.tr\/myanmar\/vize-islemleri\/"]}]},{"@type":"BreadcrumbList","@id":"https:\/\/myvize.com.tr\/myanmar\/vize-islemleri\/#breadcrumb","itemListElement":[{"@type":"ListItem","position":1,"name":"Anasayfa","item":"https:\/\/myvize.com.tr\/myanmar\/"},{"@type":"ListItem","position":2,"name":"V\u0130ZE \u0130\u015eLEMLER\u0130"}]},{"@type":"WebSite","@id":"https:\/\/myvize.com.tr\/myanmar\/#website","url":"https:\/\/myvize.com.tr\/myanmar\/","name":"Myanmar Vizesi","description":"","potentialAction":[{"@type":"SearchAction","target":{"@type":"EntryPoint","urlTemplate":"https:\/\/myvize.com.tr\/myanmar\/?s={search_term_string}"},"query-input":{"@type":"PropertyValueSpecification","valueRequired":true,"valueName":"search_term_string"}}],"inLanguage":"tr"}]}},"_links":{"self":[{"href":"https:\/\/myvize.com.tr\/myanmar\/wp-json\/wp\/v2\/pages\/18","targetHints":{"allow":["GET"]}}],"collection":[{"href":"https:\/\/myvize.com.tr\/myanmar\/wp-json\/wp\/v2\/pages"}],"about":[{"href":"https:\/\/myvize.com.tr\/myanmar\/wp-json\/wp\/v2\/types\/page"}],"author":[{"embeddable":true,"href":"https:\/\/myvize.com.tr\/myanmar\/wp-json\/wp\/v2\/users\/1"}],"replies":[{"embeddable":true,"href":"https:\/\/myvize.com.tr\/myanmar\/wp-json\/wp\/v2\/comments?post=18"}],"version-history":[{"count":5,"href":"https:\/\/myvize.com.tr\/myanmar\/wp-json\/wp\/v2\/pages\/18\/revisions"}],"predecessor-version":[{"id":446,"href":"https:\/\/myvize.com.tr\/myanmar\/wp-json\/wp\/v2\/pages\/18\/revisions\/446"}],"wp:attachment":[{"href":"https:\/\/myvize.com.tr\/myanmar\/wp-json\/wp\/v2\/media?parent=18"}],"curies":[{"name":"wp","href":"https:\/\/api.w.org\/{rel}","templated":true}]}}