{"id":268,"date":"2021-01-20T15:12:18","date_gmt":"2021-01-20T12:12:18","guid":{"rendered":"https:\/\/myvize.com.tr\/mikronezya\/?page_id=268"},"modified":"2022-01-15T14:15:45","modified_gmt":"2022-01-15T11:15:45","slug":"turistik-vize","status":"publish","type":"page","link":"https:\/\/myvize.com.tr\/mikronezya\/vize-islemleri\/turistik-vize\/","title":{"rendered":"Mikronezya Turistik Vize"},"content":{"rendered":"\n<h2 class=\"wp-block-heading\"><strong>Mikronezya Turistik Vize Hakk\u0131nda<\/strong><\/h2>\n","protected":false},"excerpt":{"rendered":"<p>Mikronezya Turistik Vize Hakk\u0131nda<\/p>\n","protected":false},"author":1,"featured_media":0,"parent":18,"menu_order":0,"comment_status":"closed","ping_status":"closed","template":"","meta":{"footnotes":""},"class_list":["post-268","page","type-page","status-publish","hentry"],"yoast_head":"<!-- This site is optimized with the Yoast SEO plugin v24.0 - https:\/\/yoast.com\/wordpress\/plugins\/seo\/ -->\n<title>Mikronezya Turistik Vize - Mikronezya Vize - MyVize<\/title>\n<meta name=\"description\" content=\"Mikronezya Turistik Vize nas\u0131l al\u0131n\u0131r? Mikronezya Turistik Vize ba\u015fvurusu nas\u0131l yap\u0131l\u0131r? Mikronezya Turistik Vize \u00dccreti nedir?\" \/>\n<meta name=\"robots\" content=\"index, follow, max-snippet:-1, max-image-preview:large, max-video-preview:-1\" \/>\n<link rel=\"canonical\" href=\"https:\/\/myvize.com.tr\/mikronezya\/vize-islemleri\/turistik-vize\/\" \/>\n<meta property=\"og:locale\" content=\"tr_TR\" \/>\n<meta property=\"og:type\" content=\"article\" \/>\n<meta property=\"og:title\" content=\"Mikronezya Turistik Vize - Mikronezya Vize - MyVize\" \/>\n<meta property=\"og:description\" content=\"Mikronezya Turistik Vize nas\u0131l al\u0131n\u0131r? Mikronezya Turistik Vize ba\u015fvurusu nas\u0131l yap\u0131l\u0131r? Mikronezya Turistik Vize \u00dccreti nedir?\" \/>\n<meta property=\"og:url\" content=\"https:\/\/myvize.com.tr\/mikronezya\/vize-islemleri\/turistik-vize\/\" \/>\n<meta property=\"og:site_name\" content=\"Mikronezya Vizesi\" \/>\n<meta property=\"article:modified_time\" content=\"2022-01-15T11:15:45+00:00\" \/>\n<meta name=\"twitter:card\" content=\"summary_large_image\" \/>\n<meta name=\"twitter:label1\" content=\"Tahmini okuma s\u00fcresi\" \/>\n\t<meta name=\"twitter:data1\" content=\"1 dakika\" \/>\n<script type=\"application\/ld+json\" class=\"yoast-schema-graph\">{\"@context\":\"https:\/\/schema.org\",\"@graph\":[{\"@type\":\"WebPage\",\"@id\":\"https:\/\/myvize.com.tr\/mikronezya\/vize-islemleri\/turistik-vize\/\",\"url\":\"https:\/\/myvize.com.tr\/mikronezya\/vize-islemleri\/turistik-vize\/\",\"name\":\"Mikronezya Turistik Vize - Mikronezya Vize - MyVize\",\"isPartOf\":{\"@id\":\"https:\/\/myvize.com.tr\/mikronezya\/#website\"},\"datePublished\":\"2021-01-20T12:12:18+00:00\",\"dateModified\":\"2022-01-15T11:15:45+00:00\",\"description\":\"Mikronezya Turistik Vize nas\u0131l al\u0131n\u0131r? Mikronezya Turistik Vize ba\u015fvurusu nas\u0131l yap\u0131l\u0131r? Mikronezya Turistik Vize \u00dccreti nedir?\",\"breadcrumb\":{\"@id\":\"https:\/\/myvize.com.tr\/mikronezya\/vize-islemleri\/turistik-vize\/#breadcrumb\"},\"inLanguage\":\"tr\",\"potentialAction\":[{\"@type\":\"ReadAction\",\"target\":[\"https:\/\/myvize.com.tr\/mikronezya\/vize-islemleri\/turistik-vize\/\"]}]},{\"@type\":\"BreadcrumbList\",\"@id\":\"https:\/\/myvize.com.tr\/mikronezya\/vize-islemleri\/turistik-vize\/#breadcrumb\",\"itemListElement\":[{\"@type\":\"ListItem\",\"position\":1,\"name\":\"Anasayfa\",\"item\":\"https:\/\/myvize.com.tr\/mikronezya\/\"},{\"@type\":\"ListItem\",\"position\":2,\"name\":\"V\u0130ZE \u0130\u015eLEMLER\u0130\",\"item\":\"https:\/\/myvize.com.tr\/mikronezya\/vize-islemleri\/\"},{\"@type\":\"ListItem\",\"position\":3,\"name\":\"Mikronezya Turistik Vize\"}]},{\"@type\":\"WebSite\",\"@id\":\"https:\/\/myvize.com.tr\/mikronezya\/#website\",\"url\":\"https:\/\/myvize.com.tr\/mikronezya\/\",\"name\":\"Mikronezya Vizesi\",\"description\":\"\",\"potentialAction\":[{\"@type\":\"SearchAction\",\"target\":{\"@type\":\"EntryPoint\",\"urlTemplate\":\"https:\/\/myvize.com.tr\/mikronezya\/?s={search_term_string}\"},\"query-input\":{\"@type\":\"PropertyValueSpecification\",\"valueRequired\":true,\"valueName\":\"search_term_string\"}}],\"inLanguage\":\"tr\"}]}<\/script>\n<!-- \/ Yoast SEO plugin. -->","yoast_head_json":{"title":"Mikronezya Turistik Vize - Mikronezya Vize - MyVize","description":"Mikronezya Turistik Vize nas\u0131l al\u0131n\u0131r? Mikronezya Turistik Vize ba\u015fvurusu nas\u0131l yap\u0131l\u0131r? Mikronezya Turistik Vize \u00dccreti nedir?","robots":{"index":"index","follow":"follow","max-snippet":"max-snippet:-1","max-image-preview":"max-image-preview:large","max-video-preview":"max-video-preview:-1"},"canonical":"https:\/\/myvize.com.tr\/mikronezya\/vize-islemleri\/turistik-vize\/","og_locale":"tr_TR","og_type":"article","og_title":"Mikronezya Turistik Vize - Mikronezya Vize - MyVize","og_description":"Mikronezya Turistik Vize nas\u0131l al\u0131n\u0131r? Mikronezya Turistik Vize ba\u015fvurusu nas\u0131l yap\u0131l\u0131r? Mikronezya Turistik Vize \u00dccreti nedir?","og_url":"https:\/\/myvize.com.tr\/mikronezya\/vize-islemleri\/turistik-vize\/","og_site_name":"Mikronezya Vizesi","article_modified_time":"2022-01-15T11:15:45+00:00","twitter_card":"summary_large_image","twitter_misc":{"Tahmini okuma s\u00fcresi":"1 dakika"},"schema":{"@context":"https:\/\/schema.org","@graph":[{"@type":"WebPage","@id":"https:\/\/myvize.com.tr\/mikronezya\/vize-islemleri\/turistik-vize\/","url":"https:\/\/myvize.com.tr\/mikronezya\/vize-islemleri\/turistik-vize\/","name":"Mikronezya Turistik Vize - Mikronezya Vize - MyVize","isPartOf":{"@id":"https:\/\/myvize.com.tr\/mikronezya\/#website"},"datePublished":"2021-01-20T12:12:18+00:00","dateModified":"2022-01-15T11:15:45+00:00","description":"Mikronezya Turistik Vize nas\u0131l al\u0131n\u0131r? Mikronezya Turistik Vize ba\u015fvurusu nas\u0131l yap\u0131l\u0131r? Mikronezya Turistik Vize \u00dccreti nedir?","breadcrumb":{"@id":"https:\/\/myvize.com.tr\/mikronezya\/vize-islemleri\/turistik-vize\/#breadcrumb"},"inLanguage":"tr","potentialAction":[{"@type":"ReadAction","target":["https:\/\/myvize.com.tr\/mikronezya\/vize-islemleri\/turistik-vize\/"]}]},{"@type":"BreadcrumbList","@id":"https:\/\/myvize.com.tr\/mikronezya\/vize-islemleri\/turistik-vize\/#breadcrumb","itemListElement":[{"@type":"ListItem","position":1,"name":"Anasayfa","item":"https:\/\/myvize.com.tr\/mikronezya\/"},{"@type":"ListItem","position":2,"name":"V\u0130ZE \u0130\u015eLEMLER\u0130","item":"https:\/\/myvize.com.tr\/mikronezya\/vize-islemleri\/"},{"@type":"ListItem","position":3,"name":"Mikronezya Turistik Vize"}]},{"@type":"WebSite","@id":"https:\/\/myvize.com.tr\/mikronezya\/#website","url":"https:\/\/myvize.com.tr\/mikronezya\/","name":"Mikronezya Vizesi","description":"","potentialAction":[{"@type":"SearchAction","target":{"@type":"EntryPoint","urlTemplate":"https:\/\/myvize.com.tr\/mikronezya\/?s={search_term_string}"},"query-input":{"@type":"PropertyValueSpecification","valueRequired":true,"valueName":"search_term_string"}}],"inLanguage":"tr"}]}},"_links":{"self":[{"href":"https:\/\/myvize.com.tr\/mikronezya\/wp-json\/wp\/v2\/pages\/268","targetHints":{"allow":["GET"]}}],"collection":[{"href":"https:\/\/myvize.com.tr\/mikronezya\/wp-json\/wp\/v2\/pages"}],"about":[{"href":"https:\/\/myvize.com.tr\/mikronezya\/wp-json\/wp\/v2\/types\/page"}],"author":[{"embeddable":true,"href":"https:\/\/myvize.com.tr\/mikronezya\/wp-json\/wp\/v2\/users\/1"}],"replies":[{"embeddable":true,"href":"https:\/\/myvize.com.tr\/mikronezya\/wp-json\/wp\/v2\/comments?post=268"}],"version-history":[{"count":3,"href":"https:\/\/myvize.com.tr\/mikronezya\/wp-json\/wp\/v2\/pages\/268\/revisions"}],"predecessor-version":[{"id":440,"href":"https:\/\/myvize.com.tr\/mikronezya\/wp-json\/wp\/v2\/pages\/268\/revisions\/440"}],"up":[{"embeddable":true,"href":"https:\/\/myvize.com.tr\/mikronezya\/wp-json\/wp\/v2\/pages\/18"}],"wp:attachment":[{"href":"https:\/\/myvize.com.tr\/mikronezya\/wp-json\/wp\/v2\/media?parent=268"}],"curies":[{"name":"wp","href":"https:\/\/api.w.org\/{rel}","templated":true}]}}