{"id":53,"date":"2020-11-30T12:50:00","date_gmt":"2020-11-30T09:50:00","guid":{"rendered":"http:\/\/myvize.com.tr\/meksika\/?page_id=53"},"modified":"2022-05-12T15:36:53","modified_gmt":"2022-05-12T12:36:53","slug":"meksika-universite-egitimi","status":"publish","type":"page","link":"https:\/\/myvize.com.tr\/meksika\/vize-islemleri\/meksika-universite-egitimi\/","title":{"rendered":"Meksika \u00dcniversite E\u011fitimi"},"content":{"rendered":"<h2><strong><span style=\"font-family: Roboto; font-size: 27px;\">Meksika \u00dcniversite E\u011fitimi Hakk\u0131nda<\/span><\/strong><\/h2>\n<p><span style=\"font-family: Roboto; font-size: 14px;\"><strong>Meksika \u00fcniversite e\u011fitimi<\/strong> konusunda Latin Amerika\u2019da en \u00e7ok tercih edilen \u00fclkelerden bir tanesidir. T\u00fcrkiye vatanda\u015flar\u0131ndan da y\u0131lda pek \u00e7ok \u00f6\u011frenci <strong>Meksika\u2019y\u0131 \u00fcniversite e\u011fitimi<\/strong> i\u00e7in tercih etmektedir. Meksika\u2019da \u00fcniversite e\u011fitimi almak isteyen \u00f6\u011frencilerin, vize almas\u0131 gerekir. \u00d6\u011frencilerin, akademik transkript veya bunu kan\u0131tlayan evraklar\u0131 <strong>Meksika konsoloslu\u011funa<\/strong> ibra etmeleri gerekir. Meksika \u00fcniversite sistemine g\u00f6re 2. GPA e\u015f de\u011fer olan 80 not ortalamas\u0131n\u0131 almak gerekmektedir.<\/span><\/p>\n<p><span style=\"font-family: Roboto; font-size: 14px;\">Meksika vatanda\u015flar\u0131, Meksika\u2019daki devlet \u00fcniversitelerinde tamamen \u00fccretsiz e\u011fitim g\u00f6rmektedir. Ancak yabanc\u0131 \u00f6\u011frenciler, <strong>Meksika\u2019da e\u011fitim almak<\/strong> i\u00e7in her d\u00f6nem 150 dolar\u0131 \u00f6demek zorundad\u0131r. Bunun yan\u0131 s\u0131ra Meksika\u2019da konaklama ve yeme-i\u00e7me gibi masraflar d\u00f6nemli 4000-6500 dolar aras\u0131nda de\u011fi\u015fir. \u00d6zel bir \u00fcniversite i\u00e7in ise y\u0131ll\u0131k 20.000-25.000 dolar \u00f6denmektedir.<\/span><\/p>\n<p><span style=\"font-family: Roboto; font-size: 14px;\">Meksika\u2019da bulunan \u00fcniversiteler Y\u00d6K denkli\u011findedir. Bu ise Meksika\u2019da al\u0131nan \u00fcniversite diplomas\u0131n\u0131n T\u00fcrkiye\u2019de ge\u00e7erli oldu\u011fu anlam\u0131na gelmektedir. <strong>Meksika da \u00fcniversite e\u011fitimi<\/strong> alabilmek i\u00e7in \u0130spanyolca dilini bilmek gerekir. Meksika\u2019daki \u00fcniversitelerden baz\u0131lar\u0131 \u015f\u00f6yledir; Monterrey Teknoloji Enstit\u00fcs\u00fc ve Y\u00fcksekokulu, Baja California \u00d6zerk \u00dcniversitesi, B\u00fcy\u00fck\u015fehir \u00d6zerk \u00dcniversitesi, Iberoamericana \u00dcniversitesi, Hidalgo Eyaleti \u00d6zerk \u00dcniversitesi\u2019dir.<\/span><\/p>\n<p><img decoding=\"async\" src=\"https:\/\/myvize.com.tr\/meksika\/wp-content\/uploads\/2021\/10\/21.jpg\" \/><\/p>\n<h2><span style=\"font-family: Roboto; font-size: 27px;\"><strong>Meksika \u00dcniversite E\u011fitimi \u0130le \u0130lgili<\/strong><\/span><\/h2>\n<p><span style=\"font-family: Roboto; font-size: 14px;\">Meksika hem dil e\u011fitimi hem de ara\u015ft\u0131rma gibi alanlarda \u00f6\u011frencilere bir\u00e7ok farkl\u0131 yenilik sunan \u00fclkeler aras\u0131nda yer al\u0131r. Sunmu\u015f oldu\u011fu y\u00fcksek kaliteli e\u011fitim programlar\u0131 nedeni ile her y\u0131l d\u00fcnya genelinden say\u0131s\u0131z \u00f6\u011frenci <strong>Meksika&#8217;da \u00f6\u011frenci olma<\/strong> hakk\u0131n\u0131 elde etmeye \u00e7al\u0131\u015f\u0131r. Meksika genelinde birden fazla lisans\u00fcst\u00fc kurs ve e\u011fitim program\u0131 yer al\u0131r. Her y\u0131l y\u00fcksek \u00f6\u011frenim ve dil alan\u0131nda ba\u015far\u0131 elde etmek isteyen \u00f6\u011frenciler gerekli ko\u015fullar\u0131 sa\u011flayarak<strong> Meksika&#8217;da e\u011fitim alma<\/strong> hakk\u0131n\u0131 elde edebilirler.<\/span><\/p>\n<p><span style=\"font-family: Roboto; font-size: 14px;\"><strong>Meksika&#8217;da \u00fcniversite e\u011fitimi<\/strong> almak isteyen \u00f6\u011frencilerin \u00f6ncelikli olarak ge\u00e7erli bir pasaporta sahip olmalar\u0131 gerekir. Ard\u0131ndan akademik transkript ya da kan\u0131t amac\u0131yla akademik \u00e7al\u0131\u015fmalar i\u00e7eren belge ve \u00f6\u011frenci mektubu ile birlikte 80 not ortalamas\u0131na da sahip olmas\u0131 zorunludur. Gerekli \u00f6n ko\u015fullar\u0131 sa\u011flayan \u00f6\u011frenciler kendilerinden \u00fcstlenecek olan di\u011fer belgeleri de eksiksiz olarak tamamlad\u0131klar\u0131 takdirde resmi olarak ba\u015fvuru yapma \u015fans\u0131n\u0131 elde edebilirler.<\/span><\/p>\n<p><span style=\"font-family: Roboto; font-size: 14px;\"><strong>Meksika \u00fcniversite e\u011fitimi<\/strong>\u00a0i\u00e7in yapt\u0131klar\u0131 ba\u015fvurular onayland\u0131\u011f\u0131 takdirde \u00f6\u011frenciler e\u011fitim s\u00fcresi boyunca \u00fclkede sorunsuz bir \u015fekilde ikamet etme hakk\u0131na sahip olabilirler. E\u011fitim s\u00fcresinin planlanan s\u00fcreden daha uzun s\u00fcrmesi halinde \u00f6\u011frencilerin ek olarak yine ilgili kurumlara ba\u015fvurmalar\u0131 ve \u00fclkede kalmak i\u00e7in gerekli izinleri sa\u011flamalar\u0131 gerekmektedir.<\/span><\/p>\n<p><span style=\"font-family: Roboto; font-size: 14px;\"><span style=\"color: #2acec2;\"><strong><a style=\"color: #2acec2;\" href=\"https:\/\/myvize.com.tr\/meksika\/vize-islemleri\/meksika-vize-randevusu\/\" target=\"_blank\" rel=\"noopener\">Meksika Vize Randevusu <\/a><\/strong><\/span>ile ilgili bilgi almak i\u00e7in bizi aray\u0131n\u0131z.<\/span><\/p>\n<h2><span style=\"font-family: Roboto; font-size: 27px;\"><strong>Meksika \u00dcniversite E\u011fitimi 2022<\/strong><\/span><\/h2>\n<p><span style=\"font-family: Roboto; font-size: 14px;\"><strong>Meksika \u00fcniversite e\u011fitimi<\/strong> i\u00e7in Latin Amerika\u2019da tercih edilebilecek en iyi \u00fclkeden birisidir. T\u00fcrkiye\u2019den de y\u0131l i\u00e7inde onlarca \u00f6\u011frenci Meksika\u2019ya e\u011fitim g\u00f6rmeye girmekte. Meksika\u2019da \u00fcniversite e\u011fitim almak isteyen ki\u015finin <strong>Meksika e\u011fitim vizesi<\/strong> almas\u0131 gerekmektedir.<\/span><br \/>\n<span style=\"font-family: Roboto; font-size: 14px;\">Meksika\u2019da \u00fcniversite e\u011fitim almak isteyen ki\u015finin akademik transkript ya da bunu kan\u0131tlayacak bilgiyi i\u00e7eren belgeyi <strong>Meksika Konsoloslu\u011fu<\/strong>&#8216;na sunmas\u0131 gerekmekte. <strong>Meksika<\/strong> sistemine g\u00f6re 2.90 GPA e\u015f de\u011fer olacak 80 not ortalamas\u0131 bulundurulmas\u0131 zorunludur.<\/span><br \/>\n<span style=\"font-family: Roboto; font-size: 14px;\">Meksika vatanda\u015f\u0131 i\u00e7in, Meksika\u2019da bulunan devlet \u00fcniversitesi tamamen \u00fccretsizdir. Ancak yabanc\u0131 \u00f6\u011frencinin her d\u00f6nem i\u00e7in 150 ABD Dolar \u00f6demesi gerekmektedir. Bunun yan\u0131na Meksika\u2019da konaklamak, yeme-i\u00e7mek gibi giderler ile d\u00f6nemlik masraf 4000 ile 6500 ABD Dolar olarak de\u011fi\u015fmektedir. \u00d6zel bir \u00fcniversite de e\u011fitim almak istiyorsa y\u0131ll\u0131k 20.000 ve 25.000 ABD Dolar aras\u0131nda de\u011fi\u015fmektedir.<\/span><br \/>\n<span style=\"font-family: Roboto; font-size: 14px;\">Meksika\u2019da bulunan \u00fcniversitenin Y\u00d6K denkli\u011fi vard\u0131r. Yani Meksika da alm\u0131\u015f oldu\u011fu \u00fcniversite diplomas\u0131 T\u00fcrkiye de ge\u00e7erlidir. Meksika\u2019da e\u011fitim alabilme i\u00e7in <strong>\u0130spanyolca<\/strong> dil yeterlili\u011fi olmal\u0131d\u0131r. Meksika\u2019da bulunan baz\u0131 \u00fcniversite \u015fu \u015fekildedir.<\/span><br \/>\n<span style=\"font-family: Roboto; font-size: 14px;\">Monterrey Teknoloji Enstit\u00fc ve Y\u00fcksekokulu<\/span><br \/>\n<span style=\"font-family: Roboto; font-size: 14px;\">B\u00fcy\u00fck\u015fehir \u00d6zerk \u00dcniversite<\/span><br \/>\n<span style=\"font-family: Roboto; font-size: 14px;\">Baja California \u00d6zerk \u00dcniversite<\/span><br \/>\n<span style=\"font-family: Roboto; font-size: 14px;\">Hidalgo Eyaleti \u00d6zerk \u00dcniversite<\/span><br \/>\n<span style=\"font-family: Roboto; font-size: 14px;\">Iberoamericana \u00dcniversite<\/span><br \/>\n<span style=\"font-family: Roboto; font-size: 14px;\">Meksika\u2019da \u00e7e\u015fitli seviyede ki e\u011fitim kurumunda e\u011fitimler almak isteyen ki\u015filer <strong>Meksika \u00f6\u011frenci vizesi<\/strong> ba\u015fvurmal\u0131d\u0131r. Meksika \u00f6\u011frenci vize e\u011fitimi s\u00fcresi ba\u011fl\u0131 olarak 6 ay kadar k\u0131sa s\u00fcre olarak verilebilmekte. E\u011fer e\u011fitim 6 aydan fazla s\u00fcrecek ise uzun s\u00fcre \u00f6\u011frenci vize verilmekte. <strong>Meksika \u00f6\u011frenci vize<\/strong> s\u00fcresine ba\u011fl\u0131 olarak tek giri\u015f veya da \u00e7ok giri\u015f olarak yay\u0131nlanmaktad\u0131r.<\/span><\/p>\n<p><span style=\"font-family: Roboto; font-size: 14px;\"><span style=\"color: #2acec2;\"><strong><a style=\"color: #2acec2;\" href=\"https:\/\/myvize.com.tr\/meksika\/vize-islemleri\/meksika-dil-okulu-vizesi\/\" target=\"_blank\" rel=\"noopener\">Meksika Dil Okulu Vizesi<\/a><\/strong><\/span> ile ilgili bilgi almak i\u00e7in bizi aray\u0131n\u0131z.<\/span><\/p>\n","protected":false},"excerpt":{"rendered":"<p>Meksika \u00dcniversite E\u011fitimi Hakk\u0131nda Meksika \u00fcniversite e\u011fitimi konusunda Latin Amerika\u2019da en \u00e7ok tercih edilen \u00fclkelerden bir tanesidir. T\u00fcrkiye vatanda\u015flar\u0131ndan da y\u0131lda pek \u00e7ok \u00f6\u011frenci Meksika\u2019y\u0131 \u00fcniversite e\u011fitimi i\u00e7in tercih etmektedir. Meksika\u2019da \u00fcniversite e\u011fitimi almak isteyen \u00f6\u011frencilerin, vize almas\u0131 gerekir. \u00d6\u011frencilerin, akademik transkript veya bunu kan\u0131tlayan evraklar\u0131 Meksika konsoloslu\u011funa ibra etmeleri gerekir. Meksika \u00fcniversite sistemine g\u00f6re<\/p>\n","protected":false},"author":1,"featured_media":0,"parent":18,"menu_order":0,"comment_status":"closed","ping_status":"closed","template":"","meta":{"footnotes":""},"class_list":["post-53","page","type-page","status-publish","hentry"],"yoast_head":"<!-- This site is optimized with the Yoast SEO plugin v24.0 - https:\/\/yoast.com\/wordpress\/plugins\/seo\/ -->\n<title>Meksika \u00dcniversite E\u011fitimi Vizesi - MyVize<\/title>\n<meta name=\"description\" content=\"Meksika \u00fcniversite e\u011fitim vize ba\u015fvurusu evrak listesi. Meksika \u00fcniversite e\u011fitim belgeleri ve \u015fartlar\u0131 i\u00e7in ileti\u015fime ge\u00e7ebilirsiniz.\" \/>\n<meta name=\"robots\" content=\"index, follow, max-snippet:-1, max-image-preview:large, max-video-preview:-1\" \/>\n<link rel=\"canonical\" href=\"https:\/\/myvize.com.tr\/meksika\/vize-islemleri\/meksika-universite-egitimi\/\" \/>\n<meta property=\"og:locale\" content=\"tr_TR\" \/>\n<meta property=\"og:type\" content=\"article\" \/>\n<meta property=\"og:title\" content=\"Meksika \u00dcniversite E\u011fitimi Vizesi - MyVize\" \/>\n<meta property=\"og:description\" content=\"Meksika \u00fcniversite e\u011fitim vize ba\u015fvurusu evrak listesi. Meksika \u00fcniversite e\u011fitim belgeleri ve \u015fartlar\u0131 i\u00e7in ileti\u015fime ge\u00e7ebilirsiniz.\" \/>\n<meta property=\"og:url\" content=\"https:\/\/myvize.com.tr\/meksika\/vize-islemleri\/meksika-universite-egitimi\/\" \/>\n<meta property=\"og:site_name\" content=\"Meksika Vizesi\" \/>\n<meta property=\"article:modified_time\" content=\"2022-05-12T12:36:53+00:00\" \/>\n<meta property=\"og:image\" content=\"https:\/\/myvize.com.tr\/meksika\/wp-content\/uploads\/2021\/10\/21.jpg\" \/>\n<meta name=\"twitter:card\" content=\"summary_large_image\" \/>\n<meta name=\"twitter:label1\" content=\"Tahmini okuma s\u00fcresi\" \/>\n\t<meta name=\"twitter:data1\" content=\"3 dakika\" \/>\n<script type=\"application\/ld+json\" class=\"yoast-schema-graph\">{\"@context\":\"https:\/\/schema.org\",\"@graph\":[{\"@type\":\"WebPage\",\"@id\":\"https:\/\/myvize.com.tr\/meksika\/vize-islemleri\/meksika-universite-egitimi\/\",\"url\":\"https:\/\/myvize.com.tr\/meksika\/vize-islemleri\/meksika-universite-egitimi\/\",\"name\":\"Meksika \u00dcniversite E\u011fitimi Vizesi - MyVize\",\"isPartOf\":{\"@id\":\"https:\/\/myvize.com.tr\/meksika\/#website\"},\"primaryImageOfPage\":{\"@id\":\"https:\/\/myvize.com.tr\/meksika\/vize-islemleri\/meksika-universite-egitimi\/#primaryimage\"},\"image\":{\"@id\":\"https:\/\/myvize.com.tr\/meksika\/vize-islemleri\/meksika-universite-egitimi\/#primaryimage\"},\"thumbnailUrl\":\"https:\/\/myvize.com.tr\/meksika\/wp-content\/uploads\/2021\/10\/21.jpg\",\"datePublished\":\"2020-11-30T09:50:00+00:00\",\"dateModified\":\"2022-05-12T12:36:53+00:00\",\"description\":\"Meksika \u00fcniversite e\u011fitim vize ba\u015fvurusu evrak listesi. Meksika \u00fcniversite e\u011fitim belgeleri ve \u015fartlar\u0131 i\u00e7in ileti\u015fime ge\u00e7ebilirsiniz.\",\"breadcrumb\":{\"@id\":\"https:\/\/myvize.com.tr\/meksika\/vize-islemleri\/meksika-universite-egitimi\/#breadcrumb\"},\"inLanguage\":\"tr\",\"potentialAction\":[{\"@type\":\"ReadAction\",\"target\":[\"https:\/\/myvize.com.tr\/meksika\/vize-islemleri\/meksika-universite-egitimi\/\"]}]},{\"@type\":\"ImageObject\",\"inLanguage\":\"tr\",\"@id\":\"https:\/\/myvize.com.tr\/meksika\/vize-islemleri\/meksika-universite-egitimi\/#primaryimage\",\"url\":\"https:\/\/myvize.com.tr\/meksika\/wp-content\/uploads\/2021\/10\/21.jpg\",\"contentUrl\":\"https:\/\/myvize.com.tr\/meksika\/wp-content\/uploads\/2021\/10\/21.jpg\",\"width\":800,\"height\":500,\"caption\":\"Meksika \u00dcniversite E\u011fitimi\"},{\"@type\":\"BreadcrumbList\",\"@id\":\"https:\/\/myvize.com.tr\/meksika\/vize-islemleri\/meksika-universite-egitimi\/#breadcrumb\",\"itemListElement\":[{\"@type\":\"ListItem\",\"position\":1,\"name\":\"Anasayfa\",\"item\":\"https:\/\/myvize.com.tr\/meksika\/\"},{\"@type\":\"ListItem\",\"position\":2,\"name\":\"V\u0130ZE \u0130\u015eLEMLER\u0130\",\"item\":\"https:\/\/myvize.com.tr\/meksika\/vize-islemleri\/\"},{\"@type\":\"ListItem\",\"position\":3,\"name\":\"Meksika \u00dcniversite E\u011fitimi\"}]},{\"@type\":\"WebSite\",\"@id\":\"https:\/\/myvize.com.tr\/meksika\/#website\",\"url\":\"https:\/\/myvize.com.tr\/meksika\/\",\"name\":\"Meksika Vizesi\",\"description\":\"\",\"potentialAction\":[{\"@type\":\"SearchAction\",\"target\":{\"@type\":\"EntryPoint\",\"urlTemplate\":\"https:\/\/myvize.com.tr\/meksika\/?s={search_term_string}\"},\"query-input\":{\"@type\":\"PropertyValueSpecification\",\"valueRequired\":true,\"valueName\":\"search_term_string\"}}],\"inLanguage\":\"tr\"}]}<\/script>\n<!-- \/ Yoast SEO plugin. -->","yoast_head_json":{"title":"Meksika \u00dcniversite E\u011fitimi Vizesi - MyVize","description":"Meksika \u00fcniversite e\u011fitim vize ba\u015fvurusu evrak listesi. Meksika \u00fcniversite e\u011fitim belgeleri ve \u015fartlar\u0131 i\u00e7in ileti\u015fime ge\u00e7ebilirsiniz.","robots":{"index":"index","follow":"follow","max-snippet":"max-snippet:-1","max-image-preview":"max-image-preview:large","max-video-preview":"max-video-preview:-1"},"canonical":"https:\/\/myvize.com.tr\/meksika\/vize-islemleri\/meksika-universite-egitimi\/","og_locale":"tr_TR","og_type":"article","og_title":"Meksika \u00dcniversite E\u011fitimi Vizesi - MyVize","og_description":"Meksika \u00fcniversite e\u011fitim vize ba\u015fvurusu evrak listesi. Meksika \u00fcniversite e\u011fitim belgeleri ve \u015fartlar\u0131 i\u00e7in ileti\u015fime ge\u00e7ebilirsiniz.","og_url":"https:\/\/myvize.com.tr\/meksika\/vize-islemleri\/meksika-universite-egitimi\/","og_site_name":"Meksika Vizesi","article_modified_time":"2022-05-12T12:36:53+00:00","og_image":[{"url":"https:\/\/myvize.com.tr\/meksika\/wp-content\/uploads\/2021\/10\/21.jpg","type":"","width":"","height":""}],"twitter_card":"summary_large_image","twitter_misc":{"Tahmini okuma s\u00fcresi":"3 dakika"},"schema":{"@context":"https:\/\/schema.org","@graph":[{"@type":"WebPage","@id":"https:\/\/myvize.com.tr\/meksika\/vize-islemleri\/meksika-universite-egitimi\/","url":"https:\/\/myvize.com.tr\/meksika\/vize-islemleri\/meksika-universite-egitimi\/","name":"Meksika \u00dcniversite E\u011fitimi Vizesi - MyVize","isPartOf":{"@id":"https:\/\/myvize.com.tr\/meksika\/#website"},"primaryImageOfPage":{"@id":"https:\/\/myvize.com.tr\/meksika\/vize-islemleri\/meksika-universite-egitimi\/#primaryimage"},"image":{"@id":"https:\/\/myvize.com.tr\/meksika\/vize-islemleri\/meksika-universite-egitimi\/#primaryimage"},"thumbnailUrl":"https:\/\/myvize.com.tr\/meksika\/wp-content\/uploads\/2021\/10\/21.jpg","datePublished":"2020-11-30T09:50:00+00:00","dateModified":"2022-05-12T12:36:53+00:00","description":"Meksika \u00fcniversite e\u011fitim vize ba\u015fvurusu evrak listesi. Meksika \u00fcniversite e\u011fitim belgeleri ve \u015fartlar\u0131 i\u00e7in ileti\u015fime ge\u00e7ebilirsiniz.","breadcrumb":{"@id":"https:\/\/myvize.com.tr\/meksika\/vize-islemleri\/meksika-universite-egitimi\/#breadcrumb"},"inLanguage":"tr","potentialAction":[{"@type":"ReadAction","target":["https:\/\/myvize.com.tr\/meksika\/vize-islemleri\/meksika-universite-egitimi\/"]}]},{"@type":"ImageObject","inLanguage":"tr","@id":"https:\/\/myvize.com.tr\/meksika\/vize-islemleri\/meksika-universite-egitimi\/#primaryimage","url":"https:\/\/myvize.com.tr\/meksika\/wp-content\/uploads\/2021\/10\/21.jpg","contentUrl":"https:\/\/myvize.com.tr\/meksika\/wp-content\/uploads\/2021\/10\/21.jpg","width":800,"height":500,"caption":"Meksika \u00dcniversite E\u011fitimi"},{"@type":"BreadcrumbList","@id":"https:\/\/myvize.com.tr\/meksika\/vize-islemleri\/meksika-universite-egitimi\/#breadcrumb","itemListElement":[{"@type":"ListItem","position":1,"name":"Anasayfa","item":"https:\/\/myvize.com.tr\/meksika\/"},{"@type":"ListItem","position":2,"name":"V\u0130ZE \u0130\u015eLEMLER\u0130","item":"https:\/\/myvize.com.tr\/meksika\/vize-islemleri\/"},{"@type":"ListItem","position":3,"name":"Meksika \u00dcniversite E\u011fitimi"}]},{"@type":"WebSite","@id":"https:\/\/myvize.com.tr\/meksika\/#website","url":"https:\/\/myvize.com.tr\/meksika\/","name":"Meksika Vizesi","description":"","potentialAction":[{"@type":"SearchAction","target":{"@type":"EntryPoint","urlTemplate":"https:\/\/myvize.com.tr\/meksika\/?s={search_term_string}"},"query-input":{"@type":"PropertyValueSpecification","valueRequired":true,"valueName":"search_term_string"}}],"inLanguage":"tr"}]}},"_links":{"self":[{"href":"https:\/\/myvize.com.tr\/meksika\/wp-json\/wp\/v2\/pages\/53","targetHints":{"allow":["GET"]}}],"collection":[{"href":"https:\/\/myvize.com.tr\/meksika\/wp-json\/wp\/v2\/pages"}],"about":[{"href":"https:\/\/myvize.com.tr\/meksika\/wp-json\/wp\/v2\/types\/page"}],"author":[{"embeddable":true,"href":"https:\/\/myvize.com.tr\/meksika\/wp-json\/wp\/v2\/users\/1"}],"replies":[{"embeddable":true,"href":"https:\/\/myvize.com.tr\/meksika\/wp-json\/wp\/v2\/comments?post=53"}],"version-history":[{"count":10,"href":"https:\/\/myvize.com.tr\/meksika\/wp-json\/wp\/v2\/pages\/53\/revisions"}],"predecessor-version":[{"id":851,"href":"https:\/\/myvize.com.tr\/meksika\/wp-json\/wp\/v2\/pages\/53\/revisions\/851"}],"up":[{"embeddable":true,"href":"https:\/\/myvize.com.tr\/meksika\/wp-json\/wp\/v2\/pages\/18"}],"wp:attachment":[{"href":"https:\/\/myvize.com.tr\/meksika\/wp-json\/wp\/v2\/media?parent=53"}],"curies":[{"name":"wp","href":"https:\/\/api.w.org\/{rel}","templated":true}]}}