{"id":43,"date":"2020-11-30T12:47:27","date_gmt":"2020-11-30T09:47:27","guid":{"rendered":"http:\/\/myvize.com.tr\/meksika\/?page_id=43"},"modified":"2022-05-12T15:27:24","modified_gmt":"2022-05-12T12:27:24","slug":"meksika-calisma-izni","status":"publish","type":"page","link":"https:\/\/myvize.com.tr\/meksika\/vize-islemleri\/meksika-calisma-izni\/","title":{"rendered":"Meksika \u00c7al\u0131\u015fma \u0130zni"},"content":{"rendered":"<h2><strong><span style=\"font-family: Roboto; font-size: 27px;\">Meksika \u00c7al\u0131\u015fma \u0130zni Hakk\u0131nda<\/span><\/strong><\/h2>\n<p><span style=\"font-family: Roboto; font-size: 14px;\"><strong>Meksika \u00e7al\u0131\u015fma izni ba\u015fvuru<\/strong> yapacak insanlar, \u00f6ncelikle <span style=\"color: #2acec2;\"><strong><a style=\"color: #2acec2;\" href=\"https:\/\/myvize.com.tr\/meksika\/vize-islemleri\/meksika-oturum-izni\/\" target=\"_blank\" rel=\"noopener\">Meksika oturum izni<\/a><\/strong><\/span> ba\u015fvurusunda bulunmal\u0131d\u0131r. Meksika\u2019ya yat\u0131r\u0131mc\u0131 olarak giri\u015f yap\u0131lacaksa e\u011fer <strong>Meksika yat\u0131r\u0131mc\u0131 vizesi<\/strong> al\u0131nmal\u0131d\u0131r. Fakat direkt olarak <strong>Meksika \u00e7al\u0131\u015fma izni<\/strong> ba\u015fvuru yap\u0131lamaz ve izin al\u0131namaz. <strong>Meksika \u00e7al\u0131\u015fma izni<\/strong> alabilmek i\u00e7in Meksika s\u0131n\u0131rlar\u0131na giri\u015f yap\u0131ld\u0131ktan sonra <strong>Meksika \u00e7al\u0131\u015fma izni<\/strong> ba\u015fvuru formu eksiksiz ve do\u011fru \u015fekilde doldurulmal\u0131 ve Meksika G\u00f6\u00e7 Ofisi\u2019ne verilmelidir.<\/span><\/p>\n<p><span style=\"font-family: Roboto; font-size: 14px;\"><strong>Meksika\u2019da \u00e7al\u0131\u015fma izni<\/strong> alabilmek i\u00e7im, Meksika\u2019da bir i\u015f bulunmu\u015f olmal\u0131 veya Meksika da yat\u0131r\u0131m olarak bulunulmal\u0131d\u0131r. T\u00fcrk vatanda\u015flar\u0131 Meksika\u2019ya 30 g\u00fcn serbest girme hakk\u0131na sahiptir. Bu s\u00fcre zarf\u0131nda Meksika\u2019da,<strong> Meksika \u00e7al\u0131\u015fma izni<\/strong> ba\u015fvurusu yap\u0131labilir.<\/span><\/p>\n<p><span style=\"font-family: Roboto; font-size: 14px;\"><strong>Meksika \u00e7al\u0131\u015fma izni<\/strong> alabilmek i\u00e7in ilk \u00f6nce gereken evraklar\u0131n eksiksiz ve tam olmas\u0131 gerekmektedir.<strong> Meksika \u00e7al\u0131\u015fma izni<\/strong> ba\u015fvuru yapacak ki\u015filerin ayn\u0131 zamanda Meksika\u2019da bulundu\u011fu s\u00fcre de ekonomik durumunun oldu\u011funu ve masraflar\u0131n\u0131 kar\u015f\u0131layabilece\u011fini kan\u0131tlamas\u0131 gerekmektedir. Bunun yan\u0131 s\u0131ra ilgili ki\u015fi \u0130spanyolca bilmelidir. Pasaportu ise en az 1 y\u0131l daha ge\u00e7erlili\u011fe sahip olmal\u0131d\u0131r.<\/span><\/p>\n<p><span style=\"font-family: Roboto; font-size: 14px;\"><strong>Meksika \u00e7al\u0131\u015fma izni<\/strong> alacak ki\u015filerin, Meksika\u2019n\u0131n kamu d\u00fczenini bozmayaca\u011f\u0131n\u0131 kan\u0131tlamas\u0131 gerekir. Bunun yan\u0131 s\u0131ra Meksika\u2019n\u0131n k\u00fclt\u00fcr\u00fcne ve anayasas\u0131na uygun ya\u015fayaca\u011f\u0131n\u0131 kan\u0131tlamal\u0131d\u0131r.<\/span><\/p>\n<p><img decoding=\"async\" src=\"https:\/\/myvize.com.tr\/meksika\/wp-content\/uploads\/2021\/10\/12.jpg\" \/><\/p>\n<h2><span style=\"font-family: Roboto; font-size: 27px;\"><strong>Meksika \u00c7al\u0131\u015fma \u0130zni ile \u0130lgili<\/strong><\/span><\/h2>\n<p><span style=\"font-family: Roboto; font-size: 14px;\"><strong>Meksika \u00e7al\u0131\u015fma izni<\/strong>\u00a0almak isteyen vatanda\u015flar\u0131n \u00f6ncelikli olarak oturum iznine sahip olmalar\u0131 gerekir. Sadece al\u0131nacak bir vize ile \u00fclkede \u00e7al\u0131\u015fma izni sahibi olmak pek m\u00fcmk\u00fcn de\u011fildir. E\u011fer yat\u0131r\u0131m ile \u00fclkeye girmek isteniyorsa bu durumda da vatanda\u015flar\u0131n yine yat\u0131r\u0131mc\u0131 vizesi almalar\u0131 gerekir.<\/span><\/p>\n<p><span style=\"font-family: Roboto; font-size: 14px;\">Konsoloslukta yer alan kaynaklara g\u00f6re direkt olarak \u00e7al\u0131\u015fma izni almak s\u00f6z konusu de\u011fildir. Meksika&#8217;ya yap\u0131lacak giri\u015fler ya da herhangi bir \u015fekilde Meksika&#8217;da bulunmak i\u00e7in hi\u00e7bir \u015fart aranmayan sadece 67 \u00fclke vard\u0131r. Meksika&#8217;ya girecek olan vatanda\u015flar\u0131n E\u011fer <strong>Meksika&#8217;da oturum izni<\/strong> veya vatanda\u015fl\u0131\u011f\u0131 varsa bu i\u015flemlerden muaf tutulurlar ve Meksika&#8217;da diledikleri kadar kalarak \u00e7al\u0131\u015fma iznine sahip olabilirler.<\/span><\/p>\n<p><span style=\"font-family: Roboto; font-size: 14px;\"><strong>Meksika&#8217;da \u00e7al\u0131\u015fma izni<\/strong> i\u00e7in ba\u015fvuru yapacak vatanda\u015flardan istenecek olan evraklar <strong>Meksika Konsoloslu\u011fu<\/strong> taraf\u0131ndan ba\u015fvuru sahiplerine verilir. Ba\u015fvuru i\u00e7in gerekli olacak evraklar \u015fu \u015fekildedir;<\/span><\/p>\n<ul>\n<li><span style=\"color: #2acec2;\"><strong><a style=\"color: #2acec2;\" href=\"https:\/\/myvize.com.tr\/meksika\/form-ve-dilekce\/meksika-vize-basvuru-formu\/\" target=\"_blank\" rel=\"noopener\"><span style=\"font-family: Roboto; font-size: 14px;\">Meksika Vize Ba\u015fvuru formu<\/span><\/a><\/strong><\/span><\/li>\n<li><span style=\"font-family: Roboto; font-size: 14px;\">Pasaport fotokopisi<\/span><\/li>\n<li><span style=\"font-family: Roboto; font-size: 14px;\">Kimlik bilgileri<\/span><\/li>\n<li><span style=\"font-family: Roboto; font-size: 14px;\">Ki\u015finin medeni hali nokta oturum izni varsa e\u011fer oturum iznini g\u00f6sterir olan belge<\/span><\/li>\n<\/ul>\n<p><span style=\"font-family: Roboto; font-size: 14px;\">Meksika&#8217;da herhangi bir sekt\u00f6rde i\u015f bulan vatanda\u015flar ilk giri\u015f i\u00e7in 30 g\u00fcnl\u00fck serbest hakka sahip olurlar. Bu s\u00fcre i\u00e7erisinde de i\u015f bulduklar\u0131 firmadan resmi olarak ispat edilecek bir belge ile konsoloslu\u011fa ba\u015fvuruda bulunarak <strong>\u00e7al\u0131\u015fma izni<\/strong> i\u00e7in ilk resmi ad\u0131m\u0131 atabilirler. <strong>Meksika&#8217;da ikamet<\/strong> edilen s\u00fcre boyunca e\u011fer vatanda\u015flar burada masraflar\u0131n\u0131 kar\u015f\u0131layabilecekleri bir kaynak g\u00f6sterirlerse bu durumda gerekli izni almalar\u0131 daha da kolayla\u015facakt\u0131r. E\u011fer vatanda\u015flar\u0131n ba\u015fvuru a\u015famas\u0131nda en az 1 y\u0131l ge\u00e7erli pasaportlar\u0131 da bulunuyorsa bu durumda ba\u015fvuruyu olumlu olarak sonu\u00e7land\u0131rmaya yeterli olabilir.<\/span><\/p>\n<h2><span style=\"font-family: Roboto; font-size: 27px;\"><strong>Meksika \u00c7al\u0131\u015fma \u0130zni 2022<\/strong><\/span><\/h2>\n<p><span style=\"font-family: Roboto; font-size: 14px;\">Meksika\u2019dan <strong>\u00e7al\u0131\u015fma izni<\/strong> alabilme i\u00e7in \u00f6ncelikle oturma izni almak gerekmekte. \u00c7al\u0131\u015fma olarak e\u011fer yat\u0131r\u0131mc\u0131l\u0131k ile \u00fclkeye girmek istiyorsan\u0131z \u00f6nce yat\u0131r\u0131mc\u0131 vizesi almak gerekmektedir. Konsolosluk kayna\u011f\u0131na g\u00f6re direkt <strong>\u00e7al\u0131\u015fma izni<\/strong> almak s\u00f6z konusu de\u011fil. Meksika\u2019ya giri\u015f yapmak ya da herhangi bir \u015fekilde bulunma i\u00e7in hi\u00e7bir \u015fart aramayan 67 \u00fclke ve V\u0130P vatanda\u015f vard\u0131r. Meksika\u2019ya giri\u015f yapmay\u0131 isteyen vatanda\u015f\u0131n baz\u0131 \u00fclkeden <span style=\"color: #2acec2;\"><strong><a style=\"color: #2acec2;\" href=\"https:\/\/myvize.com.tr\/meksika\/oturum-2\/meksika-oturum-izni\/\" target=\"_blank\" rel=\"noopener\">Meksika oturum izni<\/a><\/strong><\/span> ya da vatanda\u015fl\u0131\u011f\u0131 varsa bu i\u015flemde muaf tutulur ve Meksika\u2019da \u00e7al\u0131\u015fma izni sahip olabilir. Bu vatanda\u015fl\u0131ktan birisi Kanada vatanda\u015fl\u0131\u011f\u0131. Kanada vatanda\u015fl\u0131\u011f\u0131 bir\u00e7ok \u00fclkeler i\u00e7in ayn\u0131 olana\u011f\u0131n kap\u0131s\u0131n\u0131 a\u00e7an olduk\u00e7a avantaj bir vatanda\u015fl\u0131kt\u0131r. Bunun d\u0131\u015f\u0131nda, Schengen vize, <strong>Amerika Birle\u015fik Devletleri vizesi<\/strong> ve <strong>Japonya vize<\/strong> de olduk\u00e7a i\u015fe yaramaktad\u0131r. Bu gibi durumda Meksika \u00e7al\u0131\u015fma iznine sahip olmaya gerek kalmaz. Meksika\u2019ya girme i\u00e7in vizeye ihtiya\u00e7 duyan ki\u015finin baz\u0131 \u00fclkede yerle\u015fik ikamet belgelerine sahip olmas\u0131 durumunda Meksika \u00e7al\u0131\u015fma izni i\u015flemi a\u00e7\u0131s\u0131ndan muaft\u0131r. Oturum izni olmas\u0131 gerekli \u00fclkeden di\u011feri \u015eili, Peru, Birle\u015fik Krall\u0131k, Amerika Birle\u015fik Devleti, Kolombiya,<strong> Schengen <\/strong>B\u00f6lgesi olu\u015fturan \u00fclkeden herhangi biri ya da Japonya\u2019d\u0131r. T\u00fcrkiye, Rusya ile Ukrayna vatanda\u015fl\u0131\u011fa sahip ki\u015fi ise <strong>Konsolosluk vizesi<\/strong> ihtiya\u00e7 duymadan 1 ayl\u0131k ve tek seferlik olmak \u015fart\u0131yla vize arac\u0131l\u0131\u011f\u0131 ile tatil i\u00e7in seyahat ger\u00e7ekle\u015ftirilir. 1 ayl\u0131k vize s\u00fcreleri hen\u00fcz bitmeden ba\u015fvuru yaparak 6 ayl\u0131k vize de almas\u0131 m\u00fcmk\u00fcnd\u00fcr. Bu durum Meksika\u2019ya hava yolu ile giri\u015f yapan ki\u015fi i\u00e7in ge\u00e7erli. Kara yolu ve deniz yoluyla yap\u0131lan ge\u00e7i\u015f de ge\u00e7erli olmaz.<\/span><\/p>\n<p><span style=\"font-family: Roboto; font-size: 14px;\"><span style=\"color: #2acec2;\"><strong><a style=\"color: #2acec2;\" href=\"https:\/\/myvize.com.tr\/meksika\/form-ve-dilekce\/meksika-vize-basvuru-formu\/\" target=\"_blank\" rel=\"noopener\">Meksika Vize Ba\u015fvuru Formu<\/a><\/strong><\/span> ile ilgili bilgi almak i\u00e7in bizi aray\u0131n\u0131z.<\/span><\/p>\n<h2><span style=\"font-family: Roboto; font-size: 27px;\"><strong>Meksika \u00c7al\u0131\u015fma \u0130zni Vizesi<\/strong><\/span><\/h2>\n<p><span style=\"font-family: Roboto; font-size: 14px;\">Meksika\u2019dan <strong>\u00e7al\u0131\u015fma izni<\/strong> alabilme i\u00e7in \u00f6ncelikle oturma izni almak gerekmekte. \u00c7al\u0131\u015fma olarak e\u011fer yat\u0131r\u0131mc\u0131l\u0131k ile \u00fclkeye girmek istiyorsan\u0131z \u00f6nce yat\u0131r\u0131mc\u0131 vizesi almak gerekmektedir. Konsolosluk kayna\u011f\u0131na g\u00f6re direkt \u00e7al\u0131\u015fma izini almak s\u00f6z konusu de\u011fil. Meksika\u2019ya giri\u015f yapmak ya da herhangi bir \u015fekilde bulunma i\u00e7in hi\u00e7bir \u015fart aramayan 67 \u00fclke ve V\u0130P vatanda\u015f vard\u0131r. Meksika\u2019ya giri\u015f yapmay\u0131 isteyen vatanda\u015f\u0131n baz\u0131 \u00fclkeden<strong> Meksika oturum izni<\/strong> ya da vatanda\u015fl\u0131\u011f\u0131 varsa bu i\u015flemde muaf tutulur ve Meksika\u2019da \u00e7al\u0131\u015fma izni sahip olabilir. Bu vatanda\u015fl\u0131ktan birisi Kanada vatanda\u015fl\u0131\u011f\u0131. Kanada vatanda\u015fl\u0131\u011f\u0131 bir\u00e7ok \u00fclkeler i\u00e7in ayn\u0131 olana\u011f\u0131n kap\u0131s\u0131n\u0131 a\u00e7an olduk\u00e7a avantaj bir vatanda\u015fl\u0131kt\u0131r. Bunun d\u0131\u015f\u0131nda, <strong>Schengen vize<\/strong>, Amerika Birle\u015fik Devletleri vizesi ve Japonya vize de olduk\u00e7a i\u015fe yaramaktad\u0131r. Bu gibi durumda Meksika \u00e7al\u0131\u015fma iznine sahip olmaya gerek kalmaz. Meksika\u2019ya girme i\u00e7in vizeye ihtiya\u00e7 duyan ki\u015finin baz\u0131 \u00fclkede yerle\u015fik ikamet belgelerine sahip olmas\u0131 durumunda Meksika \u00e7al\u0131\u015fma izni i\u015flemi a\u00e7\u0131s\u0131ndan muaft\u0131r. <strong>Oturum izni<\/strong> olmas\u0131 gerekli \u00fclkeden di\u011feri \u015eili, Peru, Birle\u015fik Krall\u0131k, Amerika Birle\u015fik Devleti, Kolombiya, <strong>Schengen B\u00f6lgesi<\/strong> olu\u015fturan \u00fclkeden herhangi biri ya da Japonya\u2019d\u0131r. T\u00fcrkiye, Rusya ile Ukrayna vatanda\u015fl\u0131\u011fa sahip ki\u015fi ise Konsolosluk vizesi ihtiya\u00e7 duymadan 1 ayl\u0131k ve tek seferlik olmak \u015fart\u0131yla vize arac\u0131l\u0131\u011f\u0131 ile tatil i\u00e7in seyahat ger\u00e7ekle\u015ftirilir. 1 ayl\u0131k vize s\u00fcreleri hen\u00fcz bitmeden ba\u015fvuru yaparak 6 ayl\u0131k vize de almas\u0131 m\u00fcmk\u00fcnd\u00fcr. Bu durum Meksika\u2019ya hava yolu ile giri\u015f yapan ki\u015fi i\u00e7in ge\u00e7erli. Kara yolu ve deniz yoluyla yap\u0131lan ge\u00e7i\u015f de ge\u00e7erli olmaz.<\/span><\/p>\n","protected":false},"excerpt":{"rendered":"<p>Meksika \u00c7al\u0131\u015fma \u0130zni Hakk\u0131nda Meksika \u00e7al\u0131\u015fma izni ba\u015fvuru yapacak insanlar, \u00f6ncelikle Meksika oturum izni ba\u015fvurusunda bulunmal\u0131d\u0131r. Meksika\u2019ya yat\u0131r\u0131mc\u0131 olarak giri\u015f yap\u0131lacaksa e\u011fer Meksika yat\u0131r\u0131mc\u0131 vizesi al\u0131nmal\u0131d\u0131r. Fakat direkt olarak Meksika \u00e7al\u0131\u015fma izni ba\u015fvuru yap\u0131lamaz ve izin al\u0131namaz. Meksika \u00e7al\u0131\u015fma izni alabilmek i\u00e7in Meksika s\u0131n\u0131rlar\u0131na giri\u015f yap\u0131ld\u0131ktan sonra Meksika \u00e7al\u0131\u015fma izni ba\u015fvuru formu eksiksiz ve do\u011fru<\/p>\n","protected":false},"author":1,"featured_media":0,"parent":18,"menu_order":0,"comment_status":"closed","ping_status":"closed","template":"","meta":{"footnotes":""},"class_list":["post-43","page","type-page","status-publish","hentry"],"yoast_head":"<!-- This site is optimized with the Yoast SEO plugin v24.0 - https:\/\/yoast.com\/wordpress\/plugins\/seo\/ -->\n<title>Meksika \u00c7al\u0131\u015fma \u0130zni - Meksika Vizesi - MyVize<\/title>\n<meta name=\"description\" content=\"Meksika \u00e7al\u0131\u015fma izni vizesi i\u00e7in gerekli g\u00fcncel evrak listesi. Meksika \u00e7al\u0131\u015fma izni vizesi ba\u015fvurusunda dikkat edilmesi gereken \u015fartlar.\" \/>\n<meta name=\"robots\" content=\"index, follow, max-snippet:-1, max-image-preview:large, max-video-preview:-1\" \/>\n<link rel=\"canonical\" href=\"https:\/\/myvize.com.tr\/meksika\/vize-islemleri\/meksika-calisma-izni\/\" \/>\n<meta property=\"og:locale\" content=\"tr_TR\" \/>\n<meta property=\"og:type\" content=\"article\" \/>\n<meta property=\"og:title\" content=\"Meksika \u00c7al\u0131\u015fma \u0130zni - Meksika Vizesi - MyVize\" \/>\n<meta property=\"og:description\" content=\"Meksika \u00e7al\u0131\u015fma izni vizesi i\u00e7in gerekli g\u00fcncel evrak listesi. Meksika \u00e7al\u0131\u015fma izni vizesi ba\u015fvurusunda dikkat edilmesi gereken \u015fartlar.\" \/>\n<meta property=\"og:url\" content=\"https:\/\/myvize.com.tr\/meksika\/vize-islemleri\/meksika-calisma-izni\/\" \/>\n<meta property=\"og:site_name\" content=\"Meksika Vizesi\" \/>\n<meta property=\"article:modified_time\" content=\"2022-05-12T12:27:24+00:00\" \/>\n<meta property=\"og:image\" content=\"https:\/\/myvize.com.tr\/meksika\/wp-content\/uploads\/2021\/10\/12.jpg\" \/>\n<meta name=\"twitter:card\" content=\"summary_large_image\" \/>\n<meta name=\"twitter:label1\" content=\"Tahmini okuma s\u00fcresi\" \/>\n\t<meta name=\"twitter:data1\" content=\"4 dakika\" \/>\n<script type=\"application\/ld+json\" class=\"yoast-schema-graph\">{\"@context\":\"https:\/\/schema.org\",\"@graph\":[{\"@type\":\"WebPage\",\"@id\":\"https:\/\/myvize.com.tr\/meksika\/vize-islemleri\/meksika-calisma-izni\/\",\"url\":\"https:\/\/myvize.com.tr\/meksika\/vize-islemleri\/meksika-calisma-izni\/\",\"name\":\"Meksika \u00c7al\u0131\u015fma \u0130zni - Meksika Vizesi - MyVize\",\"isPartOf\":{\"@id\":\"https:\/\/myvize.com.tr\/meksika\/#website\"},\"primaryImageOfPage\":{\"@id\":\"https:\/\/myvize.com.tr\/meksika\/vize-islemleri\/meksika-calisma-izni\/#primaryimage\"},\"image\":{\"@id\":\"https:\/\/myvize.com.tr\/meksika\/vize-islemleri\/meksika-calisma-izni\/#primaryimage\"},\"thumbnailUrl\":\"https:\/\/myvize.com.tr\/meksika\/wp-content\/uploads\/2021\/10\/12.jpg\",\"datePublished\":\"2020-11-30T09:47:27+00:00\",\"dateModified\":\"2022-05-12T12:27:24+00:00\",\"description\":\"Meksika \u00e7al\u0131\u015fma izni vizesi i\u00e7in gerekli g\u00fcncel evrak listesi. Meksika \u00e7al\u0131\u015fma izni vizesi ba\u015fvurusunda dikkat edilmesi gereken \u015fartlar.\",\"breadcrumb\":{\"@id\":\"https:\/\/myvize.com.tr\/meksika\/vize-islemleri\/meksika-calisma-izni\/#breadcrumb\"},\"inLanguage\":\"tr\",\"potentialAction\":[{\"@type\":\"ReadAction\",\"target\":[\"https:\/\/myvize.com.tr\/meksika\/vize-islemleri\/meksika-calisma-izni\/\"]}]},{\"@type\":\"ImageObject\",\"inLanguage\":\"tr\",\"@id\":\"https:\/\/myvize.com.tr\/meksika\/vize-islemleri\/meksika-calisma-izni\/#primaryimage\",\"url\":\"https:\/\/myvize.com.tr\/meksika\/wp-content\/uploads\/2021\/10\/12.jpg\",\"contentUrl\":\"https:\/\/myvize.com.tr\/meksika\/wp-content\/uploads\/2021\/10\/12.jpg\",\"width\":800,\"height\":500,\"caption\":\"Meksika \u00c7al\u0131\u015fma \u0130zni\"},{\"@type\":\"BreadcrumbList\",\"@id\":\"https:\/\/myvize.com.tr\/meksika\/vize-islemleri\/meksika-calisma-izni\/#breadcrumb\",\"itemListElement\":[{\"@type\":\"ListItem\",\"position\":1,\"name\":\"Anasayfa\",\"item\":\"https:\/\/myvize.com.tr\/meksika\/\"},{\"@type\":\"ListItem\",\"position\":2,\"name\":\"V\u0130ZE \u0130\u015eLEMLER\u0130\",\"item\":\"https:\/\/myvize.com.tr\/meksika\/vize-islemleri\/\"},{\"@type\":\"ListItem\",\"position\":3,\"name\":\"Meksika \u00c7al\u0131\u015fma \u0130zni\"}]},{\"@type\":\"WebSite\",\"@id\":\"https:\/\/myvize.com.tr\/meksika\/#website\",\"url\":\"https:\/\/myvize.com.tr\/meksika\/\",\"name\":\"Meksika Vizesi\",\"description\":\"\",\"potentialAction\":[{\"@type\":\"SearchAction\",\"target\":{\"@type\":\"EntryPoint\",\"urlTemplate\":\"https:\/\/myvize.com.tr\/meksika\/?s={search_term_string}\"},\"query-input\":{\"@type\":\"PropertyValueSpecification\",\"valueRequired\":true,\"valueName\":\"search_term_string\"}}],\"inLanguage\":\"tr\"}]}<\/script>\n<!-- \/ Yoast SEO plugin. -->","yoast_head_json":{"title":"Meksika \u00c7al\u0131\u015fma \u0130zni - Meksika Vizesi - MyVize","description":"Meksika \u00e7al\u0131\u015fma izni vizesi i\u00e7in gerekli g\u00fcncel evrak listesi. Meksika \u00e7al\u0131\u015fma izni vizesi ba\u015fvurusunda dikkat edilmesi gereken \u015fartlar.","robots":{"index":"index","follow":"follow","max-snippet":"max-snippet:-1","max-image-preview":"max-image-preview:large","max-video-preview":"max-video-preview:-1"},"canonical":"https:\/\/myvize.com.tr\/meksika\/vize-islemleri\/meksika-calisma-izni\/","og_locale":"tr_TR","og_type":"article","og_title":"Meksika \u00c7al\u0131\u015fma \u0130zni - Meksika Vizesi - MyVize","og_description":"Meksika \u00e7al\u0131\u015fma izni vizesi i\u00e7in gerekli g\u00fcncel evrak listesi. Meksika \u00e7al\u0131\u015fma izni vizesi ba\u015fvurusunda dikkat edilmesi gereken \u015fartlar.","og_url":"https:\/\/myvize.com.tr\/meksika\/vize-islemleri\/meksika-calisma-izni\/","og_site_name":"Meksika Vizesi","article_modified_time":"2022-05-12T12:27:24+00:00","og_image":[{"url":"https:\/\/myvize.com.tr\/meksika\/wp-content\/uploads\/2021\/10\/12.jpg","type":"","width":"","height":""}],"twitter_card":"summary_large_image","twitter_misc":{"Tahmini okuma s\u00fcresi":"4 dakika"},"schema":{"@context":"https:\/\/schema.org","@graph":[{"@type":"WebPage","@id":"https:\/\/myvize.com.tr\/meksika\/vize-islemleri\/meksika-calisma-izni\/","url":"https:\/\/myvize.com.tr\/meksika\/vize-islemleri\/meksika-calisma-izni\/","name":"Meksika \u00c7al\u0131\u015fma \u0130zni - Meksika Vizesi - MyVize","isPartOf":{"@id":"https:\/\/myvize.com.tr\/meksika\/#website"},"primaryImageOfPage":{"@id":"https:\/\/myvize.com.tr\/meksika\/vize-islemleri\/meksika-calisma-izni\/#primaryimage"},"image":{"@id":"https:\/\/myvize.com.tr\/meksika\/vize-islemleri\/meksika-calisma-izni\/#primaryimage"},"thumbnailUrl":"https:\/\/myvize.com.tr\/meksika\/wp-content\/uploads\/2021\/10\/12.jpg","datePublished":"2020-11-30T09:47:27+00:00","dateModified":"2022-05-12T12:27:24+00:00","description":"Meksika \u00e7al\u0131\u015fma izni vizesi i\u00e7in gerekli g\u00fcncel evrak listesi. Meksika \u00e7al\u0131\u015fma izni vizesi ba\u015fvurusunda dikkat edilmesi gereken \u015fartlar.","breadcrumb":{"@id":"https:\/\/myvize.com.tr\/meksika\/vize-islemleri\/meksika-calisma-izni\/#breadcrumb"},"inLanguage":"tr","potentialAction":[{"@type":"ReadAction","target":["https:\/\/myvize.com.tr\/meksika\/vize-islemleri\/meksika-calisma-izni\/"]}]},{"@type":"ImageObject","inLanguage":"tr","@id":"https:\/\/myvize.com.tr\/meksika\/vize-islemleri\/meksika-calisma-izni\/#primaryimage","url":"https:\/\/myvize.com.tr\/meksika\/wp-content\/uploads\/2021\/10\/12.jpg","contentUrl":"https:\/\/myvize.com.tr\/meksika\/wp-content\/uploads\/2021\/10\/12.jpg","width":800,"height":500,"caption":"Meksika \u00c7al\u0131\u015fma \u0130zni"},{"@type":"BreadcrumbList","@id":"https:\/\/myvize.com.tr\/meksika\/vize-islemleri\/meksika-calisma-izni\/#breadcrumb","itemListElement":[{"@type":"ListItem","position":1,"name":"Anasayfa","item":"https:\/\/myvize.com.tr\/meksika\/"},{"@type":"ListItem","position":2,"name":"V\u0130ZE \u0130\u015eLEMLER\u0130","item":"https:\/\/myvize.com.tr\/meksika\/vize-islemleri\/"},{"@type":"ListItem","position":3,"name":"Meksika \u00c7al\u0131\u015fma \u0130zni"}]},{"@type":"WebSite","@id":"https:\/\/myvize.com.tr\/meksika\/#website","url":"https:\/\/myvize.com.tr\/meksika\/","name":"Meksika Vizesi","description":"","potentialAction":[{"@type":"SearchAction","target":{"@type":"EntryPoint","urlTemplate":"https:\/\/myvize.com.tr\/meksika\/?s={search_term_string}"},"query-input":{"@type":"PropertyValueSpecification","valueRequired":true,"valueName":"search_term_string"}}],"inLanguage":"tr"}]}},"_links":{"self":[{"href":"https:\/\/myvize.com.tr\/meksika\/wp-json\/wp\/v2\/pages\/43","targetHints":{"allow":["GET"]}}],"collection":[{"href":"https:\/\/myvize.com.tr\/meksika\/wp-json\/wp\/v2\/pages"}],"about":[{"href":"https:\/\/myvize.com.tr\/meksika\/wp-json\/wp\/v2\/types\/page"}],"author":[{"embeddable":true,"href":"https:\/\/myvize.com.tr\/meksika\/wp-json\/wp\/v2\/users\/1"}],"replies":[{"embeddable":true,"href":"https:\/\/myvize.com.tr\/meksika\/wp-json\/wp\/v2\/comments?post=43"}],"version-history":[{"count":11,"href":"https:\/\/myvize.com.tr\/meksika\/wp-json\/wp\/v2\/pages\/43\/revisions"}],"predecessor-version":[{"id":846,"href":"https:\/\/myvize.com.tr\/meksika\/wp-json\/wp\/v2\/pages\/43\/revisions\/846"}],"up":[{"embeddable":true,"href":"https:\/\/myvize.com.tr\/meksika\/wp-json\/wp\/v2\/pages\/18"}],"wp:attachment":[{"href":"https:\/\/myvize.com.tr\/meksika\/wp-json\/wp\/v2\/media?parent=43"}],"curies":[{"name":"wp","href":"https:\/\/api.w.org\/{rel}","templated":true}]}}