{"id":37,"date":"2020-11-30T12:45:46","date_gmt":"2020-11-30T09:45:46","guid":{"rendered":"http:\/\/myvize.com.tr\/meksika\/?page_id=37"},"modified":"2022-05-12T15:18:51","modified_gmt":"2022-05-12T12:18:51","slug":"meksika-aile-birlesimi-vizesi","status":"publish","type":"page","link":"https:\/\/myvize.com.tr\/meksika\/vize-islemleri\/meksika-aile-birlesimi-vizesi\/","title":{"rendered":"Meksika Aile Birle\u015fimi Vizesi"},"content":{"rendered":"<h2><strong><span style=\"font-family: Roboto; font-size: 27px;\">Meksika Aile Birle\u015fimi Vizesi Hakk\u0131nda<\/span><\/strong><\/h2>\n<p><span style=\"font-family: Roboto; font-size: 14px;\">T\u00fcrkiye vatanda\u015f\u0131, Meksika\u2019da ya\u015fam s\u00fcren veya Meksika\u2019da oturum izni olan biriyle evlenerek, aile b\u00fct\u00fcnl\u00fc\u011f\u00fcn\u00fc s\u00fcrd\u00fcrmek i\u00e7in Meksika aile birle\u015fimi vizesine ihtiya\u00e7 duyar.<strong> Meksika aile birle\u015fimi<\/strong> vizesini alabilmek i\u00e7in ilk \u00f6nce Meksika konsoloslu\u011funca talep edilen bir<strong><span style=\"color: #2acec2;\"><a style=\"color: #2acec2;\" href=\"https:\/\/myvize.com.tr\/meksika\/vize-islemleri\/meksika-vizesi\/\" target=\"_blank\" rel=\"noopener\"> Meksika vizesi<\/a><\/span> ba\u015fvuru formu<\/strong> doldurulur. Noksans\u0131z ve do\u011fru bir \u015fekilde haz\u0131rlanan ba\u015fvuru formu \u0130ngilizce veya \u0130spanyolca olacak \u015fekilde doldurulduktan sonra ilgili ki\u015fi taraf\u0131ndan imzalanmal\u0131 ve di\u011fer belgelerle beraber <strong>Meksika konsoloslu\u011funa<\/strong> teslim edilmelidir. Eksiksiz ve ger\u00e7e\u011fe uygun bir \u015fekilde yap\u0131lan ba\u015fvurularda herhangi bir sorun ya\u015fanmamakla beraber ba\u015fvuru sonu\u00e7lar\u0131, yakla\u015f\u0131k 30 g\u00fcn gibi bir s\u00fcre sonra a\u00e7\u0131klanabilir. Ancak evraklar yanl\u0131\u015f haz\u0131rlanm\u0131\u015fsa ya da ek belgeler istenirse, ba\u015fvuru s\u00fcreci biraz daha uzayabilir.<\/span><\/p>\n<p><span style=\"font-family: Roboto; font-size: 14px;\"><strong>Meksika konsoloslu\u011fu<\/strong> taraf\u0131ndan aile birle\u015fimi vizesi i\u00e7in istenilen evraklardan baz\u0131lar\u0131 \u015f\u00f6yledir: Son 3 ayda i\u00e7erisinde \u00e7ekilmi\u015f biyometrik foto\u011fraf, Uluslararas\u0131 evlenme kayd\u0131 \u00f6rne\u011fi, 2 adet bo\u015f sayfas\u0131 bulunan bir pasaport, tam vukuatl\u0131 n\u00fcfus kay\u0131t \u00f6rne\u011fi, kimlik fotokopileri, 18 ya\u015f\u0131ndan k\u00fc\u00e7\u00fck ki\u015filer i\u00e7in anne babadan onayl\u0131 muvafakat ve Meksika\u2019daki e\u015fin daha \u00f6nceden T\u00fcr vatanda\u015fl\u0131\u011f\u0131 yoksa g\u00fcncelli\u011fi olan bir do\u011fum belgesi istenmektedir.<\/span><\/p>\n<p><img decoding=\"async\" src=\"https:\/\/myvize.com.tr\/meksika\/wp-content\/uploads\/2021\/10\/15.jpg\" \/><\/p>\n<h2><span style=\"font-family: Roboto; font-size: 27px;\"><strong>Meksika Aile Birle\u015fimi Vizesi Hakk\u0131nda Bilgi<\/strong><\/span><\/h2>\n<p><span style=\"font-family: Roboto; font-size: 14px;\"><strong>Meksika aile birle\u015fimi vizesi\u00a0<\/strong>almak isteyen vatanda\u015flar\u0131n \u00f6ncelikle ge\u00e7erli bir pasaporta sahip olmalar\u0131 gerekir. Pasaportlar\u0131nda en az 6 ayl\u0131k ge\u00e7erli bir s\u00fcre bulunan vatanda\u015flar aile birle\u015fimi i\u00e7in gerekli olacak evraklar haz\u0131rlamaya ba\u015flayabilir. Bir T\u00fcrk ile bir<strong> Meksika vatanda\u015f\u0131<\/strong> evlenmek isterse <strong>Meksika aile birle\u015fimi vizesi<\/strong> bu durumda ge\u00e7erlilik kazan\u0131r. <strong>Meksika Aile birle\u015fim vizesi<\/strong> ba\u015fvurusunda bulunacak olan ki\u015finin \u00fclkenin gerektirdi\u011fi \u015fartlar\u0131 yerine getirmesi gerekir. <strong>Meksika aile birle\u015fimi<\/strong> vizesine ba\u015fvuracak olan ki\u015filerin aileyi ge\u00e7indirebilecek durumda oldu\u011funu yetkililere kan\u0131tlamas\u0131 do\u011frultusunda aile birle\u015fimi vizesi alma olas\u0131l\u0131klar\u0131 da artar.<\/span><\/p>\n<p><span style=\"font-family: Roboto; font-size: 14px;\"><strong>Meksika aile vizesi<\/strong> ba\u015fvurusu esnas\u0131nda vatanda\u015flar\u0131n haz\u0131rlamas\u0131 gereken evraklar \u015fu \u015fekildedir;<\/span><\/p>\n<ul>\n<li><span style=\"font-family: Roboto; font-size: 14px;\">3 ay i\u00e7erisinde \u00e7ekilen g\u00fcncel biyometrik foto\u011fraf<\/span><\/li>\n<li><span style=\"font-family: Roboto; font-size: 14px;\">Alt\u0131 ay ge\u00e7erlili\u011fi bulunan pasaport<\/span><\/li>\n<li><span style=\"font-family: Roboto; font-size: 14px;\">Kimlik belgesinin fotokopisi<\/span><\/li>\n<li><span style=\"font-family: Roboto; font-size: 14px;\">Ge\u00e7erlili\u011fi bulunan evlenme kay\u0131t belgesi<\/span><\/li>\n<li><span style=\"font-family: Roboto; font-size: 14px;\">Meksika&#8217;da ikamet eden vatanda\u015fa ait kimlik belgesi ve pasaportu ayr\u0131ca da fotokopisi<\/span><\/li>\n<\/ul>\n<p><span style=\"font-family: Roboto; font-size: 14px;\">Gerekli evraklar\u0131n haz\u0131rlanmas\u0131 halinde vatanda\u015flar <strong>Meksika aile birle\u015fimi vizesi<\/strong> i\u00e7in gerekli ba\u015fvuruda bulunabilirler. Aile birle\u015fimi vizesi<strong> Meksika Konsoloslu\u011fu<\/strong> taraf\u0131ndan de\u011ferlendirmeye al\u0131n\u0131r. Konsolosluk sonucunda de\u011ferlendirmeden olumlu netice alan vatanda\u015flar vize almaya hak kazan\u0131rlar ve Meksika\u2019da aile birle\u015fimi hakk\u0131na da sahip olurlar.<\/span><\/p>\n<h2><strong><span style=\"font-family: Roboto; font-size: 27px;\">Meksika Aile Birle\u015fimi Vizesi Hakk\u0131nda 2022<\/span><\/strong><\/h2>\n<p><span style=\"font-family: Roboto; font-size: 14px;\">Meksika\u2019da aile \u00fcyeleri bulunan ve onlarla birlikte Meksika\u2019da ya\u015famak isteyen T\u00fcrk vatanda\u015f\u0131 pasaport tipi fark etmeksizin <strong>Meksika aile birle\u015fim vizesi<\/strong> almal\u0131d\u0131r. Meksika aile birle\u015fim i\u00e7in Meksika\u2019da bulunan aile \u00fcyenizin birinci derecede akraban\u0131z ya da e\u015finiz olmas\u0131 gerekmekte. Bunun yan\u0131nda Meksika\u2019da bulunan yak\u0131n\u0131n\u0131z Meksika vatanda\u015f\u0131 ya da <span style=\"color: #2acec2;\"><strong><a style=\"color: #2acec2;\" href=\"https:\/\/myvize.com.tr\/meksika\/oturum-2\/meksika-oturum-izni\/\" target=\"_blank\" rel=\"noopener\">Meksika oturum izni<\/a><\/strong><\/span> olmas\u0131 gerekmekte.<\/span><br \/>\n<span style=\"font-family: Roboto; font-size: 14px;\">Meksika aile birle\u015fim vizesi i\u00e7in ba\u015fvurusu ; Meksika\u2019n\u0131n <strong>Ankara B\u00fcy\u00fckel\u00e7ilik<\/strong> ya da T\u00fcrkiye\u2019de bulunan di\u011fer Meksika temsilcili\u011fine yap\u0131labilmekte. Meksika aile birle\u015fim vizesi ba\u015fvurusu i\u00e7in \u00f6ncelikle Meksika vizesi ba\u015fvuru form doldurulmal\u0131d\u0131r. Ard\u0131ndansa <strong>Meksika vizesi<\/strong> ba\u015fvuru i\u00e7in randevu al\u0131nmal\u0131d\u0131r. <span style=\"color: #2acec2;\"><strong><a style=\"color: #2acec2;\" href=\"https:\/\/myvize.com.tr\/meksika\/vize-islemleri\/meksika-vize-randevusu\/\" target=\"_blank\" rel=\"noopener\">Meksika vize randevusu<\/a><\/strong><\/span> tarihi kadar Meksika aile birle\u015fim ba\u015fvurusu i\u00e7in gerekli olan belge haz\u0131rlanmal\u0131d\u0131r. Randevu tarihine bu belge teslim edilmelidir.<\/span><br \/>\n<span style=\"font-family: Roboto; font-size: 14px;\">Meksika aile birle\u015fim ba\u015fvurusunda bulunacak olan ki\u015finin Meksika\u2019 da bulunan aile \u00fcyesinde davetiye almalar\u0131 gerekmektedir. Aile \u00fcyeleri sizi yan\u0131nda ya\u015famaya kabul etti\u011fi bir mektup yazmal\u0131d\u0131rlar. Meksika aile birle\u015fim vizesi alan ki\u015fi, Meksika\u2019 ya giri\u015f yapt\u0131ktan sonraki 30 g\u00fcn i\u00e7inde <strong>Meksika G\u00f6\u00e7 Ofise<\/strong> ba\u015fvuruda bulunarak, Meksika oturma kart\u0131 almal\u0131d\u0131r. <strong>Meksika aile birle\u015fim vizesi<\/strong> ba\u015fvurusu Meksika\u2019n\u0131n Ankara B\u00fcy\u00fckel\u00e7ili\u011fi\u2019ne veya<strong> \u0130stanbul Ba\u015fkonsoloslu\u011fa<\/strong> yap\u0131lmal\u0131d\u0131r. Ba\u015fvuru i\u00e7in \u00f6ncelikle vize ba\u015fvuru form doldurulmal\u0131, ard\u0131ndan vize ba\u015fvuru i\u00e7in randevu al\u0131nmal\u0131. Randevu tarihlerine kadar Meksika aile birle\u015fim i\u00e7in gerekli olan belge haz\u0131rlanmal\u0131 ve randevu tarihine teslim edilmelidir.<\/span><\/p>\n","protected":false},"excerpt":{"rendered":"<p>Meksika Aile Birle\u015fimi Vizesi Hakk\u0131nda T\u00fcrkiye vatanda\u015f\u0131, Meksika\u2019da ya\u015fam s\u00fcren veya Meksika\u2019da oturum izni olan biriyle evlenerek, aile b\u00fct\u00fcnl\u00fc\u011f\u00fcn\u00fc s\u00fcrd\u00fcrmek i\u00e7in Meksika aile birle\u015fimi vizesine ihtiya\u00e7 duyar. Meksika aile birle\u015fimi vizesini alabilmek i\u00e7in ilk \u00f6nce Meksika konsoloslu\u011funca talep edilen bir Meksika vizesi ba\u015fvuru formu doldurulur. Noksans\u0131z ve do\u011fru bir \u015fekilde haz\u0131rlanan ba\u015fvuru formu \u0130ngilizce veya<\/p>\n","protected":false},"author":1,"featured_media":0,"parent":18,"menu_order":0,"comment_status":"closed","ping_status":"closed","template":"","meta":{"footnotes":""},"class_list":["post-37","page","type-page","status-publish","hentry"],"yoast_head":"<!-- This site is optimized with the Yoast SEO plugin v24.0 - https:\/\/yoast.com\/wordpress\/plugins\/seo\/ -->\n<title>Meksika Aile Birle\u015fimi Vize - Meksika Vize - MyVize<\/title>\n<meta name=\"description\" content=\"Meksika aile birle\u015fimi vizesi i\u00e7in gerekli evraklar g\u00fcnceldir. Meksika aile birle\u015fimi vizesi i\u00e7in neler gerekli ve \u015fartlar\u0131 nelerdir?\" \/>\n<meta name=\"robots\" content=\"index, follow, max-snippet:-1, max-image-preview:large, max-video-preview:-1\" \/>\n<link rel=\"canonical\" href=\"https:\/\/myvize.com.tr\/meksika\/vize-islemleri\/meksika-aile-birlesimi-vizesi\/\" \/>\n<meta property=\"og:locale\" content=\"tr_TR\" \/>\n<meta property=\"og:type\" content=\"article\" \/>\n<meta property=\"og:title\" content=\"Meksika Aile Birle\u015fimi Vize - Meksika Vize - MyVize\" \/>\n<meta property=\"og:description\" content=\"Meksika aile birle\u015fimi vizesi i\u00e7in gerekli evraklar g\u00fcnceldir. Meksika aile birle\u015fimi vizesi i\u00e7in neler gerekli ve \u015fartlar\u0131 nelerdir?\" \/>\n<meta property=\"og:url\" content=\"https:\/\/myvize.com.tr\/meksika\/vize-islemleri\/meksika-aile-birlesimi-vizesi\/\" \/>\n<meta property=\"og:site_name\" content=\"Meksika Vizesi\" \/>\n<meta property=\"article:modified_time\" content=\"2022-05-12T12:18:51+00:00\" \/>\n<meta property=\"og:image\" content=\"https:\/\/myvize.com.tr\/meksika\/wp-content\/uploads\/2021\/10\/15.jpg\" \/>\n<meta name=\"twitter:card\" content=\"summary_large_image\" \/>\n<meta name=\"twitter:label1\" content=\"Tahmini okuma s\u00fcresi\" \/>\n\t<meta name=\"twitter:data1\" content=\"3 dakika\" \/>\n<script type=\"application\/ld+json\" class=\"yoast-schema-graph\">{\"@context\":\"https:\/\/schema.org\",\"@graph\":[{\"@type\":\"WebPage\",\"@id\":\"https:\/\/myvize.com.tr\/meksika\/vize-islemleri\/meksika-aile-birlesimi-vizesi\/\",\"url\":\"https:\/\/myvize.com.tr\/meksika\/vize-islemleri\/meksika-aile-birlesimi-vizesi\/\",\"name\":\"Meksika Aile Birle\u015fimi Vize - Meksika Vize - MyVize\",\"isPartOf\":{\"@id\":\"https:\/\/myvize.com.tr\/meksika\/#website\"},\"primaryImageOfPage\":{\"@id\":\"https:\/\/myvize.com.tr\/meksika\/vize-islemleri\/meksika-aile-birlesimi-vizesi\/#primaryimage\"},\"image\":{\"@id\":\"https:\/\/myvize.com.tr\/meksika\/vize-islemleri\/meksika-aile-birlesimi-vizesi\/#primaryimage\"},\"thumbnailUrl\":\"https:\/\/myvize.com.tr\/meksika\/wp-content\/uploads\/2021\/10\/15.jpg\",\"datePublished\":\"2020-11-30T09:45:46+00:00\",\"dateModified\":\"2022-05-12T12:18:51+00:00\",\"description\":\"Meksika aile birle\u015fimi vizesi i\u00e7in gerekli evraklar g\u00fcnceldir. Meksika aile birle\u015fimi vizesi i\u00e7in neler gerekli ve \u015fartlar\u0131 nelerdir?\",\"breadcrumb\":{\"@id\":\"https:\/\/myvize.com.tr\/meksika\/vize-islemleri\/meksika-aile-birlesimi-vizesi\/#breadcrumb\"},\"inLanguage\":\"tr\",\"potentialAction\":[{\"@type\":\"ReadAction\",\"target\":[\"https:\/\/myvize.com.tr\/meksika\/vize-islemleri\/meksika-aile-birlesimi-vizesi\/\"]}]},{\"@type\":\"ImageObject\",\"inLanguage\":\"tr\",\"@id\":\"https:\/\/myvize.com.tr\/meksika\/vize-islemleri\/meksika-aile-birlesimi-vizesi\/#primaryimage\",\"url\":\"https:\/\/myvize.com.tr\/meksika\/wp-content\/uploads\/2021\/10\/15.jpg\",\"contentUrl\":\"https:\/\/myvize.com.tr\/meksika\/wp-content\/uploads\/2021\/10\/15.jpg\",\"width\":800,\"height\":500,\"caption\":\"Meksika Aile Birle\u015fimi Vizesi\"},{\"@type\":\"BreadcrumbList\",\"@id\":\"https:\/\/myvize.com.tr\/meksika\/vize-islemleri\/meksika-aile-birlesimi-vizesi\/#breadcrumb\",\"itemListElement\":[{\"@type\":\"ListItem\",\"position\":1,\"name\":\"Anasayfa\",\"item\":\"https:\/\/myvize.com.tr\/meksika\/\"},{\"@type\":\"ListItem\",\"position\":2,\"name\":\"V\u0130ZE \u0130\u015eLEMLER\u0130\",\"item\":\"https:\/\/myvize.com.tr\/meksika\/vize-islemleri\/\"},{\"@type\":\"ListItem\",\"position\":3,\"name\":\"Meksika Aile Birle\u015fimi Vizesi\"}]},{\"@type\":\"WebSite\",\"@id\":\"https:\/\/myvize.com.tr\/meksika\/#website\",\"url\":\"https:\/\/myvize.com.tr\/meksika\/\",\"name\":\"Meksika Vizesi\",\"description\":\"\",\"potentialAction\":[{\"@type\":\"SearchAction\",\"target\":{\"@type\":\"EntryPoint\",\"urlTemplate\":\"https:\/\/myvize.com.tr\/meksika\/?s={search_term_string}\"},\"query-input\":{\"@type\":\"PropertyValueSpecification\",\"valueRequired\":true,\"valueName\":\"search_term_string\"}}],\"inLanguage\":\"tr\"}]}<\/script>\n<!-- \/ Yoast SEO plugin. -->","yoast_head_json":{"title":"Meksika Aile Birle\u015fimi Vize - Meksika Vize - MyVize","description":"Meksika aile birle\u015fimi vizesi i\u00e7in gerekli evraklar g\u00fcnceldir. Meksika aile birle\u015fimi vizesi i\u00e7in neler gerekli ve \u015fartlar\u0131 nelerdir?","robots":{"index":"index","follow":"follow","max-snippet":"max-snippet:-1","max-image-preview":"max-image-preview:large","max-video-preview":"max-video-preview:-1"},"canonical":"https:\/\/myvize.com.tr\/meksika\/vize-islemleri\/meksika-aile-birlesimi-vizesi\/","og_locale":"tr_TR","og_type":"article","og_title":"Meksika Aile Birle\u015fimi Vize - Meksika Vize - MyVize","og_description":"Meksika aile birle\u015fimi vizesi i\u00e7in gerekli evraklar g\u00fcnceldir. Meksika aile birle\u015fimi vizesi i\u00e7in neler gerekli ve \u015fartlar\u0131 nelerdir?","og_url":"https:\/\/myvize.com.tr\/meksika\/vize-islemleri\/meksika-aile-birlesimi-vizesi\/","og_site_name":"Meksika Vizesi","article_modified_time":"2022-05-12T12:18:51+00:00","og_image":[{"url":"https:\/\/myvize.com.tr\/meksika\/wp-content\/uploads\/2021\/10\/15.jpg","type":"","width":"","height":""}],"twitter_card":"summary_large_image","twitter_misc":{"Tahmini okuma s\u00fcresi":"3 dakika"},"schema":{"@context":"https:\/\/schema.org","@graph":[{"@type":"WebPage","@id":"https:\/\/myvize.com.tr\/meksika\/vize-islemleri\/meksika-aile-birlesimi-vizesi\/","url":"https:\/\/myvize.com.tr\/meksika\/vize-islemleri\/meksika-aile-birlesimi-vizesi\/","name":"Meksika Aile Birle\u015fimi Vize - Meksika Vize - MyVize","isPartOf":{"@id":"https:\/\/myvize.com.tr\/meksika\/#website"},"primaryImageOfPage":{"@id":"https:\/\/myvize.com.tr\/meksika\/vize-islemleri\/meksika-aile-birlesimi-vizesi\/#primaryimage"},"image":{"@id":"https:\/\/myvize.com.tr\/meksika\/vize-islemleri\/meksika-aile-birlesimi-vizesi\/#primaryimage"},"thumbnailUrl":"https:\/\/myvize.com.tr\/meksika\/wp-content\/uploads\/2021\/10\/15.jpg","datePublished":"2020-11-30T09:45:46+00:00","dateModified":"2022-05-12T12:18:51+00:00","description":"Meksika aile birle\u015fimi vizesi i\u00e7in gerekli evraklar g\u00fcnceldir. Meksika aile birle\u015fimi vizesi i\u00e7in neler gerekli ve \u015fartlar\u0131 nelerdir?","breadcrumb":{"@id":"https:\/\/myvize.com.tr\/meksika\/vize-islemleri\/meksika-aile-birlesimi-vizesi\/#breadcrumb"},"inLanguage":"tr","potentialAction":[{"@type":"ReadAction","target":["https:\/\/myvize.com.tr\/meksika\/vize-islemleri\/meksika-aile-birlesimi-vizesi\/"]}]},{"@type":"ImageObject","inLanguage":"tr","@id":"https:\/\/myvize.com.tr\/meksika\/vize-islemleri\/meksika-aile-birlesimi-vizesi\/#primaryimage","url":"https:\/\/myvize.com.tr\/meksika\/wp-content\/uploads\/2021\/10\/15.jpg","contentUrl":"https:\/\/myvize.com.tr\/meksika\/wp-content\/uploads\/2021\/10\/15.jpg","width":800,"height":500,"caption":"Meksika Aile Birle\u015fimi Vizesi"},{"@type":"BreadcrumbList","@id":"https:\/\/myvize.com.tr\/meksika\/vize-islemleri\/meksika-aile-birlesimi-vizesi\/#breadcrumb","itemListElement":[{"@type":"ListItem","position":1,"name":"Anasayfa","item":"https:\/\/myvize.com.tr\/meksika\/"},{"@type":"ListItem","position":2,"name":"V\u0130ZE \u0130\u015eLEMLER\u0130","item":"https:\/\/myvize.com.tr\/meksika\/vize-islemleri\/"},{"@type":"ListItem","position":3,"name":"Meksika Aile Birle\u015fimi Vizesi"}]},{"@type":"WebSite","@id":"https:\/\/myvize.com.tr\/meksika\/#website","url":"https:\/\/myvize.com.tr\/meksika\/","name":"Meksika Vizesi","description":"","potentialAction":[{"@type":"SearchAction","target":{"@type":"EntryPoint","urlTemplate":"https:\/\/myvize.com.tr\/meksika\/?s={search_term_string}"},"query-input":{"@type":"PropertyValueSpecification","valueRequired":true,"valueName":"search_term_string"}}],"inLanguage":"tr"}]}},"_links":{"self":[{"href":"https:\/\/myvize.com.tr\/meksika\/wp-json\/wp\/v2\/pages\/37","targetHints":{"allow":["GET"]}}],"collection":[{"href":"https:\/\/myvize.com.tr\/meksika\/wp-json\/wp\/v2\/pages"}],"about":[{"href":"https:\/\/myvize.com.tr\/meksika\/wp-json\/wp\/v2\/types\/page"}],"author":[{"embeddable":true,"href":"https:\/\/myvize.com.tr\/meksika\/wp-json\/wp\/v2\/users\/1"}],"replies":[{"embeddable":true,"href":"https:\/\/myvize.com.tr\/meksika\/wp-json\/wp\/v2\/comments?post=37"}],"version-history":[{"count":10,"href":"https:\/\/myvize.com.tr\/meksika\/wp-json\/wp\/v2\/pages\/37\/revisions"}],"predecessor-version":[{"id":843,"href":"https:\/\/myvize.com.tr\/meksika\/wp-json\/wp\/v2\/pages\/37\/revisions\/843"}],"up":[{"embeddable":true,"href":"https:\/\/myvize.com.tr\/meksika\/wp-json\/wp\/v2\/pages\/18"}],"wp:attachment":[{"href":"https:\/\/myvize.com.tr\/meksika\/wp-json\/wp\/v2\/media?parent=37"}],"curies":[{"name":"wp","href":"https:\/\/api.w.org\/{rel}","templated":true}]}}