{"id":141,"date":"2021-01-15T16:03:15","date_gmt":"2021-01-15T13:03:15","guid":{"rendered":"http:\/\/myvize.com.tr\/meksika\/?page_id=141"},"modified":"2022-05-12T15:45:52","modified_gmt":"2022-05-12T12:45:52","slug":"vatandaslik","status":"publish","type":"page","link":"https:\/\/myvize.com.tr\/meksika\/vatandaslik\/","title":{"rendered":"VATANDA\u015eLIK"},"content":{"rendered":"<h2><strong><span style=\"font-family: Roboto; font-size: 27px;\">Meksika Vatanda\u015fl\u0131k\u00a0<\/span><\/strong><\/h2>\n<p><span style=\"font-family: Roboto; font-size: 14px;\">Son y\u0131llarda bir\u00e7ok ziyaret\u00e7i, daha d\u00fc\u015f\u00fck bir ya\u015fam maliyeti, g\u00fcvenli topluluklar ve daha iyi bir ya\u015fam kalitesi sebebiyle <strong>Meksika vatanda\u015fl\u0131k<\/strong> konusu ile ilgileniyor. Siz de<strong> Meksika vatanda\u015f\u0131<\/strong> olmak istiyorsan\u0131z bunun i\u00e7in talep edilen ko\u015fullar\u0131 sa\u011flaman\u0131z gerekiyor.<\/span><\/p>\n<p><span style=\"font-family: Roboto; font-size: 14px;\">Baz\u0131 insanlar Meksika&#8217;da ya\u015famay\u0131, yat\u0131r\u0131m yapmay\u0131, okumay\u0131, \u00e7al\u0131\u015fmay\u0131 ve emekli olmay\u0131 daha hesapl\u0131 buluyorlar. Bu nedenle de <strong>Meksika vatanda\u015fl\u0131k hakk\u0131<\/strong> elde etmek istiyorlar. Men\u015fe \u00fclkelerine d\u00f6nme niyeti olmayan yabanc\u0131lar i\u00e7in g\u00f6\u00e7menlik s\u00fcreci Vatanda\u015fl\u0131\u011fa Kabul Yoluyla Vatanda\u015fl\u0131kt\u0131r.\u00a0Meksika&#8217;da\u00a0yat\u0131r\u0131m, evlilik ve aile ba\u011flar\u0131n\u0131 kar\u015f\u0131layarak edinilebilecek\u00a0birka\u00e7\u00a0vatanda\u015fl\u0131\u011fa ge\u00e7me y\u00f6ntemi\u00a0vard\u0131r. Sizin i\u00e7in hangi y\u00f6ntemin do\u011fru oldu\u011funu tespit etmeniz \u00f6nemlidir.<span style=\"color: #2acec2;\"><strong><a style=\"color: #2acec2;\" href=\"https:\/\/myvize.com.tr\/meksika\/vize-islemleri\/meksika-vatandaslik-islemleri\/\" target=\"_blank\" rel=\"noopener\"> Meksika vatanda\u015fl\u0131k i\u015flemleri<\/a><\/strong><\/span> uzun bir s\u00fcre\u00e7 ve s\u00fcrekli de\u011fi\u015fen kurallar ve Meksika vatanda\u015fl\u0131\u011f\u0131 edinme y\u00fck\u00fcml\u00fcl\u00fcklerinden \u00f6t\u00fcr\u00fc bu konuda dan\u0131\u015fmanl\u0131k yapan bir firmadan yard\u0131m alman\u0131z \u00f6nemlidir. <strong>Meksika vatanda\u015fl\u0131k<\/strong> ba\u015fvurusunda bulunmak i\u00e7in zaten bu \u00fclkede daimi ikamet sahibi olman\u0131z gerekir.\u00a0Ya da Meksika\u2019da aileniz olmal\u0131d\u0131r.\u00a0Meksika&#8217;da vatanda\u015fl\u0131\u011fa kabul, ba\u015fvuru tarihinden \u00f6nce, durumunuza ba\u011fl\u0131 olarak ge\u00e7ici veya kal\u0131c\u0131 stat\u00fc i\u00e7erebilecek en az be\u015f y\u0131l \u00fcst \u00fcste ikamet gerektirir.<\/span><\/p>\n<h2><span style=\"font-family: Roboto; font-size: 27px;\">Meksika Vatanda\u015fl\u0131\u011f\u0131 Hakk\u0131nda<\/span><\/h2>\n<p><span style=\"font-family: Roboto; font-size: 14px;\"><strong>Meksika vatanda\u015fl\u0131\u011f\u0131<\/strong> alma ya da vatanda\u015fl\u0131\u011fa al\u0131nma s\u00fcreci olduk\u00e7a basittir.\u00a0Uzun s\u00fcreli ikamet ediyorsan\u0131z veya \u00fclkede aileniz varsa bunu d\u00fc\u015f\u00fcnebilirsiniz.\u00a0Her zamanki gibi onlar\u0131n gereksinimlerini kar\u015f\u0131lamal\u0131 ve do\u011fru belgeleri yetkililere sunmal\u0131s\u0131n\u0131z. Vatanda\u015fl\u0131\u011fa kabul edilmi\u015f bir Meksikal\u0131 olarak, hem\u015fehrilerinizin benzer haklar\u0131ndan ve ayr\u0131cal\u0131klar\u0131ndan yararlanacaks\u0131n\u0131z.\u00a0Bunlara oy verme ve s\u0131n\u0131rlara yak\u0131n m\u00fclk sahibi olma hakk\u0131 da dahildir<\/span><\/p>\n<p><span style=\"font-family: Roboto; font-size: 14px;\"><strong>Meksika vatanda\u015fl\u0131\u011f\u0131 ba\u015fvurusu<\/strong> i\u00e7in \u00e7e\u015fitli belgeleri haz\u0131r etmelisiniz. Bu belgeler aras\u0131nda vatanda\u015fl\u0131k ba\u015fvuru formu, Meksika oturma izni, n\u00fcfus kay\u0131t belgesi, onayl\u0131 ve terc\u00fcme edilmi\u015f do\u011fum belgesi, pasaport ve kimlik fotokopisi, vesikal\u0131k foto\u011fraflar ve resmi makamlardan alaca\u011f\u0131n\u0131z sab\u0131ka kayd\u0131 yer almaktad\u0131r. Bununla birlikte,<strong> Meksika vatanda\u015fl\u0131\u011f\u0131<\/strong> i\u00e7in sunacak oldu\u011funuz belgelerden biri olan <span style=\"color: #2acec2;\"><strong><a style=\"color: #2acec2;\" href=\"https:\/\/myvize.com.tr\/meksika\/oturum-2\/meksika-oturum-izni\/\" target=\"_blank\" rel=\"noopener\">Meksika oturum izni<\/a><\/strong><\/span>, ba\u015fvuru tarihinden itibaren 6+ ay ge\u00e7erli ve ba\u015fvuru tarihinden \u00f6nceki iki ya da be\u015f y\u0131l boyunca Meksika&#8217;da ikamet etti\u011fini kan\u0131tlayan t\u00fcrden olmal\u0131d\u0131r. Aksi halde vatanda\u015fl\u0131k talebiniz kabul edilmeyecektir. Vatanda\u015fl\u0131k ba\u015fvurusu yaparken, \u00fclkenin tarihi ve <strong>Meksika&#8217;daki k\u00fclt\u00fcrel<\/strong> entegrasyonunuz hakk\u0131ndaki bilginizin kan\u0131t\u0131 da istenecektir.<\/span><\/p>\n<h2><span style=\"font-family: Roboto; font-size: 27px;\"><strong>Meksika Vatanda\u015fl\u0131\u011f\u0131 Nas\u0131l Al\u0131n\u0131r?<\/strong><\/span><\/h2>\n<p><span style=\"font-family: Roboto; font-size: 14px;\"><strong>Meksika vatanda\u015fl\u0131\u011f\u0131na<\/strong> ge\u00e7mek isteyen vatanda\u015flar\u0131n ilk \u00f6nce konsoloslu\u011fa ilgili ba\u015fvurular\u0131 ger\u00e7ekle\u015ftirmesi gerekir. <strong>Meksika Konsoloslu\u011fu<\/strong> bu ba\u015fvurularda do\u011frudan yetki alan\u0131 i\u00e7erisinde yer al\u0131r. Konsolosluk, ba\u015fvuru s\u00fcresince ba\u015fvuru sahibinin kendilerine teslim etti\u011fi evraklar\u0131 inceler ve gerek g\u00f6rd\u00fckleri durumlarda vatanda\u015ftan ek belge talebinde bulunabilir. S\u00f6z konusu durumda gerekli evraklar\u0131n da ilgili ki\u015filere teslim edilmesi durumunda ba\u015fvurular de\u011ferlendirmeye al\u0131n\u0131r ve ba\u015fvuru sonucu olumlu olarak yans\u0131yan vatanda\u015flar vatanda\u015fl\u0131\u011fa ge\u00e7i\u015f belgesi alma hakk\u0131na sahip olurlar.<\/span><\/p>\n<p><span style=\"font-family: Roboto; font-size: 14px;\"><strong>Meksika vatanda\u015fl\u0131\u011f\u0131 nas\u0131l al\u0131n\u0131r<\/strong>\u00a0sorusuna yan\u0131t arayan vatanda\u015flar i\u00e7in yap\u0131lacak ilk resmi ad\u0131m konsolosluklardan randevu almak ve randevu g\u00fcn\u00fcnde burada haz\u0131r bulunarak kendisinden istenen evraklar\u0131n tamamlanmas\u0131n\u0131 sa\u011flamakt\u0131r.<\/span><\/p>\n<p><span style=\"font-family: Roboto; font-size: 14px;\"><strong>Meksika vatanda\u015fl\u0131\u011f\u0131na ge\u00e7i\u015f<\/strong> s\u00fcrecinde ilk olarak vatanda\u015flara verilecek olan izin t\u00fcr\u00fc ge\u00e7ici vatanda\u015fl\u0131kt\u0131r. Belirli bir s\u00fcre dahilinde \u00fclkede bulunmay\u0131 m\u00fcmk\u00fcn k\u0131lan ge\u00e7ici vatanda\u015fl\u0131k daha sonraki ba\u015fvurularda gerekli evraklar\u0131 teslim edilmesi ve ko\u015fullar\u0131n sa\u011flanmas\u0131 halinde de\u011ferlendirme s\u00fcrecinden olumlu sonu\u00e7lar alan vatanda\u015flar i\u00e7in kal\u0131c\u0131 vatanda\u015fl\u0131k haline d\u00f6n\u00fc\u015f\u00fcr. Kal\u0131c\u0131 vatanda\u015fl\u0131k vatanda\u015flara diledikleri s\u00fcre boyunca \u00fclkede kalma hakk\u0131n\u0131 tan\u0131r.<\/span><\/p>\n","protected":false},"excerpt":{"rendered":"<p>Meksika Vatanda\u015fl\u0131k\u00a0 Son y\u0131llarda bir\u00e7ok ziyaret\u00e7i, daha d\u00fc\u015f\u00fck bir ya\u015fam maliyeti, g\u00fcvenli topluluklar ve daha iyi bir ya\u015fam kalitesi sebebiyle Meksika vatanda\u015fl\u0131k konusu ile ilgileniyor. Siz de Meksika vatanda\u015f\u0131 olmak istiyorsan\u0131z bunun i\u00e7in talep edilen ko\u015fullar\u0131 sa\u011flaman\u0131z gerekiyor. Baz\u0131 insanlar Meksika&#8217;da ya\u015famay\u0131, yat\u0131r\u0131m yapmay\u0131, okumay\u0131, \u00e7al\u0131\u015fmay\u0131 ve emekli olmay\u0131 daha hesapl\u0131 buluyorlar. Bu nedenle de<\/p>\n","protected":false},"author":1,"featured_media":0,"parent":0,"menu_order":0,"comment_status":"closed","ping_status":"closed","template":"","meta":{"footnotes":""},"class_list":["post-141","page","type-page","status-publish","hentry"],"yoast_head":"<!-- This site is optimized with the Yoast SEO plugin v24.0 - https:\/\/yoast.com\/wordpress\/plugins\/seo\/ -->\n<title>Meksika \u00dclkesi Vatanda\u015fl\u0131k Nas\u0131l Al\u0131n\u0131r? - MyVize<\/title>\n<meta name=\"description\" content=\"Meksika vatanda\u015fl\u0131\u011f\u0131 ba\u015fvuru belgeleri. Meksika vatanda\u015fl\u0131\u011f\u0131 i\u00e7in gerekli \u015fartlar. Meksika vatanda\u015fl\u0131k i\u015flemleri nelerdir?\" \/>\n<meta name=\"robots\" content=\"index, follow, max-snippet:-1, max-image-preview:large, max-video-preview:-1\" \/>\n<link rel=\"canonical\" href=\"https:\/\/myvize.com.tr\/meksika\/vatandaslik\/\" \/>\n<meta property=\"og:locale\" content=\"tr_TR\" \/>\n<meta property=\"og:type\" content=\"article\" \/>\n<meta property=\"og:title\" content=\"Meksika \u00dclkesi Vatanda\u015fl\u0131k Nas\u0131l Al\u0131n\u0131r? - MyVize\" \/>\n<meta property=\"og:description\" content=\"Meksika vatanda\u015fl\u0131\u011f\u0131 ba\u015fvuru belgeleri. Meksika vatanda\u015fl\u0131\u011f\u0131 i\u00e7in gerekli \u015fartlar. Meksika vatanda\u015fl\u0131k i\u015flemleri nelerdir?\" \/>\n<meta property=\"og:url\" content=\"https:\/\/myvize.com.tr\/meksika\/vatandaslik\/\" \/>\n<meta property=\"og:site_name\" content=\"Meksika Vizesi\" \/>\n<meta property=\"article:modified_time\" content=\"2022-05-12T12:45:52+00:00\" \/>\n<meta name=\"twitter:card\" content=\"summary_large_image\" \/>\n<meta name=\"twitter:label1\" content=\"Tahmini okuma s\u00fcresi\" \/>\n\t<meta name=\"twitter:data1\" content=\"3 dakika\" \/>\n<script type=\"application\/ld+json\" class=\"yoast-schema-graph\">{\"@context\":\"https:\/\/schema.org\",\"@graph\":[{\"@type\":\"WebPage\",\"@id\":\"https:\/\/myvize.com.tr\/meksika\/vatandaslik\/\",\"url\":\"https:\/\/myvize.com.tr\/meksika\/vatandaslik\/\",\"name\":\"Meksika \u00dclkesi Vatanda\u015fl\u0131k Nas\u0131l Al\u0131n\u0131r? - MyVize\",\"isPartOf\":{\"@id\":\"https:\/\/myvize.com.tr\/meksika\/#website\"},\"datePublished\":\"2021-01-15T13:03:15+00:00\",\"dateModified\":\"2022-05-12T12:45:52+00:00\",\"description\":\"Meksika vatanda\u015fl\u0131\u011f\u0131 ba\u015fvuru belgeleri. Meksika vatanda\u015fl\u0131\u011f\u0131 i\u00e7in gerekli \u015fartlar. Meksika vatanda\u015fl\u0131k i\u015flemleri nelerdir?\",\"breadcrumb\":{\"@id\":\"https:\/\/myvize.com.tr\/meksika\/vatandaslik\/#breadcrumb\"},\"inLanguage\":\"tr\",\"potentialAction\":[{\"@type\":\"ReadAction\",\"target\":[\"https:\/\/myvize.com.tr\/meksika\/vatandaslik\/\"]}]},{\"@type\":\"BreadcrumbList\",\"@id\":\"https:\/\/myvize.com.tr\/meksika\/vatandaslik\/#breadcrumb\",\"itemListElement\":[{\"@type\":\"ListItem\",\"position\":1,\"name\":\"Anasayfa\",\"item\":\"https:\/\/myvize.com.tr\/meksika\/\"},{\"@type\":\"ListItem\",\"position\":2,\"name\":\"VATANDA\u015eLIK\"}]},{\"@type\":\"WebSite\",\"@id\":\"https:\/\/myvize.com.tr\/meksika\/#website\",\"url\":\"https:\/\/myvize.com.tr\/meksika\/\",\"name\":\"Meksika Vizesi\",\"description\":\"\",\"potentialAction\":[{\"@type\":\"SearchAction\",\"target\":{\"@type\":\"EntryPoint\",\"urlTemplate\":\"https:\/\/myvize.com.tr\/meksika\/?s={search_term_string}\"},\"query-input\":{\"@type\":\"PropertyValueSpecification\",\"valueRequired\":true,\"valueName\":\"search_term_string\"}}],\"inLanguage\":\"tr\"}]}<\/script>\n<!-- \/ Yoast SEO plugin. -->","yoast_head_json":{"title":"Meksika \u00dclkesi Vatanda\u015fl\u0131k Nas\u0131l Al\u0131n\u0131r? - MyVize","description":"Meksika vatanda\u015fl\u0131\u011f\u0131 ba\u015fvuru belgeleri. Meksika vatanda\u015fl\u0131\u011f\u0131 i\u00e7in gerekli \u015fartlar. Meksika vatanda\u015fl\u0131k i\u015flemleri nelerdir?","robots":{"index":"index","follow":"follow","max-snippet":"max-snippet:-1","max-image-preview":"max-image-preview:large","max-video-preview":"max-video-preview:-1"},"canonical":"https:\/\/myvize.com.tr\/meksika\/vatandaslik\/","og_locale":"tr_TR","og_type":"article","og_title":"Meksika \u00dclkesi Vatanda\u015fl\u0131k Nas\u0131l Al\u0131n\u0131r? - MyVize","og_description":"Meksika vatanda\u015fl\u0131\u011f\u0131 ba\u015fvuru belgeleri. Meksika vatanda\u015fl\u0131\u011f\u0131 i\u00e7in gerekli \u015fartlar. Meksika vatanda\u015fl\u0131k i\u015flemleri nelerdir?","og_url":"https:\/\/myvize.com.tr\/meksika\/vatandaslik\/","og_site_name":"Meksika Vizesi","article_modified_time":"2022-05-12T12:45:52+00:00","twitter_card":"summary_large_image","twitter_misc":{"Tahmini okuma s\u00fcresi":"3 dakika"},"schema":{"@context":"https:\/\/schema.org","@graph":[{"@type":"WebPage","@id":"https:\/\/myvize.com.tr\/meksika\/vatandaslik\/","url":"https:\/\/myvize.com.tr\/meksika\/vatandaslik\/","name":"Meksika \u00dclkesi Vatanda\u015fl\u0131k Nas\u0131l Al\u0131n\u0131r? - MyVize","isPartOf":{"@id":"https:\/\/myvize.com.tr\/meksika\/#website"},"datePublished":"2021-01-15T13:03:15+00:00","dateModified":"2022-05-12T12:45:52+00:00","description":"Meksika vatanda\u015fl\u0131\u011f\u0131 ba\u015fvuru belgeleri. Meksika vatanda\u015fl\u0131\u011f\u0131 i\u00e7in gerekli \u015fartlar. Meksika vatanda\u015fl\u0131k i\u015flemleri nelerdir?","breadcrumb":{"@id":"https:\/\/myvize.com.tr\/meksika\/vatandaslik\/#breadcrumb"},"inLanguage":"tr","potentialAction":[{"@type":"ReadAction","target":["https:\/\/myvize.com.tr\/meksika\/vatandaslik\/"]}]},{"@type":"BreadcrumbList","@id":"https:\/\/myvize.com.tr\/meksika\/vatandaslik\/#breadcrumb","itemListElement":[{"@type":"ListItem","position":1,"name":"Anasayfa","item":"https:\/\/myvize.com.tr\/meksika\/"},{"@type":"ListItem","position":2,"name":"VATANDA\u015eLIK"}]},{"@type":"WebSite","@id":"https:\/\/myvize.com.tr\/meksika\/#website","url":"https:\/\/myvize.com.tr\/meksika\/","name":"Meksika Vizesi","description":"","potentialAction":[{"@type":"SearchAction","target":{"@type":"EntryPoint","urlTemplate":"https:\/\/myvize.com.tr\/meksika\/?s={search_term_string}"},"query-input":{"@type":"PropertyValueSpecification","valueRequired":true,"valueName":"search_term_string"}}],"inLanguage":"tr"}]}},"_links":{"self":[{"href":"https:\/\/myvize.com.tr\/meksika\/wp-json\/wp\/v2\/pages\/141","targetHints":{"allow":["GET"]}}],"collection":[{"href":"https:\/\/myvize.com.tr\/meksika\/wp-json\/wp\/v2\/pages"}],"about":[{"href":"https:\/\/myvize.com.tr\/meksika\/wp-json\/wp\/v2\/types\/page"}],"author":[{"embeddable":true,"href":"https:\/\/myvize.com.tr\/meksika\/wp-json\/wp\/v2\/users\/1"}],"replies":[{"embeddable":true,"href":"https:\/\/myvize.com.tr\/meksika\/wp-json\/wp\/v2\/comments?post=141"}],"version-history":[{"count":5,"href":"https:\/\/myvize.com.tr\/meksika\/wp-json\/wp\/v2\/pages\/141\/revisions"}],"predecessor-version":[{"id":857,"href":"https:\/\/myvize.com.tr\/meksika\/wp-json\/wp\/v2\/pages\/141\/revisions\/857"}],"wp:attachment":[{"href":"https:\/\/myvize.com.tr\/meksika\/wp-json\/wp\/v2\/media?parent=141"}],"curies":[{"name":"wp","href":"https:\/\/api.w.org\/{rel}","templated":true}]}}