{"id":321,"date":"2021-01-25T10:27:52","date_gmt":"2021-01-25T07:27:52","guid":{"rendered":"https:\/\/myvize.com.tr\/malavi\/?page_id=321"},"modified":"2022-01-14T16:30:31","modified_gmt":"2022-01-14T13:30:31","slug":"malavi-vizesi-dilekce-ornekleri","status":"publish","type":"page","link":"https:\/\/myvize.com.tr\/malavi\/form-ve-dilekce\/malavi-vizesi-dilekce-ornekleri\/","title":{"rendered":"Malavi Vizesi Dilek\u00e7e \u00d6rnekleri"},"content":{"rendered":"\n<h2 class=\"wp-block-heading\"><strong>Malavi Vizesi Dilek\u00e7e \u00d6rnekleri Hakk\u0131nda<\/strong><\/h2>\n","protected":false},"excerpt":{"rendered":"<p>Malavi Vizesi Dilek\u00e7e \u00d6rnekleri Hakk\u0131nda<\/p>\n","protected":false},"author":1,"featured_media":0,"parent":144,"menu_order":0,"comment_status":"closed","ping_status":"closed","template":"","meta":{"footnotes":""},"class_list":["post-321","page","type-page","status-publish","hentry"],"yoast_head":"<!-- This site is optimized with the Yoast SEO plugin v24.0 - https:\/\/yoast.com\/wordpress\/plugins\/seo\/ -->\n<title>Malavi Vizesi Dilek\u00e7e \u00d6rnekleri - MyVize<\/title>\n<meta name=\"description\" content=\"Malavi Vizesi Dilek\u00e7e \u00d6rnekleri nas\u0131l yaz\u0131l\u0131r? Malavi Vizesi Dilek\u00e7esi nas\u0131l olmal\u0131d\u0131r? Bilgi \u0130\u00e7in Vize Uzmanlar\u0131m\u0131z\u0131 Aray\u0131n: 0850 346 84 93\" \/>\n<meta name=\"robots\" content=\"index, follow, max-snippet:-1, max-image-preview:large, max-video-preview:-1\" \/>\n<link rel=\"canonical\" href=\"https:\/\/myvize.com.tr\/malavi\/form-ve-dilekce\/malavi-vizesi-dilekce-ornekleri\/\" \/>\n<meta property=\"og:locale\" content=\"tr_TR\" \/>\n<meta property=\"og:type\" content=\"article\" \/>\n<meta property=\"og:title\" content=\"Malavi Vizesi Dilek\u00e7e \u00d6rnekleri - MyVize\" \/>\n<meta property=\"og:description\" content=\"Malavi Vizesi Dilek\u00e7e \u00d6rnekleri nas\u0131l yaz\u0131l\u0131r? Malavi Vizesi Dilek\u00e7esi nas\u0131l olmal\u0131d\u0131r? Bilgi \u0130\u00e7in Vize Uzmanlar\u0131m\u0131z\u0131 Aray\u0131n: 0850 346 84 93\" \/>\n<meta property=\"og:url\" content=\"https:\/\/myvize.com.tr\/malavi\/form-ve-dilekce\/malavi-vizesi-dilekce-ornekleri\/\" \/>\n<meta property=\"og:site_name\" content=\"Malavi Vizesi\" \/>\n<meta property=\"article:modified_time\" content=\"2022-01-14T13:30:31+00:00\" \/>\n<meta name=\"twitter:card\" content=\"summary_large_image\" \/>\n<meta name=\"twitter:label1\" content=\"Tahmini okuma s\u00fcresi\" \/>\n\t<meta name=\"twitter:data1\" content=\"1 dakika\" \/>\n<script type=\"application\/ld+json\" class=\"yoast-schema-graph\">{\"@context\":\"https:\/\/schema.org\",\"@graph\":[{\"@type\":\"WebPage\",\"@id\":\"https:\/\/myvize.com.tr\/malavi\/form-ve-dilekce\/malavi-vizesi-dilekce-ornekleri\/\",\"url\":\"https:\/\/myvize.com.tr\/malavi\/form-ve-dilekce\/malavi-vizesi-dilekce-ornekleri\/\",\"name\":\"Malavi Vizesi Dilek\u00e7e \u00d6rnekleri - MyVize\",\"isPartOf\":{\"@id\":\"https:\/\/myvize.com.tr\/malavi\/#website\"},\"datePublished\":\"2021-01-25T07:27:52+00:00\",\"dateModified\":\"2022-01-14T13:30:31+00:00\",\"description\":\"Malavi Vizesi Dilek\u00e7e \u00d6rnekleri nas\u0131l yaz\u0131l\u0131r? Malavi Vizesi Dilek\u00e7esi nas\u0131l olmal\u0131d\u0131r? Bilgi \u0130\u00e7in Vize Uzmanlar\u0131m\u0131z\u0131 Aray\u0131n: 0850 346 84 93\",\"breadcrumb\":{\"@id\":\"https:\/\/myvize.com.tr\/malavi\/form-ve-dilekce\/malavi-vizesi-dilekce-ornekleri\/#breadcrumb\"},\"inLanguage\":\"tr\",\"potentialAction\":[{\"@type\":\"ReadAction\",\"target\":[\"https:\/\/myvize.com.tr\/malavi\/form-ve-dilekce\/malavi-vizesi-dilekce-ornekleri\/\"]}]},{\"@type\":\"BreadcrumbList\",\"@id\":\"https:\/\/myvize.com.tr\/malavi\/form-ve-dilekce\/malavi-vizesi-dilekce-ornekleri\/#breadcrumb\",\"itemListElement\":[{\"@type\":\"ListItem\",\"position\":1,\"name\":\"Anasayfa\",\"item\":\"https:\/\/myvize.com.tr\/malavi\/\"},{\"@type\":\"ListItem\",\"position\":2,\"name\":\"FORM VE D\u0130LEK\u00c7E\",\"item\":\"https:\/\/myvize.com.tr\/malavi\/form-ve-dilekce\/\"},{\"@type\":\"ListItem\",\"position\":3,\"name\":\"Malavi Vizesi Dilek\u00e7e \u00d6rnekleri\"}]},{\"@type\":\"WebSite\",\"@id\":\"https:\/\/myvize.com.tr\/malavi\/#website\",\"url\":\"https:\/\/myvize.com.tr\/malavi\/\",\"name\":\"Malavi Vizesi\",\"description\":\"\",\"potentialAction\":[{\"@type\":\"SearchAction\",\"target\":{\"@type\":\"EntryPoint\",\"urlTemplate\":\"https:\/\/myvize.com.tr\/malavi\/?s={search_term_string}\"},\"query-input\":{\"@type\":\"PropertyValueSpecification\",\"valueRequired\":true,\"valueName\":\"search_term_string\"}}],\"inLanguage\":\"tr\"}]}<\/script>\n<!-- \/ Yoast SEO plugin. -->","yoast_head_json":{"title":"Malavi Vizesi Dilek\u00e7e \u00d6rnekleri - MyVize","description":"Malavi Vizesi Dilek\u00e7e \u00d6rnekleri nas\u0131l yaz\u0131l\u0131r? Malavi Vizesi Dilek\u00e7esi nas\u0131l olmal\u0131d\u0131r? Bilgi \u0130\u00e7in Vize Uzmanlar\u0131m\u0131z\u0131 Aray\u0131n: 0850 346 84 93","robots":{"index":"index","follow":"follow","max-snippet":"max-snippet:-1","max-image-preview":"max-image-preview:large","max-video-preview":"max-video-preview:-1"},"canonical":"https:\/\/myvize.com.tr\/malavi\/form-ve-dilekce\/malavi-vizesi-dilekce-ornekleri\/","og_locale":"tr_TR","og_type":"article","og_title":"Malavi Vizesi Dilek\u00e7e \u00d6rnekleri - MyVize","og_description":"Malavi Vizesi Dilek\u00e7e \u00d6rnekleri nas\u0131l yaz\u0131l\u0131r? Malavi Vizesi Dilek\u00e7esi nas\u0131l olmal\u0131d\u0131r? Bilgi \u0130\u00e7in Vize Uzmanlar\u0131m\u0131z\u0131 Aray\u0131n: 0850 346 84 93","og_url":"https:\/\/myvize.com.tr\/malavi\/form-ve-dilekce\/malavi-vizesi-dilekce-ornekleri\/","og_site_name":"Malavi Vizesi","article_modified_time":"2022-01-14T13:30:31+00:00","twitter_card":"summary_large_image","twitter_misc":{"Tahmini okuma s\u00fcresi":"1 dakika"},"schema":{"@context":"https:\/\/schema.org","@graph":[{"@type":"WebPage","@id":"https:\/\/myvize.com.tr\/malavi\/form-ve-dilekce\/malavi-vizesi-dilekce-ornekleri\/","url":"https:\/\/myvize.com.tr\/malavi\/form-ve-dilekce\/malavi-vizesi-dilekce-ornekleri\/","name":"Malavi Vizesi Dilek\u00e7e \u00d6rnekleri - MyVize","isPartOf":{"@id":"https:\/\/myvize.com.tr\/malavi\/#website"},"datePublished":"2021-01-25T07:27:52+00:00","dateModified":"2022-01-14T13:30:31+00:00","description":"Malavi Vizesi Dilek\u00e7e \u00d6rnekleri nas\u0131l yaz\u0131l\u0131r? Malavi Vizesi Dilek\u00e7esi nas\u0131l olmal\u0131d\u0131r? Bilgi \u0130\u00e7in Vize Uzmanlar\u0131m\u0131z\u0131 Aray\u0131n: 0850 346 84 93","breadcrumb":{"@id":"https:\/\/myvize.com.tr\/malavi\/form-ve-dilekce\/malavi-vizesi-dilekce-ornekleri\/#breadcrumb"},"inLanguage":"tr","potentialAction":[{"@type":"ReadAction","target":["https:\/\/myvize.com.tr\/malavi\/form-ve-dilekce\/malavi-vizesi-dilekce-ornekleri\/"]}]},{"@type":"BreadcrumbList","@id":"https:\/\/myvize.com.tr\/malavi\/form-ve-dilekce\/malavi-vizesi-dilekce-ornekleri\/#breadcrumb","itemListElement":[{"@type":"ListItem","position":1,"name":"Anasayfa","item":"https:\/\/myvize.com.tr\/malavi\/"},{"@type":"ListItem","position":2,"name":"FORM VE D\u0130LEK\u00c7E","item":"https:\/\/myvize.com.tr\/malavi\/form-ve-dilekce\/"},{"@type":"ListItem","position":3,"name":"Malavi Vizesi Dilek\u00e7e \u00d6rnekleri"}]},{"@type":"WebSite","@id":"https:\/\/myvize.com.tr\/malavi\/#website","url":"https:\/\/myvize.com.tr\/malavi\/","name":"Malavi Vizesi","description":"","potentialAction":[{"@type":"SearchAction","target":{"@type":"EntryPoint","urlTemplate":"https:\/\/myvize.com.tr\/malavi\/?s={search_term_string}"},"query-input":{"@type":"PropertyValueSpecification","valueRequired":true,"valueName":"search_term_string"}}],"inLanguage":"tr"}]}},"_links":{"self":[{"href":"https:\/\/myvize.com.tr\/malavi\/wp-json\/wp\/v2\/pages\/321","targetHints":{"allow":["GET"]}}],"collection":[{"href":"https:\/\/myvize.com.tr\/malavi\/wp-json\/wp\/v2\/pages"}],"about":[{"href":"https:\/\/myvize.com.tr\/malavi\/wp-json\/wp\/v2\/types\/page"}],"author":[{"embeddable":true,"href":"https:\/\/myvize.com.tr\/malavi\/wp-json\/wp\/v2\/users\/1"}],"replies":[{"embeddable":true,"href":"https:\/\/myvize.com.tr\/malavi\/wp-json\/wp\/v2\/comments?post=321"}],"version-history":[{"count":2,"href":"https:\/\/myvize.com.tr\/malavi\/wp-json\/wp\/v2\/pages\/321\/revisions"}],"predecessor-version":[{"id":373,"href":"https:\/\/myvize.com.tr\/malavi\/wp-json\/wp\/v2\/pages\/321\/revisions\/373"}],"up":[{"embeddable":true,"href":"https:\/\/myvize.com.tr\/malavi\/wp-json\/wp\/v2\/pages\/144"}],"wp:attachment":[{"href":"https:\/\/myvize.com.tr\/malavi\/wp-json\/wp\/v2\/media?parent=321"}],"curies":[{"name":"wp","href":"https:\/\/api.w.org\/{rel}","templated":true}]}}