{"id":309,"date":"2021-01-25T09:51:03","date_gmt":"2021-01-25T06:51:03","guid":{"rendered":"https:\/\/myvize.com.tr\/lesotho\/?page_id=309"},"modified":"2022-01-14T16:52:36","modified_gmt":"2022-01-14T13:52:36","slug":"lesotho-oturum-ve-calisma-izni","status":"publish","type":"page","link":"https:\/\/myvize.com.tr\/lesotho\/oturum-2\/lesotho-oturum-ve-calisma-izni\/","title":{"rendered":"Lesotho Oturum ve \u00c7al\u0131\u015fma \u0130zni"},"content":{"rendered":"\n<h2 class=\"wp-block-heading\"><strong>Lesotho Oturum ve \u00c7al\u0131\u015fma \u0130zni Hakk\u0131nda<\/strong><\/h2>\n","protected":false},"excerpt":{"rendered":"<p>Lesotho Oturum ve \u00c7al\u0131\u015fma \u0130zni Hakk\u0131nda<\/p>\n","protected":false},"author":1,"featured_media":0,"parent":138,"menu_order":0,"comment_status":"closed","ping_status":"closed","template":"","meta":{"footnotes":""},"class_list":["post-309","page","type-page","status-publish","hentry"],"yoast_head":"<!-- This site is optimized with the Yoast SEO plugin v24.0 - https:\/\/yoast.com\/wordpress\/plugins\/seo\/ -->\n<title>Lesotho Oturum ve \u00c7al\u0131\u015fma \u0130zni - MyVize<\/title>\n<meta name=\"description\" content=\"Lesotho Oturum ve \u00c7al\u0131\u015fma \u0130zni nas\u0131l al\u0131n\u0131r? Lesotho Oturum ve \u00c7al\u0131\u015fma \u0130zni \u015eartlar\u0131 nelerdir? Lesotho Oturum ve \u00c7al\u0131\u015fma \u0130zni \u00fccreti 2022.\" \/>\n<meta name=\"robots\" content=\"index, follow, max-snippet:-1, max-image-preview:large, max-video-preview:-1\" \/>\n<link rel=\"canonical\" href=\"https:\/\/myvize.com.tr\/lesotho\/oturum-2\/lesotho-oturum-ve-calisma-izni\/\" \/>\n<meta property=\"og:locale\" content=\"tr_TR\" \/>\n<meta property=\"og:type\" content=\"article\" \/>\n<meta property=\"og:title\" content=\"Lesotho Oturum ve \u00c7al\u0131\u015fma \u0130zni - MyVize\" \/>\n<meta property=\"og:description\" content=\"Lesotho Oturum ve \u00c7al\u0131\u015fma \u0130zni nas\u0131l al\u0131n\u0131r? Lesotho Oturum ve \u00c7al\u0131\u015fma \u0130zni \u015eartlar\u0131 nelerdir? Lesotho Oturum ve \u00c7al\u0131\u015fma \u0130zni \u00fccreti 2022.\" \/>\n<meta property=\"og:url\" content=\"https:\/\/myvize.com.tr\/lesotho\/oturum-2\/lesotho-oturum-ve-calisma-izni\/\" \/>\n<meta property=\"og:site_name\" content=\"Lesotho Vizesi\" \/>\n<meta property=\"article:modified_time\" content=\"2022-01-14T13:52:36+00:00\" \/>\n<meta name=\"twitter:card\" content=\"summary_large_image\" \/>\n<meta name=\"twitter:label1\" content=\"Tahmini okuma s\u00fcresi\" \/>\n\t<meta name=\"twitter:data1\" content=\"1 dakika\" \/>\n<script type=\"application\/ld+json\" class=\"yoast-schema-graph\">{\"@context\":\"https:\/\/schema.org\",\"@graph\":[{\"@type\":\"WebPage\",\"@id\":\"https:\/\/myvize.com.tr\/lesotho\/oturum-2\/lesotho-oturum-ve-calisma-izni\/\",\"url\":\"https:\/\/myvize.com.tr\/lesotho\/oturum-2\/lesotho-oturum-ve-calisma-izni\/\",\"name\":\"Lesotho Oturum ve \u00c7al\u0131\u015fma \u0130zni - MyVize\",\"isPartOf\":{\"@id\":\"https:\/\/myvize.com.tr\/lesotho\/#website\"},\"datePublished\":\"2021-01-25T06:51:03+00:00\",\"dateModified\":\"2022-01-14T13:52:36+00:00\",\"description\":\"Lesotho Oturum ve \u00c7al\u0131\u015fma \u0130zni nas\u0131l al\u0131n\u0131r? Lesotho Oturum ve \u00c7al\u0131\u015fma \u0130zni \u015eartlar\u0131 nelerdir? Lesotho Oturum ve \u00c7al\u0131\u015fma \u0130zni \u00fccreti 2022.\",\"breadcrumb\":{\"@id\":\"https:\/\/myvize.com.tr\/lesotho\/oturum-2\/lesotho-oturum-ve-calisma-izni\/#breadcrumb\"},\"inLanguage\":\"tr\",\"potentialAction\":[{\"@type\":\"ReadAction\",\"target\":[\"https:\/\/myvize.com.tr\/lesotho\/oturum-2\/lesotho-oturum-ve-calisma-izni\/\"]}]},{\"@type\":\"BreadcrumbList\",\"@id\":\"https:\/\/myvize.com.tr\/lesotho\/oturum-2\/lesotho-oturum-ve-calisma-izni\/#breadcrumb\",\"itemListElement\":[{\"@type\":\"ListItem\",\"position\":1,\"name\":\"Anasayfa\",\"item\":\"https:\/\/myvize.com.tr\/lesotho\/\"},{\"@type\":\"ListItem\",\"position\":2,\"name\":\"OTURUM\",\"item\":\"https:\/\/myvize.com.tr\/lesotho\/oturum-2\/\"},{\"@type\":\"ListItem\",\"position\":3,\"name\":\"Lesotho Oturum ve \u00c7al\u0131\u015fma \u0130zni\"}]},{\"@type\":\"WebSite\",\"@id\":\"https:\/\/myvize.com.tr\/lesotho\/#website\",\"url\":\"https:\/\/myvize.com.tr\/lesotho\/\",\"name\":\"Lesotho Vizesi\",\"description\":\"\",\"potentialAction\":[{\"@type\":\"SearchAction\",\"target\":{\"@type\":\"EntryPoint\",\"urlTemplate\":\"https:\/\/myvize.com.tr\/lesotho\/?s={search_term_string}\"},\"query-input\":{\"@type\":\"PropertyValueSpecification\",\"valueRequired\":true,\"valueName\":\"search_term_string\"}}],\"inLanguage\":\"tr\"}]}<\/script>\n<!-- \/ Yoast SEO plugin. -->","yoast_head_json":{"title":"Lesotho Oturum ve \u00c7al\u0131\u015fma \u0130zni - MyVize","description":"Lesotho Oturum ve \u00c7al\u0131\u015fma \u0130zni nas\u0131l al\u0131n\u0131r? Lesotho Oturum ve \u00c7al\u0131\u015fma \u0130zni \u015eartlar\u0131 nelerdir? Lesotho Oturum ve \u00c7al\u0131\u015fma \u0130zni \u00fccreti 2022.","robots":{"index":"index","follow":"follow","max-snippet":"max-snippet:-1","max-image-preview":"max-image-preview:large","max-video-preview":"max-video-preview:-1"},"canonical":"https:\/\/myvize.com.tr\/lesotho\/oturum-2\/lesotho-oturum-ve-calisma-izni\/","og_locale":"tr_TR","og_type":"article","og_title":"Lesotho Oturum ve \u00c7al\u0131\u015fma \u0130zni - MyVize","og_description":"Lesotho Oturum ve \u00c7al\u0131\u015fma \u0130zni nas\u0131l al\u0131n\u0131r? Lesotho Oturum ve \u00c7al\u0131\u015fma \u0130zni \u015eartlar\u0131 nelerdir? Lesotho Oturum ve \u00c7al\u0131\u015fma \u0130zni \u00fccreti 2022.","og_url":"https:\/\/myvize.com.tr\/lesotho\/oturum-2\/lesotho-oturum-ve-calisma-izni\/","og_site_name":"Lesotho Vizesi","article_modified_time":"2022-01-14T13:52:36+00:00","twitter_card":"summary_large_image","twitter_misc":{"Tahmini okuma s\u00fcresi":"1 dakika"},"schema":{"@context":"https:\/\/schema.org","@graph":[{"@type":"WebPage","@id":"https:\/\/myvize.com.tr\/lesotho\/oturum-2\/lesotho-oturum-ve-calisma-izni\/","url":"https:\/\/myvize.com.tr\/lesotho\/oturum-2\/lesotho-oturum-ve-calisma-izni\/","name":"Lesotho Oturum ve \u00c7al\u0131\u015fma \u0130zni - MyVize","isPartOf":{"@id":"https:\/\/myvize.com.tr\/lesotho\/#website"},"datePublished":"2021-01-25T06:51:03+00:00","dateModified":"2022-01-14T13:52:36+00:00","description":"Lesotho Oturum ve \u00c7al\u0131\u015fma \u0130zni nas\u0131l al\u0131n\u0131r? Lesotho Oturum ve \u00c7al\u0131\u015fma \u0130zni \u015eartlar\u0131 nelerdir? Lesotho Oturum ve \u00c7al\u0131\u015fma \u0130zni \u00fccreti 2022.","breadcrumb":{"@id":"https:\/\/myvize.com.tr\/lesotho\/oturum-2\/lesotho-oturum-ve-calisma-izni\/#breadcrumb"},"inLanguage":"tr","potentialAction":[{"@type":"ReadAction","target":["https:\/\/myvize.com.tr\/lesotho\/oturum-2\/lesotho-oturum-ve-calisma-izni\/"]}]},{"@type":"BreadcrumbList","@id":"https:\/\/myvize.com.tr\/lesotho\/oturum-2\/lesotho-oturum-ve-calisma-izni\/#breadcrumb","itemListElement":[{"@type":"ListItem","position":1,"name":"Anasayfa","item":"https:\/\/myvize.com.tr\/lesotho\/"},{"@type":"ListItem","position":2,"name":"OTURUM","item":"https:\/\/myvize.com.tr\/lesotho\/oturum-2\/"},{"@type":"ListItem","position":3,"name":"Lesotho Oturum ve \u00c7al\u0131\u015fma \u0130zni"}]},{"@type":"WebSite","@id":"https:\/\/myvize.com.tr\/lesotho\/#website","url":"https:\/\/myvize.com.tr\/lesotho\/","name":"Lesotho Vizesi","description":"","potentialAction":[{"@type":"SearchAction","target":{"@type":"EntryPoint","urlTemplate":"https:\/\/myvize.com.tr\/lesotho\/?s={search_term_string}"},"query-input":{"@type":"PropertyValueSpecification","valueRequired":true,"valueName":"search_term_string"}}],"inLanguage":"tr"}]}},"_links":{"self":[{"href":"https:\/\/myvize.com.tr\/lesotho\/wp-json\/wp\/v2\/pages\/309","targetHints":{"allow":["GET"]}}],"collection":[{"href":"https:\/\/myvize.com.tr\/lesotho\/wp-json\/wp\/v2\/pages"}],"about":[{"href":"https:\/\/myvize.com.tr\/lesotho\/wp-json\/wp\/v2\/types\/page"}],"author":[{"embeddable":true,"href":"https:\/\/myvize.com.tr\/lesotho\/wp-json\/wp\/v2\/users\/1"}],"replies":[{"embeddable":true,"href":"https:\/\/myvize.com.tr\/lesotho\/wp-json\/wp\/v2\/comments?post=309"}],"version-history":[{"count":2,"href":"https:\/\/myvize.com.tr\/lesotho\/wp-json\/wp\/v2\/pages\/309\/revisions"}],"predecessor-version":[{"id":335,"href":"https:\/\/myvize.com.tr\/lesotho\/wp-json\/wp\/v2\/pages\/309\/revisions\/335"}],"up":[{"embeddable":true,"href":"https:\/\/myvize.com.tr\/lesotho\/wp-json\/wp\/v2\/pages\/138"}],"wp:attachment":[{"href":"https:\/\/myvize.com.tr\/lesotho\/wp-json\/wp\/v2\/media?parent=309"}],"curies":[{"name":"wp","href":"https:\/\/api.w.org\/{rel}","templated":true}]}}