{"id":274,"date":"2021-01-20T15:13:15","date_gmt":"2021-01-20T12:13:15","guid":{"rendered":"https:\/\/myvize.com.tr\/kore\/?page_id=274"},"modified":"2021-11-20T13:33:43","modified_gmt":"2021-11-20T10:33:43","slug":"vize-basvuru-formu","status":"publish","type":"page","link":"https:\/\/myvize.com.tr\/kore\/form-ve-dilekce\/vize-basvuru-formu\/","title":{"rendered":"Kore Vizesi Ba\u015fvuru Formu"},"content":{"rendered":"\n<h2 class=\"wp-block-heading\"><strong>Kore Vizesi Ba\u015fvuru Formu Hakk\u0131nda<\/strong><\/h2>\n","protected":false},"excerpt":{"rendered":"<p>Kore Vizesi Ba\u015fvuru Formu Hakk\u0131nda<\/p>\n","protected":false},"author":1,"featured_media":0,"parent":144,"menu_order":0,"comment_status":"closed","ping_status":"closed","template":"","meta":{"footnotes":""},"class_list":["post-274","page","type-page","status-publish","hentry"],"yoast_head":"<!-- This site is optimized with the Yoast SEO plugin v24.0 - https:\/\/yoast.com\/wordpress\/plugins\/seo\/ -->\n<title>Kore Vizesi Ba\u015fvuru Formu - MyVize Vize Ba\u015fvuru Merkezi<\/title>\n<meta name=\"description\" content=\"Kore Vizesi Ba\u015fvuru Formu nas\u0131l doldulur? Kore Vizesi Ba\u015fvuru Formu 2022 g\u00fcncel bilgileri. Bilgi \u0130\u00e7in Hemen Aray\u0131n: 0850 346 84 93\" \/>\n<meta name=\"robots\" content=\"index, follow, max-snippet:-1, max-image-preview:large, max-video-preview:-1\" \/>\n<link rel=\"canonical\" href=\"https:\/\/myvize.com.tr\/kore\/form-ve-dilekce\/vize-basvuru-formu\/\" \/>\n<meta property=\"og:locale\" content=\"tr_TR\" \/>\n<meta property=\"og:type\" content=\"article\" \/>\n<meta property=\"og:title\" content=\"Kore Vizesi Ba\u015fvuru Formu - MyVize Vize Ba\u015fvuru Merkezi\" \/>\n<meta property=\"og:description\" content=\"Kore Vizesi Ba\u015fvuru Formu nas\u0131l doldulur? Kore Vizesi Ba\u015fvuru Formu 2022 g\u00fcncel bilgileri. Bilgi \u0130\u00e7in Hemen Aray\u0131n: 0850 346 84 93\" \/>\n<meta property=\"og:url\" content=\"https:\/\/myvize.com.tr\/kore\/form-ve-dilekce\/vize-basvuru-formu\/\" \/>\n<meta property=\"og:site_name\" content=\"Kore Vizesi\" \/>\n<meta property=\"article:modified_time\" content=\"2021-11-20T10:33:43+00:00\" \/>\n<meta name=\"twitter:card\" content=\"summary_large_image\" \/>\n<meta name=\"twitter:label1\" content=\"Tahmini okuma s\u00fcresi\" \/>\n\t<meta name=\"twitter:data1\" content=\"1 dakika\" \/>\n<script type=\"application\/ld+json\" class=\"yoast-schema-graph\">{\"@context\":\"https:\/\/schema.org\",\"@graph\":[{\"@type\":\"WebPage\",\"@id\":\"https:\/\/myvize.com.tr\/kore\/form-ve-dilekce\/vize-basvuru-formu\/\",\"url\":\"https:\/\/myvize.com.tr\/kore\/form-ve-dilekce\/vize-basvuru-formu\/\",\"name\":\"Kore Vizesi Ba\u015fvuru Formu - MyVize Vize Ba\u015fvuru Merkezi\",\"isPartOf\":{\"@id\":\"https:\/\/myvize.com.tr\/kore\/#website\"},\"datePublished\":\"2021-01-20T12:13:15+00:00\",\"dateModified\":\"2021-11-20T10:33:43+00:00\",\"description\":\"Kore Vizesi Ba\u015fvuru Formu nas\u0131l doldulur? Kore Vizesi Ba\u015fvuru Formu 2022 g\u00fcncel bilgileri. Bilgi \u0130\u00e7in Hemen Aray\u0131n: 0850 346 84 93\",\"breadcrumb\":{\"@id\":\"https:\/\/myvize.com.tr\/kore\/form-ve-dilekce\/vize-basvuru-formu\/#breadcrumb\"},\"inLanguage\":\"tr\",\"potentialAction\":[{\"@type\":\"ReadAction\",\"target\":[\"https:\/\/myvize.com.tr\/kore\/form-ve-dilekce\/vize-basvuru-formu\/\"]}]},{\"@type\":\"BreadcrumbList\",\"@id\":\"https:\/\/myvize.com.tr\/kore\/form-ve-dilekce\/vize-basvuru-formu\/#breadcrumb\",\"itemListElement\":[{\"@type\":\"ListItem\",\"position\":1,\"name\":\"Anasayfa\",\"item\":\"https:\/\/myvize.com.tr\/kore\/\"},{\"@type\":\"ListItem\",\"position\":2,\"name\":\"FORM VE D\u0130LEK\u00c7E\",\"item\":\"https:\/\/myvize.com.tr\/kore\/form-ve-dilekce\/\"},{\"@type\":\"ListItem\",\"position\":3,\"name\":\"Kore Vizesi Ba\u015fvuru Formu\"}]},{\"@type\":\"WebSite\",\"@id\":\"https:\/\/myvize.com.tr\/kore\/#website\",\"url\":\"https:\/\/myvize.com.tr\/kore\/\",\"name\":\"Kore Vizesi\",\"description\":\"\",\"potentialAction\":[{\"@type\":\"SearchAction\",\"target\":{\"@type\":\"EntryPoint\",\"urlTemplate\":\"https:\/\/myvize.com.tr\/kore\/?s={search_term_string}\"},\"query-input\":{\"@type\":\"PropertyValueSpecification\",\"valueRequired\":true,\"valueName\":\"search_term_string\"}}],\"inLanguage\":\"tr\"}]}<\/script>\n<!-- \/ Yoast SEO plugin. -->","yoast_head_json":{"title":"Kore Vizesi Ba\u015fvuru Formu - MyVize Vize Ba\u015fvuru Merkezi","description":"Kore Vizesi Ba\u015fvuru Formu nas\u0131l doldulur? Kore Vizesi Ba\u015fvuru Formu 2022 g\u00fcncel bilgileri. Bilgi \u0130\u00e7in Hemen Aray\u0131n: 0850 346 84 93","robots":{"index":"index","follow":"follow","max-snippet":"max-snippet:-1","max-image-preview":"max-image-preview:large","max-video-preview":"max-video-preview:-1"},"canonical":"https:\/\/myvize.com.tr\/kore\/form-ve-dilekce\/vize-basvuru-formu\/","og_locale":"tr_TR","og_type":"article","og_title":"Kore Vizesi Ba\u015fvuru Formu - MyVize Vize Ba\u015fvuru Merkezi","og_description":"Kore Vizesi Ba\u015fvuru Formu nas\u0131l doldulur? Kore Vizesi Ba\u015fvuru Formu 2022 g\u00fcncel bilgileri. Bilgi \u0130\u00e7in Hemen Aray\u0131n: 0850 346 84 93","og_url":"https:\/\/myvize.com.tr\/kore\/form-ve-dilekce\/vize-basvuru-formu\/","og_site_name":"Kore Vizesi","article_modified_time":"2021-11-20T10:33:43+00:00","twitter_card":"summary_large_image","twitter_misc":{"Tahmini okuma s\u00fcresi":"1 dakika"},"schema":{"@context":"https:\/\/schema.org","@graph":[{"@type":"WebPage","@id":"https:\/\/myvize.com.tr\/kore\/form-ve-dilekce\/vize-basvuru-formu\/","url":"https:\/\/myvize.com.tr\/kore\/form-ve-dilekce\/vize-basvuru-formu\/","name":"Kore Vizesi Ba\u015fvuru Formu - MyVize Vize Ba\u015fvuru Merkezi","isPartOf":{"@id":"https:\/\/myvize.com.tr\/kore\/#website"},"datePublished":"2021-01-20T12:13:15+00:00","dateModified":"2021-11-20T10:33:43+00:00","description":"Kore Vizesi Ba\u015fvuru Formu nas\u0131l doldulur? Kore Vizesi Ba\u015fvuru Formu 2022 g\u00fcncel bilgileri. Bilgi \u0130\u00e7in Hemen Aray\u0131n: 0850 346 84 93","breadcrumb":{"@id":"https:\/\/myvize.com.tr\/kore\/form-ve-dilekce\/vize-basvuru-formu\/#breadcrumb"},"inLanguage":"tr","potentialAction":[{"@type":"ReadAction","target":["https:\/\/myvize.com.tr\/kore\/form-ve-dilekce\/vize-basvuru-formu\/"]}]},{"@type":"BreadcrumbList","@id":"https:\/\/myvize.com.tr\/kore\/form-ve-dilekce\/vize-basvuru-formu\/#breadcrumb","itemListElement":[{"@type":"ListItem","position":1,"name":"Anasayfa","item":"https:\/\/myvize.com.tr\/kore\/"},{"@type":"ListItem","position":2,"name":"FORM VE D\u0130LEK\u00c7E","item":"https:\/\/myvize.com.tr\/kore\/form-ve-dilekce\/"},{"@type":"ListItem","position":3,"name":"Kore Vizesi Ba\u015fvuru Formu"}]},{"@type":"WebSite","@id":"https:\/\/myvize.com.tr\/kore\/#website","url":"https:\/\/myvize.com.tr\/kore\/","name":"Kore Vizesi","description":"","potentialAction":[{"@type":"SearchAction","target":{"@type":"EntryPoint","urlTemplate":"https:\/\/myvize.com.tr\/kore\/?s={search_term_string}"},"query-input":{"@type":"PropertyValueSpecification","valueRequired":true,"valueName":"search_term_string"}}],"inLanguage":"tr"}]}},"_links":{"self":[{"href":"https:\/\/myvize.com.tr\/kore\/wp-json\/wp\/v2\/pages\/274","targetHints":{"allow":["GET"]}}],"collection":[{"href":"https:\/\/myvize.com.tr\/kore\/wp-json\/wp\/v2\/pages"}],"about":[{"href":"https:\/\/myvize.com.tr\/kore\/wp-json\/wp\/v2\/types\/page"}],"author":[{"embeddable":true,"href":"https:\/\/myvize.com.tr\/kore\/wp-json\/wp\/v2\/users\/1"}],"replies":[{"embeddable":true,"href":"https:\/\/myvize.com.tr\/kore\/wp-json\/wp\/v2\/comments?post=274"}],"version-history":[{"count":4,"href":"https:\/\/myvize.com.tr\/kore\/wp-json\/wp\/v2\/pages\/274\/revisions"}],"predecessor-version":[{"id":366,"href":"https:\/\/myvize.com.tr\/kore\/wp-json\/wp\/v2\/pages\/274\/revisions\/366"}],"up":[{"embeddable":true,"href":"https:\/\/myvize.com.tr\/kore\/wp-json\/wp\/v2\/pages\/144"}],"wp:attachment":[{"href":"https:\/\/myvize.com.tr\/kore\/wp-json\/wp\/v2\/media?parent=274"}],"curies":[{"name":"wp","href":"https:\/\/api.w.org\/{rel}","templated":true}]}}