{"id":326,"date":"2021-06-28T15:15:56","date_gmt":"2021-06-28T12:15:56","guid":{"rendered":"https:\/\/myvize.com.tr\/katar\/?page_id=326"},"modified":"2021-06-28T15:15:58","modified_gmt":"2021-06-28T12:15:58","slug":"vize-basvurusu","status":"publish","type":"page","link":"https:\/\/myvize.com.tr\/katar\/vize-basvurusu\/","title":{"rendered":"Vize Ba\u015fvurusu"},"content":{"rendered":"\n<p>T\u00fcrkiye Cumhuriyeti ile Katar Devleti aras\u0131nda&nbsp;kar\u015f\u0131l\u0131kl\u0131 y\u00f6nde&nbsp;Diplomatik Pasaport, Hizmet Pasaportu ve Hususi Pasaport ta\u015f\u0131y\u0131c\u0131lar\u0131nda&nbsp;vize i\u015flemlerinden sorumsuz&nbsp;tutulmas\u0131n\u0131 \u00f6ng\u00f6ren Mutabakat Muht\u0131ras\u0131&#8217;da imzaland\u0131.<br>14 A\u011fustos 2010 tarihinde y\u00fcr\u00fcrl\u00fc\u011fe girmi\u015f olan bu Mutabakat Muht\u0131ras\u0131 \u00fczerinden T\u00fcrkiye&nbsp;foto\u011fraf\u0131&nbsp;pasaportlar\u0131 olarak&nbsp;kabul g\u00f6ren&nbsp;Diplomatik (Siyah ve K\u0131rm\u0131z\u0131) Pasaport, ve Hizmet (Gri) Pasaportu, Hususi (Ye\u015fil) Pasaport ta\u015f\u0131y\u0131c\u0131lar\u0131 T\u00fcrkiye Cumhuriyeti&nbsp;yurtta\u015flar\u0131&nbsp;Katar Devleti\u2019ne yapacaklar\u0131 gezintilerde Katar Konsoloslu\u011fu\u2019na Katar vizesi i\u00e7in&nbsp;m\u00fcracaat&nbsp;yapmak&nbsp;mecburiyetinde&nbsp;de\u011fildirler. Katar Devleti\u2019ne gezinti yapmak isteyen Umuma Mahsus (Bordo) Pasaport hamili T\u00fcrkiye Cumhuriyeti&nbsp;yurtta\u015flar\u0131&nbsp;ise Katar Devleti\u2019ne yapacaklar\u0131 gezintiler i\u00e7in Katar Konsoloslu\u011fu\u2019na vize i\u00e7in&nbsp;ba\u015fvuru&nbsp;etmekle y\u00fck\u00fcml\u00fcd\u00fcr.<\/p>\n\n\n\n<p>Katar vizesi&nbsp;m\u00fcracaatlar\u0131 Katar B\u00fcy\u00fckel\u00e7ili\u011fi\u2019ne, Katar Konsoloslu\u011fu\u2019na ve Katar Konsoloslu\u011fu taraf\u0131ndan yg\u00f6revlendirilmi\u015f vize ba\u015fvuru merkezleri ile Turizm\/Seyahat Acenteleri&nbsp;arac\u0131l\u0131\u011f\u0131yla&nbsp;yapabilirler. T\u00fcrkiye Cumhuriyeti Umuma Mahsus (Bordo) pasaport ta\u015f\u0131y\u0131lar\u0131 olan ki\u015filer Katar Devleti\u2019ne yapacaklar\u0131 gezintilerde Katar\u2019da bir otelden rezervasyon yapt\u0131rmak ve 100 Katar Riyali \u00f6demek&nbsp;\u015fart\u0131&nbsp;ile Katar\u2019da 2 hafta konaklama hakk\u0131 tan\u0131d\u0131\u011f\u0131 olan turistik vizelerini Doha Havaliman\u0131\u2019ndan alabilmektedir.<\/p>\n","protected":false},"excerpt":{"rendered":"<p>T\u00fcrkiye Cumhuriyeti ile Katar Devleti aras\u0131nda&nbsp;kar\u015f\u0131l\u0131kl\u0131 y\u00f6nde&nbsp;Diplomatik Pasaport, Hizmet Pasaportu ve Hususi Pasaport ta\u015f\u0131y\u0131c\u0131lar\u0131nda&nbsp;vize i\u015flemlerinden sorumsuz&nbsp;tutulmas\u0131n\u0131 \u00f6ng\u00f6ren Mutabakat Muht\u0131ras\u0131&#8217;da imzaland\u0131.14 A\u011fustos 2010 tarihinde y\u00fcr\u00fcrl\u00fc\u011fe girmi\u015f olan bu Mutabakat Muht\u0131ras\u0131 \u00fczerinden T\u00fcrkiye&nbsp;foto\u011fraf\u0131&nbsp;pasaportlar\u0131 olarak&nbsp;kabul g\u00f6ren&nbsp;Diplomatik (Siyah ve K\u0131rm\u0131z\u0131) Pasaport, ve Hizmet (Gri) Pasaportu, Hususi (Ye\u015fil) Pasaport ta\u015f\u0131y\u0131c\u0131lar\u0131 T\u00fcrkiye Cumhuriyeti&nbsp;yurtta\u015flar\u0131&nbsp;Katar Devleti\u2019ne yapacaklar\u0131 gezintilerde Katar Konsoloslu\u011fu\u2019na Katar vizesi i\u00e7in&nbsp;m\u00fcracaat&nbsp;yapmak&nbsp;mecburiyetinde&nbsp;de\u011fildirler.<\/p>\n","protected":false},"author":1,"featured_media":0,"parent":0,"menu_order":0,"comment_status":"closed","ping_status":"closed","template":"","meta":[],"yoast_head":"<!-- This site is optimized with the Yoast SEO plugin v16.4 - https:\/\/yoast.com\/wordpress\/plugins\/seo\/ -->\n<title>Vize Ba\u015fvurusu - Katar Vizesi<\/title>\n<meta name=\"robots\" content=\"index, follow, max-snippet:-1, max-image-preview:large, max-video-preview:-1\" \/>\n<link rel=\"canonical\" href=\"https:\/\/myvize.com.tr\/katar\/vize-basvurusu\/\" \/>\n<meta property=\"og:locale\" content=\"tr_TR\" \/>\n<meta property=\"og:type\" content=\"article\" \/>\n<meta property=\"og:title\" content=\"Vize Ba\u015fvurusu - Katar Vizesi\" \/>\n<meta property=\"og:description\" content=\"T\u00fcrkiye Cumhuriyeti ile Katar Devleti aras\u0131nda&nbsp;kar\u015f\u0131l\u0131kl\u0131 y\u00f6nde&nbsp;Diplomatik Pasaport, Hizmet Pasaportu ve Hususi Pasaport ta\u015f\u0131y\u0131c\u0131lar\u0131nda&nbsp;vize i\u015flemlerinden sorumsuz&nbsp;tutulmas\u0131n\u0131 \u00f6ng\u00f6ren Mutabakat Muht\u0131ras\u0131&#8217;da imzaland\u0131.14 A\u011fustos 2010 tarihinde y\u00fcr\u00fcrl\u00fc\u011fe girmi\u015f olan bu Mutabakat Muht\u0131ras\u0131 \u00fczerinden T\u00fcrkiye&nbsp;foto\u011fraf\u0131&nbsp;pasaportlar\u0131 olarak&nbsp;kabul g\u00f6ren&nbsp;Diplomatik (Siyah ve K\u0131rm\u0131z\u0131) Pasaport, ve Hizmet (Gri) Pasaportu, Hususi (Ye\u015fil) Pasaport ta\u015f\u0131y\u0131c\u0131lar\u0131 T\u00fcrkiye Cumhuriyeti&nbsp;yurtta\u015flar\u0131&nbsp;Katar Devleti\u2019ne yapacaklar\u0131 gezintilerde Katar Konsoloslu\u011fu\u2019na Katar vizesi i\u00e7in&nbsp;m\u00fcracaat&nbsp;yapmak&nbsp;mecburiyetinde&nbsp;de\u011fildirler.\" \/>\n<meta property=\"og:url\" content=\"https:\/\/myvize.com.tr\/katar\/vize-basvurusu\/\" \/>\n<meta property=\"og:site_name\" content=\"Katar Vizesi\" \/>\n<meta property=\"article:modified_time\" content=\"2021-06-28T12:15:58+00:00\" \/>\n<meta name=\"twitter:card\" content=\"summary_large_image\" \/>\n<meta name=\"twitter:label1\" content=\"Tahmini okuma s\u00fcresi\" \/>\n\t<meta name=\"twitter:data1\" content=\"1 dakika\" \/>\n<script type=\"application\/ld+json\" class=\"yoast-schema-graph\">{\"@context\":\"https:\/\/schema.org\",\"@graph\":[{\"@type\":\"WebSite\",\"@id\":\"https:\/\/myvize.com.tr\/katar\/#website\",\"url\":\"https:\/\/myvize.com.tr\/katar\/\",\"name\":\"Katar Vizesi\",\"description\":\"\",\"potentialAction\":[{\"@type\":\"SearchAction\",\"target\":\"https:\/\/myvize.com.tr\/katar\/?s={search_term_string}\",\"query-input\":\"required name=search_term_string\"}],\"inLanguage\":\"tr\"},{\"@type\":\"WebPage\",\"@id\":\"https:\/\/myvize.com.tr\/katar\/vize-basvurusu\/#webpage\",\"url\":\"https:\/\/myvize.com.tr\/katar\/vize-basvurusu\/\",\"name\":\"Vize Ba\\u015fvurusu - Katar Vizesi\",\"isPartOf\":{\"@id\":\"https:\/\/myvize.com.tr\/katar\/#website\"},\"datePublished\":\"2021-06-28T12:15:56+00:00\",\"dateModified\":\"2021-06-28T12:15:58+00:00\",\"breadcrumb\":{\"@id\":\"https:\/\/myvize.com.tr\/katar\/vize-basvurusu\/#breadcrumb\"},\"inLanguage\":\"tr\",\"potentialAction\":[{\"@type\":\"ReadAction\",\"target\":[\"https:\/\/myvize.com.tr\/katar\/vize-basvurusu\/\"]}]},{\"@type\":\"BreadcrumbList\",\"@id\":\"https:\/\/myvize.com.tr\/katar\/vize-basvurusu\/#breadcrumb\",\"itemListElement\":[{\"@type\":\"ListItem\",\"position\":1,\"item\":{\"@type\":\"WebPage\",\"@id\":\"https:\/\/myvize.com.tr\/katar\/\",\"url\":\"https:\/\/myvize.com.tr\/katar\/\",\"name\":\"Anasayfa\"}},{\"@type\":\"ListItem\",\"position\":2,\"item\":{\"@id\":\"https:\/\/myvize.com.tr\/katar\/vize-basvurusu\/#webpage\"}}]}]}<\/script>\n<!-- \/ Yoast SEO plugin. -->","_links":{"self":[{"href":"https:\/\/myvize.com.tr\/katar\/wp-json\/wp\/v2\/pages\/326"}],"collection":[{"href":"https:\/\/myvize.com.tr\/katar\/wp-json\/wp\/v2\/pages"}],"about":[{"href":"https:\/\/myvize.com.tr\/katar\/wp-json\/wp\/v2\/types\/page"}],"author":[{"embeddable":true,"href":"https:\/\/myvize.com.tr\/katar\/wp-json\/wp\/v2\/users\/1"}],"replies":[{"embeddable":true,"href":"https:\/\/myvize.com.tr\/katar\/wp-json\/wp\/v2\/comments?post=326"}],"version-history":[{"count":1,"href":"https:\/\/myvize.com.tr\/katar\/wp-json\/wp\/v2\/pages\/326\/revisions"}],"predecessor-version":[{"id":328,"href":"https:\/\/myvize.com.tr\/katar\/wp-json\/wp\/v2\/pages\/326\/revisions\/328"}],"wp:attachment":[{"href":"https:\/\/myvize.com.tr\/katar\/wp-json\/wp\/v2\/media?parent=326"}],"curies":[{"name":"wp","href":"https:\/\/api.w.org\/{rel}","templated":true}]}}