{"id":88,"date":"2020-11-30T13:05:51","date_gmt":"2020-11-30T10:05:51","guid":{"rendered":"http:\/\/myvize.com.tr\/japonya\/?page_id=88"},"modified":"2021-11-09T12:13:22","modified_gmt":"2021-11-09T09:13:22","slug":"bodrum-fahri-konsoloslugu","status":"publish","type":"page","link":"https:\/\/myvize.com.tr\/japonya\/konsolosluklar\/bodrum-fahri-konsoloslugu\/","title":{"rendered":"Japonya Bodrum Fahri Konsoloslu\u011fu"},"content":{"rendered":"<h2><span style=\"font-family: Roboto; font-size: 27px;\"><strong>Japonya Bodrum Konsoloslu\u011fu<\/strong><\/span><\/h2>\n<p><span style=\"font-family: Roboto; font-size: 14px;\"><strong>Japonya Bodrum Fahri Konsoloslu\u011fu<\/strong>, Japonya Devleti\u2019nin resmi olmayan temsilciliklerindendir. Diplomatik bir yetki verilmemi\u015ftir. Bodrum\u2019da ba\u015fkonsolosluk ya da Konsolosluk kurulmas\u0131na gerek g\u00f6r\u00fclmedi\u011fi i\u00e7in <strong>Japonya Bodrum Fahri Konsoloslu\u011fu<\/strong> kurulmu\u015ftur.<\/span><\/p>\n<p><span style=\"font-family: Roboto; font-size: 14px;\">Japonya Bodrum Fahri Konsoloslu\u011fu\u2019nun as\u0131l amac\u0131, Japonya ile Bodrum b\u00f6lgesi aras\u0131ndaki ticari ili\u015fkileri g\u00fc\u00e7lendirmektir. Japonya ve T\u00fcrkiye aras\u0131nda yeni yat\u0131r\u0131m alanlar\u0131 ve yeni ekonomik i\u015fbirlikleri yaratmay\u0131 ama\u00e7lamaktad\u0131r.<\/span><\/p>\n<p><span style=\"font-family: Roboto; font-size: 14px;\">Resmi bir temsilcilik olmad\u0131\u011f\u0131ndan konsolosluk hizmet verme yetkisi yoktur. Sadece acil durumlarda belge tasdiki gibi noterlik i\u015flemlerini yapabilmektedir. Ayn\u0131 zamanda vize ba\u015fvurular\u0131n\u0131 kabul etme ve de\u011ferlendirme yetkisi de yoktur. Bunun yerine konsolosluk i\u015flemleri ve <span style=\"color: #2acec2;\"><strong><a style=\"color: #2acec2;\" href=\"https:\/\/myvize.com.tr\/japonya\/vize-islemleri\/\" target=\"_blank\" rel=\"noopener\">vize i\u015flemleri <\/a><\/strong><\/span>ba\u015fvurular\u0131n\u0131z\u0131 Japonya ba\u015fkonsolosluklar\u0131na ve konsolosluklar\u0131na yapabilirsiniz.<\/span><\/p>\n<h2><span style=\"font-family: Roboto; font-size: 27px;\"><strong>\u00c7al\u0131\u015fma Saatleri<\/strong><\/span><\/h2>\n<p><span style=\"font-family: Roboto; font-size: 14px;\"><strong>Japonya Bodrum Fahri Konsoloslu\u011fu<\/strong> hafta i\u00e7i saat 09.30 ile 18.00 aras\u0131nda \u00e7al\u0131\u015fmaktad\u0131r. Japonya Bodrum Fahri Konsoloslu\u011fu; hafta sonlar\u0131, <strong>Japonya Devleti<\/strong> resmi tatilleri ve T\u00fcrkiye Cumhuriyeti resmi tatillerinde hizmet vermemektedir.\u00a0<\/span><\/p>\n<p><span style=\"font-family: Roboto; font-size: 14px;\"><span style=\"color: #2acec2;\"><strong><a style=\"color: #2acec2;\" href=\"https:\/\/myvize.com.tr\/japonya\/vize-islemleri\/japonya-vatandaslik-islemleri\/\" target=\"_blank\" rel=\"noopener\">Japonya Vatanda\u015fl\u0131k \u0130\u015flemleri<\/a><\/strong><\/span>\u00a0ile ilgili bilgi almak i\u00e7in bizi aray\u0131n\u0131z.<\/span><\/p>\n<h2><span style=\"font-family: Roboto; font-size: 27px;\"><strong>Japonya Bodrum Fahri Konsoloslu\u011fu Hakk\u0131nda<\/strong><\/span><\/h2>\n<p><span style=\"font-family: Roboto; font-size: 14px;\"><strong>Fahri konsolosluklar<\/strong>, \u00e7o\u011funlukla kendi faaliyet alanlar\u0131nda bulunan ki\u015filere hizmet verirler.\u00a0<strong>Bodrum Fahri Konsoloslu\u011fu<\/strong>\u00a0kendi faaliyet alanlar\u0131nda yer alanlara evlilik, bo\u015fanma, belge tasdiki gibi konularda hizmet sa\u011flarlar. Ancak bu tarz i\u015flemlerde yaln\u0131zca bilgi sunmaktad\u0131r. Karar mercii olarak hizmet vermeyen bir kurumdur. <strong>Bodrum Fahri Konsoloslu\u011fu<\/strong>nun vize ba\u015fvurusunu kabul etme yetkisi yoktur. Vize ba\u015fvurusunda bulunacak olanlar\u0131, bu konuda yetkili olan B\u00fcy\u00fckel\u00e7iliklere y\u00f6nlendirirler. Bu \u015fekilde <strong>vize i\u015flemleri<\/strong> i\u00e7in gerekli olan i\u015flemler B\u00fcy\u00fckel\u00e7ilikler arac\u0131l\u0131\u011f\u0131yla yap\u0131labilir. <strong>Vize ba\u015fvurular\u0131<\/strong> i\u00e7in gerekli olan evraklar do\u011fru bir \u015fekilde haz\u0131rland\u0131\u011f\u0131 zaman ba\u015fvuru s\u00fcre\u00e7leri daha h\u0131zl\u0131 bir \u015fekilde y\u00fcr\u00fct\u00fclebilir.<\/span><\/p>\n<p><span style=\"font-family: Roboto; font-size: 14px;\">Bodrum Fahri Konsolosluklar\u0131ndan gerekli olan i\u015flemlerin yap\u0131labilmesi i\u00e7in \u00e7al\u0131\u015fma saatlerine dikkat edilmesi gerekir. Fahri konsolosluklardan farkl\u0131 \u00fclkeler i\u00e7in hizmet talep edilebilir. <strong>Japonya<\/strong> \u00fclkesi i\u00e7in de fahri konsolosluklar bulunmaktad\u0131r. Bodrumda ikamet eden ki\u015filer bo\u015fanma , evlilik gibi durumlar\u0131 i\u00e7in <strong>Fahri konsolosluklar\u0131<\/strong>n yard\u0131m\u0131ndan faydalanabilirler. Yeni y\u0131l, Paskalya cumas\u0131, Emek ve dayan\u0131\u015fma g\u00fcn\u00fc gibi g\u00fcnlerde ve bayramlarda <strong>Konsolosluk<\/strong> hizmet vermez. Bu g\u00fcnler d\u0131\u015f\u0131ndaki g\u00fcnlerde konsolosluktan hizmet alabilmek m\u00fcmk\u00fcnd\u00fcr.<\/span><\/p>\n<p><span style=\"font-family: Roboto; font-size: 14px;\"><span style=\"color: #2acec2;\"><strong><a style=\"color: #2acec2;\" href=\"https:\/\/myvize.com.tr\/japonya\/vize-islemleri\/japonya-turistik-vize\/\" target=\"_blank\" rel=\"noopener\">Japonya Turistik Vize<\/a><\/strong><\/span> ile ilgili bilgi almak i\u00e7in bizi aray\u0131n\u0131z.<\/span><\/p>\n","protected":false},"excerpt":{"rendered":"<p>Japonya Bodrum Konsoloslu\u011fu Japonya Bodrum Fahri Konsoloslu\u011fu, Japonya Devleti\u2019nin resmi olmayan temsilciliklerindendir. Diplomatik bir yetki verilmemi\u015ftir. Bodrum\u2019da ba\u015fkonsolosluk ya da Konsolosluk kurulmas\u0131na gerek g\u00f6r\u00fclmedi\u011fi i\u00e7in Japonya Bodrum Fahri Konsoloslu\u011fu kurulmu\u015ftur. Japonya Bodrum Fahri Konsoloslu\u011fu\u2019nun as\u0131l amac\u0131, Japonya ile Bodrum b\u00f6lgesi aras\u0131ndaki ticari ili\u015fkileri g\u00fc\u00e7lendirmektir. Japonya ve T\u00fcrkiye aras\u0131nda yeni yat\u0131r\u0131m alanlar\u0131 ve yeni ekonomik i\u015fbirlikleri<\/p>\n","protected":false},"author":2,"featured_media":0,"parent":69,"menu_order":0,"comment_status":"closed","ping_status":"closed","template":"","meta":[],"yoast_head":"<!-- This site is optimized with the Yoast SEO plugin v16.4 - https:\/\/yoast.com\/wordpress\/plugins\/seo\/ -->\n<title>Japonya Bodrum Fahri Konsoloslu\u011fu - MyVize Vize Ba\u015fvuru Merkezi<\/title>\n<meta name=\"description\" content=\"Japonya Bodrum Fahri Konsoloslu\u011fu \u0130leti\u015fim Bilgileri Telefon Numaras\u0131 Mail Adresi Bilgileri \u0130\u00e7erir. Japonya Vize Dan\u0131\u015fman\u0131 \u0130\u00e7in Hemen Aray\u0131n.\" \/>\n<meta name=\"robots\" content=\"index, follow, max-snippet:-1, max-image-preview:large, max-video-preview:-1\" \/>\n<link rel=\"canonical\" href=\"https:\/\/myvize.com.tr\/japonya\/konsolosluklar\/bodrum-fahri-konsoloslugu\/\" \/>\n<meta property=\"og:locale\" content=\"tr_TR\" \/>\n<meta property=\"og:type\" content=\"article\" \/>\n<meta property=\"og:title\" content=\"Japonya Bodrum Fahri Konsoloslu\u011fu - MyVize Vize Ba\u015fvuru Merkezi\" \/>\n<meta property=\"og:description\" content=\"Japonya Bodrum Fahri Konsoloslu\u011fu \u0130leti\u015fim Bilgileri Telefon Numaras\u0131 Mail Adresi Bilgileri \u0130\u00e7erir. Japonya Vize Dan\u0131\u015fman\u0131 \u0130\u00e7in Hemen Aray\u0131n.\" \/>\n<meta property=\"og:url\" content=\"https:\/\/myvize.com.tr\/japonya\/konsolosluklar\/bodrum-fahri-konsoloslugu\/\" \/>\n<meta property=\"og:site_name\" content=\"Japonya Vizesi\" \/>\n<meta property=\"article:modified_time\" content=\"2021-11-09T09:13:22+00:00\" \/>\n<meta name=\"twitter:card\" content=\"summary_large_image\" \/>\n<meta name=\"twitter:label1\" content=\"Tahmini okuma s\u00fcresi\" \/>\n\t<meta name=\"twitter:data1\" content=\"2 dakika\" \/>\n<script type=\"application\/ld+json\" class=\"yoast-schema-graph\">{\"@context\":\"https:\/\/schema.org\",\"@graph\":[{\"@type\":\"WebSite\",\"@id\":\"https:\/\/myvize.com.tr\/japonya\/#website\",\"url\":\"https:\/\/myvize.com.tr\/japonya\/\",\"name\":\"Japonya Vizesi\",\"description\":\"\",\"potentialAction\":[{\"@type\":\"SearchAction\",\"target\":\"https:\/\/myvize.com.tr\/japonya\/?s={search_term_string}\",\"query-input\":\"required name=search_term_string\"}],\"inLanguage\":\"tr\"},{\"@type\":\"WebPage\",\"@id\":\"https:\/\/myvize.com.tr\/japonya\/konsolosluklar\/bodrum-fahri-konsoloslugu\/#webpage\",\"url\":\"https:\/\/myvize.com.tr\/japonya\/konsolosluklar\/bodrum-fahri-konsoloslugu\/\",\"name\":\"Japonya Bodrum Fahri Konsoloslu\\u011fu - MyVize Vize Ba\\u015fvuru Merkezi\",\"isPartOf\":{\"@id\":\"https:\/\/myvize.com.tr\/japonya\/#website\"},\"datePublished\":\"2020-11-30T10:05:51+00:00\",\"dateModified\":\"2021-11-09T09:13:22+00:00\",\"description\":\"Japonya Bodrum Fahri Konsoloslu\\u011fu \\u0130leti\\u015fim Bilgileri Telefon Numaras\\u0131 Mail Adresi Bilgileri \\u0130\\u00e7erir. Japonya Vize Dan\\u0131\\u015fman\\u0131 \\u0130\\u00e7in Hemen Aray\\u0131n.\",\"breadcrumb\":{\"@id\":\"https:\/\/myvize.com.tr\/japonya\/konsolosluklar\/bodrum-fahri-konsoloslugu\/#breadcrumb\"},\"inLanguage\":\"tr\",\"potentialAction\":[{\"@type\":\"ReadAction\",\"target\":[\"https:\/\/myvize.com.tr\/japonya\/konsolosluklar\/bodrum-fahri-konsoloslugu\/\"]}]},{\"@type\":\"BreadcrumbList\",\"@id\":\"https:\/\/myvize.com.tr\/japonya\/konsolosluklar\/bodrum-fahri-konsoloslugu\/#breadcrumb\",\"itemListElement\":[{\"@type\":\"ListItem\",\"position\":1,\"item\":{\"@type\":\"WebPage\",\"@id\":\"https:\/\/myvize.com.tr\/japonya\/\",\"url\":\"https:\/\/myvize.com.tr\/japonya\/\",\"name\":\"Anasayfa\"}},{\"@type\":\"ListItem\",\"position\":2,\"item\":{\"@type\":\"WebPage\",\"@id\":\"https:\/\/myvize.com.tr\/japonya\/konsolosluklar\/\",\"url\":\"https:\/\/myvize.com.tr\/japonya\/konsolosluklar\/\",\"name\":\"KONSOLOSLUKLAR\"}},{\"@type\":\"ListItem\",\"position\":3,\"item\":{\"@id\":\"https:\/\/myvize.com.tr\/japonya\/konsolosluklar\/bodrum-fahri-konsoloslugu\/#webpage\"}}]}]}<\/script>\n<!-- \/ Yoast SEO plugin. -->","_links":{"self":[{"href":"https:\/\/myvize.com.tr\/japonya\/wp-json\/wp\/v2\/pages\/88"}],"collection":[{"href":"https:\/\/myvize.com.tr\/japonya\/wp-json\/wp\/v2\/pages"}],"about":[{"href":"https:\/\/myvize.com.tr\/japonya\/wp-json\/wp\/v2\/types\/page"}],"author":[{"embeddable":true,"href":"https:\/\/myvize.com.tr\/japonya\/wp-json\/wp\/v2\/users\/2"}],"replies":[{"embeddable":true,"href":"https:\/\/myvize.com.tr\/japonya\/wp-json\/wp\/v2\/comments?post=88"}],"version-history":[{"count":5,"href":"https:\/\/myvize.com.tr\/japonya\/wp-json\/wp\/v2\/pages\/88\/revisions"}],"predecessor-version":[{"id":520,"href":"https:\/\/myvize.com.tr\/japonya\/wp-json\/wp\/v2\/pages\/88\/revisions\/520"}],"up":[{"embeddable":true,"href":"https:\/\/myvize.com.tr\/japonya\/wp-json\/wp\/v2\/pages\/69"}],"wp:attachment":[{"href":"https:\/\/myvize.com.tr\/japonya\/wp-json\/wp\/v2\/media?parent=88"}],"curies":[{"name":"wp","href":"https:\/\/api.w.org\/{rel}","templated":true}]}}