{"id":86,"date":"2020-11-30T13:05:31","date_gmt":"2020-11-30T10:05:31","guid":{"rendered":"http:\/\/myvize.com.tr\/japonya\/?page_id=86"},"modified":"2021-11-09T12:12:43","modified_gmt":"2021-11-09T09:12:43","slug":"edirne-fahri-konsoloslugu","status":"publish","type":"page","link":"https:\/\/myvize.com.tr\/japonya\/konsolosluklar\/edirne-fahri-konsoloslugu\/","title":{"rendered":"Japonya Edirne Fahri Konsoloslu\u011fu"},"content":{"rendered":"<h2><span style=\"font-family: Roboto; font-size: 27px;\"><strong>Japonya Edirne Konsoloslu\u011fu<\/strong><\/span><\/h2>\n<p><span style=\"font-family: Roboto; font-size: 14px;\"><strong>Japonya Edirne Fahri Konsoloslu\u011fu<\/strong>, Japonya\u2019n\u0131n T\u00fcrkiye\u2019de bulunan temsilciliklerindendir. Ancak resmi ya da diplomatik bir yetkisi yoktur. Do\u011frudan Japonya D\u0131\u015fi\u015flerine ba\u011fl\u0131 de\u011fildir.<span style=\"color: #2acec2;\"><strong><a style=\"color: #2acec2;\" href=\"https:\/\/myvize.com.tr\/japonya\/konsolosluklar\/ankara-buyukelciligi\/\" target=\"_blank\" rel=\"noopener\"> Japonya Ankara B\u00fcy\u00fckel\u00e7ili\u011fi<\/a><\/strong><\/span>\u2019ne ba\u011fl\u0131 olarak faaliyet g\u00f6stermektedir. Japonya ba\u015fkonsoloslu\u011fu ya da konsoloslu\u011fu kurulmas\u0131na gerek g\u00f6r\u00fclmeyen Edirne\u2019de kurulmu\u015ftur.<\/span><\/p>\n<p><span style=\"font-family: Roboto; font-size: 14px;\">Japonya Edirne Fahri Konsoloslu\u011fu\u2019nun birincil amac\u0131 Japonya ile T\u00fcrkiye aras\u0131ndaki ticari ili\u015fkileri geli\u015ftirmektir. Japonya i\u00e7in yeni yat\u0131r\u0131m alanlar\u0131 ya da ekonomik i\u015fbirlikleri aramaktad\u0131r. Japonya Devleti\u2019nin ekonomik \u00e7\u0131karlar\u0131n\u0131 g\u00f6zetmektedir.<\/span><\/p>\n<p><span style=\"font-family: Roboto; font-size: 14px;\"><strong>Japonya Edirne Fahri Konsoloslu\u011fu<\/strong>, Japonya vatanda\u015flar\u0131na evrak tasdiki gibi noter hizmetleri vermektedir. Ancak konsolosluk hizmeti verme yetkisi yoktur. Ayn\u0131 zamanda T\u00fcrkiye Cumhuriyeti vatanda\u015flar\u0131n\u0131n vize ba\u015fvurular\u0131n\u0131 kabul etme ve de\u011ferlendirme yetkisi de verilmemi\u015ftir. Bu i\u015flemleri i\u00e7in en yak\u0131n <strong>Japonya Ba\u015fkonsoloslu\u011fu<\/strong> ya da Konsoloslu\u011fu\u2019na ba\u015fvurman\u0131z gerekecektir.<\/span><\/p>\n<h2><span style=\"font-family: Roboto; font-size: 27px;\"><strong>Japonya<\/strong><strong>\u00a0<\/strong><strong>Edirne<\/strong><strong> Fahri Konsoloslu\u011fu\u00a0 \u00c7al\u0131\u015fma Saatleri<\/strong><\/span><\/h2>\n<p><span style=\"font-family: Roboto; font-size: 14px;\">Japonya Edirne Fahri Konsoloslu\u011fu hafta i\u00e7i her g\u00fcn saat 08.00 ile saat 17.00 aras\u0131nda hizmet vermektedir. Japonya resmi tatilleri ve T\u00fcrkiye resmi tatillerinde hizmet verilmemektedir.<\/span><\/p>\n<h2><span style=\"font-family: Roboto; font-size: 27px;\"><strong>Japonya Edirne Fahri Konsoloslu\u011fu Hakk\u0131nda<\/strong><\/span><\/h2>\n<p><span style=\"font-family: Roboto; font-size: 14px;\"><strong>Fahri Konsolosluklar<\/strong>, k\u0131sa s\u00fcreli vize i\u015flemlerinin yap\u0131labildi\u011fi kurumlardand\u0131r. Baz\u0131 <strong>Konsolosluklar<\/strong> bu durumdan muaf olabilirler. Ama genel olarak vize i\u015flemlerini buradan y\u00fcr\u00fctebilmek m\u00fcmk\u00fcnd\u00fcr. <strong>Edirne Fahri Konsoloslu\u011fu<\/strong> arac\u0131l\u0131\u011f\u0131yla ticari vize, turistik vize, aile ziyareti vizesi ya da transit vize gibi vizeler al\u0131nabilir. Bu vizeler almak isteyen ki\u015filerin, alacak olduklar\u0131 vize t\u00fcr\u00fcne uygun olan evraklar\u0131 haz\u0131rlamas\u0131 gerekir.\u00a0 Evrak haz\u0131rl\u0131klar\u0131 ne kadar h\u0131zl\u0131 olursa, <strong>vize i\u015flemleri<\/strong>nin sonu\u00e7lanmas\u0131 da o kadar h\u0131zl\u0131 olur.\u00a0<strong>Edirne Fahri Konsoloslu\u011fu<\/strong>\u00a0kom\u015fu illerin vize i\u015flemleri konusunda da yard\u0131mc\u0131 olur. K\u0131rklareli ve Tekirda\u011f \u015fehirleri de Konsoloslu\u011fun g\u00f6rev b\u00f6lgeleri i\u00e7erisindedir.<\/span><\/p>\n<p><span style=\"font-family: Roboto; font-size: 14px;\">T\u00fcrkiye\u2019de ikamet eden vatanda\u015flar Konsolosluk \u00fczerinden farkl\u0131 i\u015flemleri de y\u00fcr\u00fctebilir. <strong>Edirne Fahri Konsoloslu\u011fu<\/strong> ile yabanc\u0131lar i\u00e7in yap\u0131labilecek olan di\u011fer i\u015flemler \u015funlard\u0131r;<\/span><\/p>\n<ul>\n<li><span style=\"font-family: Roboto; font-size: 14px;\">Evlilik<\/span><\/li>\n<li><span style=\"font-family: Roboto; font-size: 14px;\">Dirim belgesi<\/span><\/li>\n<li><span style=\"font-family: Roboto; font-size: 14px;\">Belge tasdiki<\/span><\/li>\n<li><span style=\"font-family: Roboto; font-size: 14px;\">Vatanda\u015fl\u0131k belgesi<\/span><\/li>\n<li><span style=\"font-family: Roboto; font-size: 14px;\">Pasaport gibi i\u015flemlerde y\u00fcr\u00fct\u00fclebilir.<\/span><\/li>\n<\/ul>\n<p><span style=\"font-family: Roboto; font-size: 14px;\">Ancak bu i\u015flemlerde yaln\u0131zca bilgi ama\u00e7l\u0131 olarak ba\u015fvuru yap\u0131labilir. Bu i\u015flemler belli bir i\u015fleyi\u015fe g\u00f6re y\u00fcr\u00fcr. Konsolosluklarda g\u00f6rev alan ki\u015filer bu konuda uzman haline gelmi\u015ftir. B\u00f6ylece i\u015flemlerin k\u0131sa s\u00fcrede yap\u0131labilmesi i\u00e7in, vatanda\u015flara yak\u0131ndan yard\u0131mc\u0131 olmaya \u00e7al\u0131\u015f\u0131rlar.<\/span><\/p>\n<p><span style=\"font-family: Roboto; font-size: 14px;\"><strong><span style=\"color: #2acec2;\"><a style=\"color: #2acec2;\" href=\"https:\/\/myvize.com.tr\/japonya\/vize-islemleri\/japonya-ticari-vize\/\" target=\"_blank\" rel=\"noopener\">Japonya Ticari Vize<\/a><\/span><\/strong> ile ilgili bilgi almak i\u00e7in bizi aray\u0131n\u0131z.<\/span><\/p>\n","protected":false},"excerpt":{"rendered":"<p>Japonya Edirne Konsoloslu\u011fu Japonya Edirne Fahri Konsoloslu\u011fu, Japonya\u2019n\u0131n T\u00fcrkiye\u2019de bulunan temsilciliklerindendir. Ancak resmi ya da diplomatik bir yetkisi yoktur. Do\u011frudan Japonya D\u0131\u015fi\u015flerine ba\u011fl\u0131 de\u011fildir. Japonya Ankara B\u00fcy\u00fckel\u00e7ili\u011fi\u2019ne ba\u011fl\u0131 olarak faaliyet g\u00f6stermektedir. Japonya ba\u015fkonsoloslu\u011fu ya da konsoloslu\u011fu kurulmas\u0131na gerek g\u00f6r\u00fclmeyen Edirne\u2019de kurulmu\u015ftur. Japonya Edirne Fahri Konsoloslu\u011fu\u2019nun birincil amac\u0131 Japonya ile T\u00fcrkiye aras\u0131ndaki ticari ili\u015fkileri geli\u015ftirmektir. Japonya<\/p>\n","protected":false},"author":2,"featured_media":0,"parent":69,"menu_order":0,"comment_status":"closed","ping_status":"closed","template":"","meta":[],"yoast_head":"<!-- This site is optimized with the Yoast SEO plugin v16.4 - https:\/\/yoast.com\/wordpress\/plugins\/seo\/ -->\n<title>Japonya Edirne Fahri Konsoloslu\u011fu - MyVize Vize Ba\u015fvuru Merkezi<\/title>\n<meta name=\"description\" content=\"Japonya Edirne Fahri Konsoloslu\u011fu \u0130leti\u015fim Bilgileri Telefon Numaras\u0131 Mail Adresi Bilgileri \u0130\u00e7erir. Japonya Vize Dan\u0131\u015fman\u0131 \u0130\u00e7in Hemen Aray\u0131n.\" \/>\n<meta name=\"robots\" content=\"index, follow, max-snippet:-1, max-image-preview:large, max-video-preview:-1\" \/>\n<link rel=\"canonical\" href=\"https:\/\/myvize.com.tr\/japonya\/konsolosluklar\/edirne-fahri-konsoloslugu\/\" \/>\n<meta property=\"og:locale\" content=\"tr_TR\" \/>\n<meta property=\"og:type\" content=\"article\" \/>\n<meta property=\"og:title\" content=\"Japonya Edirne Fahri Konsoloslu\u011fu - MyVize Vize Ba\u015fvuru Merkezi\" \/>\n<meta property=\"og:description\" content=\"Japonya Edirne Fahri Konsoloslu\u011fu \u0130leti\u015fim Bilgileri Telefon Numaras\u0131 Mail Adresi Bilgileri \u0130\u00e7erir. Japonya Vize Dan\u0131\u015fman\u0131 \u0130\u00e7in Hemen Aray\u0131n.\" \/>\n<meta property=\"og:url\" content=\"https:\/\/myvize.com.tr\/japonya\/konsolosluklar\/edirne-fahri-konsoloslugu\/\" \/>\n<meta property=\"og:site_name\" content=\"Japonya Vizesi\" \/>\n<meta property=\"article:modified_time\" content=\"2021-11-09T09:12:43+00:00\" \/>\n<meta name=\"twitter:card\" content=\"summary_large_image\" \/>\n<meta name=\"twitter:label1\" content=\"Tahmini okuma s\u00fcresi\" \/>\n\t<meta name=\"twitter:data1\" content=\"2 dakika\" \/>\n<script type=\"application\/ld+json\" class=\"yoast-schema-graph\">{\"@context\":\"https:\/\/schema.org\",\"@graph\":[{\"@type\":\"WebSite\",\"@id\":\"https:\/\/myvize.com.tr\/japonya\/#website\",\"url\":\"https:\/\/myvize.com.tr\/japonya\/\",\"name\":\"Japonya Vizesi\",\"description\":\"\",\"potentialAction\":[{\"@type\":\"SearchAction\",\"target\":\"https:\/\/myvize.com.tr\/japonya\/?s={search_term_string}\",\"query-input\":\"required name=search_term_string\"}],\"inLanguage\":\"tr\"},{\"@type\":\"WebPage\",\"@id\":\"https:\/\/myvize.com.tr\/japonya\/konsolosluklar\/edirne-fahri-konsoloslugu\/#webpage\",\"url\":\"https:\/\/myvize.com.tr\/japonya\/konsolosluklar\/edirne-fahri-konsoloslugu\/\",\"name\":\"Japonya Edirne Fahri Konsoloslu\\u011fu - MyVize Vize Ba\\u015fvuru Merkezi\",\"isPartOf\":{\"@id\":\"https:\/\/myvize.com.tr\/japonya\/#website\"},\"datePublished\":\"2020-11-30T10:05:31+00:00\",\"dateModified\":\"2021-11-09T09:12:43+00:00\",\"description\":\"Japonya Edirne Fahri Konsoloslu\\u011fu \\u0130leti\\u015fim Bilgileri Telefon Numaras\\u0131 Mail Adresi Bilgileri \\u0130\\u00e7erir. Japonya Vize Dan\\u0131\\u015fman\\u0131 \\u0130\\u00e7in Hemen Aray\\u0131n.\",\"breadcrumb\":{\"@id\":\"https:\/\/myvize.com.tr\/japonya\/konsolosluklar\/edirne-fahri-konsoloslugu\/#breadcrumb\"},\"inLanguage\":\"tr\",\"potentialAction\":[{\"@type\":\"ReadAction\",\"target\":[\"https:\/\/myvize.com.tr\/japonya\/konsolosluklar\/edirne-fahri-konsoloslugu\/\"]}]},{\"@type\":\"BreadcrumbList\",\"@id\":\"https:\/\/myvize.com.tr\/japonya\/konsolosluklar\/edirne-fahri-konsoloslugu\/#breadcrumb\",\"itemListElement\":[{\"@type\":\"ListItem\",\"position\":1,\"item\":{\"@type\":\"WebPage\",\"@id\":\"https:\/\/myvize.com.tr\/japonya\/\",\"url\":\"https:\/\/myvize.com.tr\/japonya\/\",\"name\":\"Anasayfa\"}},{\"@type\":\"ListItem\",\"position\":2,\"item\":{\"@type\":\"WebPage\",\"@id\":\"https:\/\/myvize.com.tr\/japonya\/konsolosluklar\/\",\"url\":\"https:\/\/myvize.com.tr\/japonya\/konsolosluklar\/\",\"name\":\"KONSOLOSLUKLAR\"}},{\"@type\":\"ListItem\",\"position\":3,\"item\":{\"@id\":\"https:\/\/myvize.com.tr\/japonya\/konsolosluklar\/edirne-fahri-konsoloslugu\/#webpage\"}}]}]}<\/script>\n<!-- \/ Yoast SEO plugin. -->","_links":{"self":[{"href":"https:\/\/myvize.com.tr\/japonya\/wp-json\/wp\/v2\/pages\/86"}],"collection":[{"href":"https:\/\/myvize.com.tr\/japonya\/wp-json\/wp\/v2\/pages"}],"about":[{"href":"https:\/\/myvize.com.tr\/japonya\/wp-json\/wp\/v2\/types\/page"}],"author":[{"embeddable":true,"href":"https:\/\/myvize.com.tr\/japonya\/wp-json\/wp\/v2\/users\/2"}],"replies":[{"embeddable":true,"href":"https:\/\/myvize.com.tr\/japonya\/wp-json\/wp\/v2\/comments?post=86"}],"version-history":[{"count":5,"href":"https:\/\/myvize.com.tr\/japonya\/wp-json\/wp\/v2\/pages\/86\/revisions"}],"predecessor-version":[{"id":519,"href":"https:\/\/myvize.com.tr\/japonya\/wp-json\/wp\/v2\/pages\/86\/revisions\/519"}],"up":[{"embeddable":true,"href":"https:\/\/myvize.com.tr\/japonya\/wp-json\/wp\/v2\/pages\/69"}],"wp:attachment":[{"href":"https:\/\/myvize.com.tr\/japonya\/wp-json\/wp\/v2\/media?parent=86"}],"curies":[{"name":"wp","href":"https:\/\/api.w.org\/{rel}","templated":true}]}}