{"id":43,"date":"2020-11-30T12:47:27","date_gmt":"2020-11-30T09:47:27","guid":{"rendered":"http:\/\/myvize.com.tr\/japonya\/?page_id=43"},"modified":"2021-12-07T17:34:12","modified_gmt":"2021-12-07T14:34:12","slug":"japonya-calisma-izni","status":"publish","type":"page","link":"https:\/\/myvize.com.tr\/japonya\/vize-islemleri\/japonya-calisma-izni\/","title":{"rendered":"Japonya \u00c7al\u0131\u015fma \u0130zni"},"content":{"rendered":"<p><span style=\"font-family: Roboto;\"><\/span><\/p>\r\n<p><span style=\"font-family: Roboto; font-size: 14px;\"><strong>Japonya \u00e7al\u0131\u015fma vizesi<\/strong> i\u00e7in Japonya d\u0131\u015f temsilciliklerine ba\u015fvuruda bulunulmas\u0131 gerekmektedir. Gerekli evraklar\u0131n haz\u0131rlanabilmesi i\u00e7in ki\u015filer Japonya d\u0131\u015f temsilcilikleri taraf\u0131ndan yetki verilmi\u015f ba\u015fvuru merkezleri veya yetkili seyahat acenteleri ile g\u00f6r\u00fc\u015febilirler.<\/span><\/p>\r\n<p><span style=\"font-family: Roboto; font-size: 14px;\">\r\n\r\n<\/span><\/p>\r\n<h3><span style=\"font-family: Roboto; font-size: 14px;\"><strong>Japonya\u00a0<\/strong><strong>\u00e7al\u0131\u015fma vizesine ba\u015fvuracak ki\u015filerin ba\u015fvuru \u015fartlar\u0131 ve evraklar\u0131 a\u015fa\u011f\u0131daki \u015fekilde de\u011fi\u015fkenlik g\u00f6stermektedir:<\/strong><\/span><\/h3>\r\n<p><span style=\"font-family: Roboto; font-size: 14px;\">\r\n\r\n<\/span><\/p>\r\n<p><span style=\"font-family: Roboto; font-size: 14px;\">Ki\u015finin \u00e7al\u0131\u015fmak istedi\u011fi sekt\u00f6r<\/span><\/p>\r\n<p><span style=\"font-family: Roboto; font-size: 14px;\">\r\n\r\n<\/span><\/p>\r\n<p><span style=\"font-family: Roboto; font-size: 14px;\">Ki\u015finin e\u011fitim d\u00fczeyi<\/span><\/p>\r\n<p><span style=\"font-family: Roboto; font-size: 14px;\">\r\n\r\n<\/span><\/p>\r\n<p><span style=\"font-family: Roboto; font-size: 14px;\">Ki\u015finin bir Japonya firmas\u0131ndan teklif almas\u0131<\/span><\/p>\r\n<p><span style=\"font-family: Roboto; font-size: 14px;\">\r\n\r\n<\/span><\/p>\r\n<p><span style=\"font-family: Roboto; font-size: 14px;\">Ki\u015finin i\u015fi i\u00e7in ne kadar s\u00fcreye sahip oldu\u011fu<\/span><\/p>\r\n<p><span style=\"font-family: Roboto; font-size: 14px;\">\r\n\r\n<\/span><\/p>\r\n<p><span style=\"font-family: Roboto; font-size: 14px;\">Ki\u015finin ailesi ile Japonya\u2019ya gitmek istemesi<\/span><\/p>\r\n<p><span style=\"font-family: Roboto; font-size: 14px;\">\r\n\r\n<\/span><\/p>\r\n<p><span style=\"font-family: Roboto; font-size: 14px;\">Ki\u015finin kendi i\u015fini kurmak istemesi<\/span><\/p>\r\n<h2><span style=\"font-family: Roboto; font-size: 27px;\"><b>Japonya \u00c7al\u0131\u015fma \u0130zni Hakk\u0131nda<\/b><\/span><\/h2>\r\n<p><span style=\"font-family: Roboto; font-size: 14px;\">Japonya\u2019ya \u00e7al\u0131\u015fmak i\u00e7in gidecek olanlar, mutlaka \u00e7al\u0131\u015fma vizesi ba\u015fvurusunda bulunmal\u0131 ve <strong>\u00e7al\u0131\u015fma vizesi<\/strong> i\u00e7in gereklilik \u015fartlar\u0131n\u0131 sa\u011flamal\u0131d\u0131r. Ayn\u0131 zamanda ba\u015fvuru i\u00e7in talep edilen t\u00fcm evraklar\u0131 do\u011fru ve eksiksiz bir ilgili kuruma sunmal\u0131d\u0131r. <strong>Japonya \u00e7al\u0131\u015fma vizesi<\/strong> ba\u015fvuru i\u00e7in mutlaka mesleki yeterlilik ve yabanc\u0131 dil bilgisine sahip olunmas\u0131 gerekmektedir. Bu \u015fartlar\u0131 sa\u011flayan ki\u015filere genellikle\u00a0<strong>Japonya \u00e7al\u0131\u015fma izni\u00a0<\/strong>verilebilmektedir.<\/span><\/p>\r\n<p><span style=\"font-family: Roboto; font-size: 14px;\"><strong>Japonya \u00e7al\u0131\u015fma izni\u00a0<\/strong>i\u00e7in sunulacak olan evraklar sponsor belgeleri, kal\u0131nacak adres bilgileri ile bunu kan\u0131tlayan belgeler, en az 6 ay ge\u00e7erli olan pasaport, 3 adet biyometrik foto\u011fraf, seyahat sa\u011fl\u0131k sigorta poli\u00e7esi ve taahh\u00fctnamedir.<\/span><\/p>\r\n<p><span style=\"font-family: Roboto; font-size: 14px;\"><strong>\u00c7al\u0131\u015fma izni<\/strong> i\u00e7in mutlaka Japonya\u2019da bulunan bir i\u015fletme veya kurumsal \u015firketten davet mektubu temin edilmelidir. Bu evrak ile \u00e7al\u0131\u015fma izni almak s\u00fcreci daha da kolayla\u015ft\u0131racakt\u0131r.<strong> \u00c7al\u0131\u015fma izni<\/strong> i\u00e7in al\u0131nacak olan vize i\u00e7in de yine b\u00fcy\u00fckel\u00e7ilik veya konsolosluk ile g\u00f6r\u00fc\u015f\u00fclerek net \u00fccret bilgisi al\u0131nmal\u0131 ve buna g\u00f6re i\u015flemler devam ettirilmelidir. <strong>\u00c7al\u0131\u015fma izni<\/strong> \u00e7ok \u00f6nemli bir konu oldu\u011fundan mutlak surette konsolosluk, b\u00fcy\u00fckel\u00e7ilik ve ilgili kurumsal firmadan bilgi ve destek talep edilmesi, ba\u015fvuru sahibinin i\u015flemlerini kolayla\u015ft\u0131racakt\u0131r. \u00a0<\/span><\/p>\r\n<p><span style=\"font-family: Roboto; font-size: 14px;\"><span style=\"color: #2acec2;\"><strong><a style=\"color: #2acec2;\" href=\"https:\/\/myvize.com.tr\/japonya\/vize-islemleri\/japonya-oturum-izni\/\" target=\"_blank\" rel=\"noopener\">Japonya Oturum \u0130zni <\/a><\/strong><\/span>ile ilgili bilgi almak i\u00e7in bizi aray\u0131n.<\/span><\/p>\r\n<p><span style=\"font-family: Roboto; font-size: 14px;\"> <img src=\"https:\/\/myvize.com.tr\/japonya\/wp-content\/uploads\/2021\/10\/18.jpg\" \/> <\/span><\/p>\r\n<h2><span style=\"font-family: Roboto; font-size: 27px;\"><strong>Japonya \u00c7al\u0131\u015fma \u0130zni Alma \u015eartlar\u0131 Nedir?<\/strong><\/span><\/h2>\r\n<p><span style=\"font-family: Roboto; font-size: 14px;\">\r\n\r\n<\/span><\/p>\r\n<ul>\r\n<li><span style=\"font-family: Roboto; font-size: 14px;\">Pasaport<\/span><\/li>\r\n<li><span style=\"font-family: Roboto; font-size: 14px;\"><span style=\"color: #2acec2;\"><strong><a style=\"color: #2acec2;\" href=\"https:\/\/myvize.com.tr\/japonya\/vize-islemleri\/japonya-vize-basvuru-formu\/\" target=\"_blank\" rel=\"noopener\">Japonya Vize Ba\u015fvuru Formu<\/a><\/strong><\/span>: <strong>Japonya \u00e7al\u0131\u015fma vizesi<\/strong> i\u00e7in gereken ba\u015fvuru formunun do\u011fru \u015fekilde doldurulmas\u0131\u00a0ve \u0131slak imzal\u0131 olarak teslim edilmesi gerekir.<\/span><\/li>\r\n<li><span style=\"font-family: Roboto; font-size: 14px;\">Foto\u011fraf: Son 6 ay i\u00e7erisinde beyaz fonda \u00e7ekilmi\u015f, 1adet biyometrik foto\u011fraf ibraz edilmelidir.<\/span><\/li>\r\n<li><span style=\"font-family: Roboto; font-size: 14px;\">Uygunluk Sertifikas\u0131: Orijinali ve fotokopisi ibraz edilmelidir.<\/span><\/li>\r\n<\/ul>\r\n<p><span style=\"font-family: Roboto; font-size: 14px;\">\r\n\r\n<\/span><\/p>\r\n<h2><span style=\"font-family: Roboto; font-size: 27px;\"><strong>Uygunluk Sertifikas\u0131 Nedir?<\/strong><\/span><\/h2>\r\n<p><span style=\"font-family: Roboto; font-size: 14px;\">\r\n\r\n<\/span><\/p>\r\n<p><span style=\"font-family: Roboto; font-size: 14px;\">Japonya \u00e7al\u0131\u015fma vizesine ba\u015fvuracak ki\u015filerin edinmesi gereken evraklardan biridir. Bu evrak Japonya seyahatinde bulunacak ki\u015filerin \u00fclkeye giri\u015f i\u00e7in uygunluklar\u0131n\u0131 onaylar. Ki\u015filer Adalet Bakanl\u0131\u011f\u0131&#8217;n\u0131n yetkisi alt\u0131ndaki b\u00f6lgesel bir g\u00f6\u00e7menlik makam\u0131ndan temin edebilirler.<\/span><\/p>\r\n<p><img src=\"https:\/\/myvize.com.tr\/japonya\/wp-content\/uploads\/2021\/10\/12.jpg\" \/><\/p>\r\n<h2><strong><span style=\"font-family: Roboto; font-size: 27px;\">Japonya \u00c7al\u0131\u015fma \u0130zni Nas\u0131l Al\u0131n\u0131r?<\/span><\/strong><\/h2>\r\n<p><span style=\"font-family: Roboto; font-size: 14px;\">Japonya\u2019ya \u00e7al\u0131\u015fma amac\u0131yla gidecek olan ki\u015fi, \u00e7al\u0131\u015fma vize \u015fartlar\u0131n\u0131 sa\u011flamas\u0131 ve ba\u015fvuru esnas\u0131nda t\u00fcm dok\u00fcmanlar\u0131 do\u011fru \u015fekilde ibraz etmesi gerekmektedir. Yabanc\u0131 dil bilgisi ile mesleki yeterlili\u011fe sahip ve k\u00fclt\u00fcrel uyum i\u00e7erisinde olma gibi \u015fart\u0131na uyan ki\u015fiye <strong>Japonya \u00e7al\u0131\u015fma vizesi<\/strong> verilmekte. Japonya \u00e7al\u0131\u015fma vizesini alma i\u00e7in haz\u0131rlanmas\u0131 gerekli belge aras\u0131nda; sponsor belgeleri, kalacak yer adresinin g\u00f6sterildi\u011fi belge, en az 6 ay daha ge\u00e7erli pasaport ba\u015fta olmak \u00fczere uygun belgeler ile 3 adet biyometrik g\u00fcncel foto\u011fraf\u0131, 30 bin Euro teminatl\u0131 seyahat sa\u011fl\u0131k sigorta ve taahh\u00fctname gibi belgeler yer almaktad\u0131r. <strong>Japonya \u00e7al\u0131\u015fma vize ba\u015fvurusu<\/strong> i\u00e7in Japonya&#8217;da bulunan kurum firmadan kabul edildi\u011fine dair bir davetiye al\u0131n\u0131rsa ba\u015fvurular\u0131n de\u011ferlendirilme ve \u00e7al\u0131\u015fma izni al\u0131nmas\u0131 \u00e7ok daha kolay bi\u00e7imlerde tamamlanm\u0131\u015f olacakd\u0131r. Japonya\u2019da \u00e7al\u0131\u015f\u0131lacak olan i\u015f yeriyle\u00a0 ile ilgili gelen davet mektuplar\u0131 orijinali bulundurmas\u0131 mecburi tutulmakta. <strong>Japonya B\u00fcy\u00fckel\u00e7ili\u011fi<\/strong> taraf\u0131ndan vize t\u00fcr\u00fcne ba\u011fl\u0131 olarak belirtilen vize \u00fccreti ve har\u00e7 bedeli \u00f6denme durumuna ba\u015fvuru dikkatlere al\u0131nmaktad\u0131r.<\/span><\/p>\r\n<p><span style=\"font-family: Roboto;\"><\/span><\/p>","protected":false},"excerpt":{"rendered":"<p>Japonya \u00e7al\u0131\u015fma vizesi i\u00e7in Japonya d\u0131\u015f temsilciliklerine ba\u015fvuruda bulunulmas\u0131 gerekmektedir. Gerekli evraklar\u0131n haz\u0131rlanabilmesi i\u00e7in ki\u015filer Japonya d\u0131\u015f temsilcilikleri taraf\u0131ndan yetki verilmi\u015f ba\u015fvuru merkezleri veya yetkili seyahat acenteleri ile g\u00f6r\u00fc\u015febilirler. Japonya\u00a0\u00e7al\u0131\u015fma vizesine ba\u015fvuracak ki\u015filerin ba\u015fvuru \u015fartlar\u0131 ve evraklar\u0131 a\u015fa\u011f\u0131daki \u015fekilde de\u011fi\u015fkenlik g\u00f6stermektedir: Ki\u015finin \u00e7al\u0131\u015fmak istedi\u011fi sekt\u00f6r Ki\u015finin e\u011fitim d\u00fczeyi Ki\u015finin bir Japonya firmas\u0131ndan teklif almas\u0131 Ki\u015finin<\/p>\n","protected":false},"author":2,"featured_media":0,"parent":18,"menu_order":0,"comment_status":"closed","ping_status":"closed","template":"","meta":[],"yoast_head":"<!-- This site is optimized with the Yoast SEO plugin v16.4 - https:\/\/yoast.com\/wordpress\/plugins\/seo\/ -->\n<title>Japonya \u00c7al\u0131\u015fma \u0130zni Vizesi - MyVize Vize Ba\u015fvuru Merkezi<\/title>\n<meta name=\"description\" content=\"Japonya \u00c7al\u0131\u015fma \u0130zni Vizesi Nas\u0131l Al\u0131n\u0131r? Japonya \u00c7al\u0131\u015fma \u0130zni Vize Ba\u015fvurusu Nas\u0131l Yap\u0131l\u0131r? Japonya \u00c7al\u0131\u015fma \u0130zni Vize \u00dccreti Ne Kadar 2022?\" \/>\n<meta name=\"robots\" content=\"index, follow, max-snippet:-1, max-image-preview:large, max-video-preview:-1\" \/>\n<link rel=\"canonical\" href=\"https:\/\/myvize.com.tr\/japonya\/vize-islemleri\/japonya-calisma-izni\/\" \/>\n<meta property=\"og:locale\" content=\"tr_TR\" \/>\n<meta property=\"og:type\" content=\"article\" \/>\n<meta property=\"og:title\" content=\"Japonya \u00c7al\u0131\u015fma \u0130zni Vizesi - MyVize Vize Ba\u015fvuru Merkezi\" \/>\n<meta property=\"og:description\" content=\"Japonya \u00c7al\u0131\u015fma \u0130zni Vizesi Nas\u0131l Al\u0131n\u0131r? Japonya \u00c7al\u0131\u015fma \u0130zni Vize Ba\u015fvurusu Nas\u0131l Yap\u0131l\u0131r? Japonya \u00c7al\u0131\u015fma \u0130zni Vize \u00dccreti Ne Kadar 2022?\" \/>\n<meta property=\"og:url\" content=\"https:\/\/myvize.com.tr\/japonya\/vize-islemleri\/japonya-calisma-izni\/\" \/>\n<meta property=\"og:site_name\" content=\"Japonya Vizesi\" \/>\n<meta property=\"article:modified_time\" content=\"2021-12-07T14:34:12+00:00\" \/>\n<meta property=\"og:image\" content=\"https:\/\/myvize.com.tr\/japonya\/wp-content\/uploads\/2021\/10\/18.jpg\" \/>\n<meta name=\"twitter:card\" content=\"summary_large_image\" \/>\n<meta name=\"twitter:label1\" content=\"Tahmini okuma s\u00fcresi\" \/>\n\t<meta name=\"twitter:data1\" content=\"3 dakika\" \/>\n<script type=\"application\/ld+json\" class=\"yoast-schema-graph\">{\"@context\":\"https:\/\/schema.org\",\"@graph\":[{\"@type\":\"WebSite\",\"@id\":\"https:\/\/myvize.com.tr\/japonya\/#website\",\"url\":\"https:\/\/myvize.com.tr\/japonya\/\",\"name\":\"Japonya Vizesi\",\"description\":\"\",\"potentialAction\":[{\"@type\":\"SearchAction\",\"target\":\"https:\/\/myvize.com.tr\/japonya\/?s={search_term_string}\",\"query-input\":\"required name=search_term_string\"}],\"inLanguage\":\"tr\"},{\"@type\":\"ImageObject\",\"@id\":\"https:\/\/myvize.com.tr\/japonya\/vize-islemleri\/japonya-calisma-izni\/#primaryimage\",\"inLanguage\":\"tr\",\"url\":\"https:\/\/myvize.com.tr\/japonya\/wp-content\/uploads\/2021\/10\/18.jpg\",\"contentUrl\":\"https:\/\/myvize.com.tr\/japonya\/wp-content\/uploads\/2021\/10\/18.jpg\",\"width\":800,\"height\":500,\"caption\":\"Japonya \\u00c7al\\u0131\\u015fma \\u0130zni\"},{\"@type\":\"WebPage\",\"@id\":\"https:\/\/myvize.com.tr\/japonya\/vize-islemleri\/japonya-calisma-izni\/#webpage\",\"url\":\"https:\/\/myvize.com.tr\/japonya\/vize-islemleri\/japonya-calisma-izni\/\",\"name\":\"Japonya \\u00c7al\\u0131\\u015fma \\u0130zni Vizesi - MyVize Vize Ba\\u015fvuru Merkezi\",\"isPartOf\":{\"@id\":\"https:\/\/myvize.com.tr\/japonya\/#website\"},\"primaryImageOfPage\":{\"@id\":\"https:\/\/myvize.com.tr\/japonya\/vize-islemleri\/japonya-calisma-izni\/#primaryimage\"},\"datePublished\":\"2020-11-30T09:47:27+00:00\",\"dateModified\":\"2021-12-07T14:34:12+00:00\",\"description\":\"Japonya \\u00c7al\\u0131\\u015fma \\u0130zni Vizesi Nas\\u0131l Al\\u0131n\\u0131r? Japonya \\u00c7al\\u0131\\u015fma \\u0130zni Vize Ba\\u015fvurusu Nas\\u0131l Yap\\u0131l\\u0131r? Japonya \\u00c7al\\u0131\\u015fma \\u0130zni Vize \\u00dccreti Ne Kadar 2022?\",\"breadcrumb\":{\"@id\":\"https:\/\/myvize.com.tr\/japonya\/vize-islemleri\/japonya-calisma-izni\/#breadcrumb\"},\"inLanguage\":\"tr\",\"potentialAction\":[{\"@type\":\"ReadAction\",\"target\":[\"https:\/\/myvize.com.tr\/japonya\/vize-islemleri\/japonya-calisma-izni\/\"]}]},{\"@type\":\"BreadcrumbList\",\"@id\":\"https:\/\/myvize.com.tr\/japonya\/vize-islemleri\/japonya-calisma-izni\/#breadcrumb\",\"itemListElement\":[{\"@type\":\"ListItem\",\"position\":1,\"item\":{\"@type\":\"WebPage\",\"@id\":\"https:\/\/myvize.com.tr\/japonya\/\",\"url\":\"https:\/\/myvize.com.tr\/japonya\/\",\"name\":\"Anasayfa\"}},{\"@type\":\"ListItem\",\"position\":2,\"item\":{\"@type\":\"WebPage\",\"@id\":\"https:\/\/myvize.com.tr\/japonya\/vize-islemleri\/\",\"url\":\"https:\/\/myvize.com.tr\/japonya\/vize-islemleri\/\",\"name\":\"V\\u0130ZE \\u0130\\u015eLEMLER\\u0130\"}},{\"@type\":\"ListItem\",\"position\":3,\"item\":{\"@id\":\"https:\/\/myvize.com.tr\/japonya\/vize-islemleri\/japonya-calisma-izni\/#webpage\"}}]}]}<\/script>\n<!-- \/ Yoast SEO plugin. -->","_links":{"self":[{"href":"https:\/\/myvize.com.tr\/japonya\/wp-json\/wp\/v2\/pages\/43"}],"collection":[{"href":"https:\/\/myvize.com.tr\/japonya\/wp-json\/wp\/v2\/pages"}],"about":[{"href":"https:\/\/myvize.com.tr\/japonya\/wp-json\/wp\/v2\/types\/page"}],"author":[{"embeddable":true,"href":"https:\/\/myvize.com.tr\/japonya\/wp-json\/wp\/v2\/users\/2"}],"replies":[{"embeddable":true,"href":"https:\/\/myvize.com.tr\/japonya\/wp-json\/wp\/v2\/comments?post=43"}],"version-history":[{"count":8,"href":"https:\/\/myvize.com.tr\/japonya\/wp-json\/wp\/v2\/pages\/43\/revisions"}],"predecessor-version":[{"id":374,"href":"https:\/\/myvize.com.tr\/japonya\/wp-json\/wp\/v2\/pages\/43\/revisions\/374"}],"up":[{"embeddable":true,"href":"https:\/\/myvize.com.tr\/japonya\/wp-json\/wp\/v2\/pages\/18"}],"wp:attachment":[{"href":"https:\/\/myvize.com.tr\/japonya\/wp-json\/wp\/v2\/media?parent=43"}],"curies":[{"name":"wp","href":"https:\/\/api.w.org\/{rel}","templated":true}]}}