{"id":240,"date":"2021-01-15T16:40:17","date_gmt":"2021-01-15T13:40:17","guid":{"rendered":"http:\/\/myvize.com.tr\/japonya\/?page_id=240"},"modified":"2021-11-09T12:04:33","modified_gmt":"2021-11-09T09:04:33","slug":"vize-dilekce-ornegi","status":"publish","type":"page","link":"https:\/\/myvize.com.tr\/japonya\/form-ve-dilekce\/vize-dilekce-ornegi\/","title":{"rendered":"Japonya Vizesi Dilek\u00e7e \u00d6rne\u011fi"},"content":{"rendered":"<h2><span style=\"font-family: Roboto; font-size: 27px;\"><strong>Vize Dilek\u00e7e \u00d6rne\u011fi Hakk\u0131nda<\/strong><\/span><\/h2>\n<p><span style=\"font-family: Roboto; font-size: 14px;\">Vize alma d\u00fc\u015f\u00fcncesi olan fakat vizelerin detaylar \u0131 hakk\u0131nda bilgi sahibi olmayanlar bu konuyla alakal\u0131 ara\u015ft\u0131rma yapmaya ihtiya\u00e7 duyabilirler.\u00a0<strong>Vize dilek\u00e7e \u00f6rne\u011fi<\/strong>, vize doldurma \u015fekli gibi konular, vizeleri doldurma konusunda gerekli y\u00f6nlendirmeleri yaparlar. Bu sayede konuyu bilmeyenler i\u015flerini kolayca yapabilirler. <strong>Vize ba\u015fvuru dilek\u00e7eleri<\/strong> Konsolosluklara sunulmas\u0131 gereken \u00f6nemli evraklardan birisidir. <strong>Konsolosluklar<\/strong> i\u00e7in talep dilek\u00e7eleri \u00f6nemlidir ve incelemelerini yaparak onay verip vermeyeceklerine karar verebilirler. Talep dilek\u00e7eleri doldurulurken \u00fclkelerin belirlemi\u015f oldu\u011fu prosed\u00fcrlere g\u00f6re hareket edilmesi gerekir. Dilek\u00e7e i\u00e7eriklerinde \u00fclkeye gidi\u015f ama\u00e7lar\u0131, ne kadar kal\u0131naca\u011f\u0131 gibi detaylar yer al\u0131r. <strong>Vize ba\u015fvuru<\/strong> dilek\u00e7elerinin yaz\u0131lma \u015fekilleri, vizeyi olumsuz ya da olumlu olarak etkileyebilir. Vize dilek\u00e7elerinin \u015fu \u015fekilde doldurulmas\u0131 gerekir;<\/span><\/p>\n<ul>\n<li><span style=\"font-family: Roboto; font-size: 14px;\">Y\u0131pranmam\u0131\u015f ka\u011f\u0131t kullan\u0131lmal\u0131 ve temiz bir A4 ka\u011f\u0131d\u0131 olmal\u0131d\u0131r.<\/span><\/li>\n<li><span style=\"font-family: Roboto; font-size: 14px;\">Elle yaz\u0131lmal\u0131 ya da bilgisayar \u00fczerinde doldurulmal\u0131d\u0131r.<\/span><\/li>\n<li><span style=\"font-family: Roboto; font-size: 14px;\">Ba\u015fvuru sahibi ki\u015finin \u0131slak imzas\u0131n\u0131n dilek\u00e7e \u00fczerinde olmas\u0131 gerekir.<\/span><\/li>\n<li><span style=\"font-family: Roboto; font-size: 14px;\">Konsolosluk g\u00f6revlilerinin diline uygun bir hitabet \u015fekli kullan\u0131lmal\u0131d\u0131r.<\/span><\/li>\n<li><span style=\"font-family: Roboto; font-size: 14px;\">Ba\u015fvuru yap\u0131lacak olan \u00fclkenin dili ya da \u0130ngilizce dili kullan\u0131lmal\u0131d\u0131r.<\/span><\/li>\n<\/ul>\n<p><span style=\"font-family: Roboto; font-size: 14px;\">Bunlara dikkat edildi\u011fi zaman <strong>vize dilek\u00e7eleri<\/strong> ba\u015far\u0131l\u0131 bir \u015fekilde doldurulabilir.<\/span><\/p>\n<p><span style=\"font-family: Roboto; font-size: 14px;\"><span style=\"color: #2acec2;\"><strong><a style=\"color: #2acec2;\" href=\"https:\/\/myvize.com.tr\/japonya\/vize-islemleri\/japonya-vize-basvuru-formu\/\" target=\"_blank\" rel=\"noopener\">Japonya Vize Ba\u015fvuru Formu<\/a><\/strong><\/span> ile ilgili bilgi almak i\u00e7in bizi aray\u0131n\u0131z.<\/span><\/p>\n<h2><span style=\"font-family: Roboto; font-size: 27px;\">Japonya Vize Dilek\u00e7e \u00d6rne\u011fi<\/span><\/h2>\n<p><span style=\"font-family: Roboto; font-size: 14px;\">Japonya\u2019ya seyahat edecek olan T\u00fcrkiye Cumhuriyeti vatanda\u015flar\u0131 seyahat amac\u0131na g\u00f6re Japonya vizesi ba\u015fvurusunda bulunmal\u0131 ve olumlu sonu\u00e7 almal\u0131d\u0131r. <span style=\"color: #2acec2;\"><strong><a style=\"color: #2acec2;\" href=\"https:\/\/myvize.com.tr\/japonya\/vize-islemleri\/japonya-vizesi\/\" target=\"_blank\" rel=\"noopener\">Japonya vizesi <\/a><\/strong><\/span>ba\u015fvurular\u0131 i\u00e7in istenen bir tak\u0131m evraklar vard\u0131r. Bu evraklar ba\u015fvuru s\u0131ras\u0131nda verilmez ise<strong> vize ba\u015fvurusu<\/strong> inceleme s\u0131ras\u0131nda reddedilmektedir. Ancak baz\u0131 belgelerin eksik olmas\u0131 durumunda ba\u015fvuru kabul dahi edilmemektedir. Bu belgelerden birisi de <strong>Japonya vize<\/strong> dilek\u00e7esidir.<\/span><\/p>\n<p><span style=\"font-family: Roboto; font-size: 14px;\"><strong>Japonya vize dilek\u00e7esi<\/strong>; <span style=\"color: #2acec2;\"><strong><a style=\"color: #2acec2;\" href=\"https:\/\/myvize.com.tr\/japonya\/konsolosluklar\/ankara-buyukelciligi\/\" target=\"_blank\" rel=\"noopener\">Japonya Ankara B\u00fcy\u00fckel\u00e7ili\u011fi <\/a><\/strong><\/span>ya da \u0130stanbul Ba\u015fkonsoloslu\u011fu\u2019na hitaben yaz\u0131lmal\u0131d\u0131r. Dilek\u00e7ede seyahat amac\u0131 ve s\u00fcresi belirtilmeli tarih at\u0131l\u0131p imzalanmal\u0131d\u0131r. Dilek\u00e7enin imzalanmas\u0131 ile ki\u015fi vize ba\u015fvurusunu kabul etmi\u015f olmakta ve bunu Japonya temsilciliklerine bildirmi\u015f olmaktad\u0131r. Her vize t\u00fcr\u00fc i\u00e7in farkl\u0131 dilek\u00e7e yaz\u0131lmal\u0131d\u0131r. A\u015fa\u011f\u0131da <a href=\"https:\/\/myvize.com.tr\/japonya\/vize-islemleri\/japonya-turistik-vize\/\" target=\"_blank\" rel=\"noopener\"><span style=\"color: #2acec2;\"><strong>Japonya turistik vize<\/strong> <\/span><\/a>i\u00e7in dilek\u00e7e \u00f6rne\u011fi verilmi\u015ftir.\u00a0<\/span><\/p>\n<p><span style=\"font-family: Roboto; font-size: 14px;\"><strong>Japonya vize dilek\u00e7e \u00f6rne\u011fi;<\/strong><\/span><\/p>\n<p><strong><span style=\"font-family: Roboto; font-size: 14px;\">Japonya B\u00fcy\u00fckel\u00e7ili\u011fi<\/span><\/strong><\/p>\n<p><span style=\"font-family: Roboto; font-size: 14px;\">Vize B\u00f6l\u00fcm\u00fc<\/span><\/p>\n<p><span style=\"font-family: Roboto; font-size: 14px;\">Ankara\u00a0 \u00a0 \u00a0 \u00a0 \u00a0 \u00a0 \u00a0 \u00a0 \u00a0 \u00a0 \u00a0 \u00a0 \u00a0 \u00a0 \u00a0 \u00a0 \u00a0 \u00a0 \u00a0 \u00a0 \u00a0 \u00a0 \u00a0 \u00a0 \u00a0 \u00a0 \u00a0 \u00a0 \u00a0 \u00a0 \u00a0 \u00a0 \u00a0 \u00a0 \u00a0 \u00a0 \u00a0 \u00a0 \u00a0 \u00a0 \u00a0 \u00a0 \u00a0 \u00a0 \u00a0 \u00a0 \u00a0 \u00a0 \u00a0 \u00a0 \u00a0 \u00a0 \u00a0 \u00a0 \u00a0 \u00a0 \u00a0 \u00a0 \u00a0 \u00a0 \u00a0 \u00a0 \u00a0\u00a0<\/span><\/p>\n<p><span style=\"font-family: Roboto; font-size: 14px;\">Say\u0131n yetkili,\u00a0\u00a0\u00a0\u00a0\u00a0\u00a0\u00a0\u00a0\u00a0\u00a0\u00a0\u00a0\u00a0\u00a0\u00a0\u00a0\u00a0\u00a0\u00a0\u00a0\u00a0\u00a0\u00a0\u00a0\u00a0\u00a0\u00a0\u00a0\u00a0\u00a0\u00a0\u00a0\u00a0\u00a0\u00a0\u00a0\u00a0\u00a0\u00a0\u00a0\u00a0\u00a0\u00a0\u00a0\u00a0\u00a0\u00a0\u00a0\u00a0\u00a0\u00a0\u00a0\u00a0\u00a0\u00a0\u00a0\u00a0\u00a0\u00a0\u00a0\u00a0\u00a0\u00a0\u00a0\u00a0\u00a0\u00a0\u00a0\u00a0\u00a0\u00a0\u00a0\u00a0\u00a0\u00a0\u00a0\u00a0\u00a0\u00a0\u00a0\u00a0\u00a0\u00a0\u00a0\u00a0\u00a0\u00a0\u00a0\u00a0\u00a0\u00a0\u00a0\u00a0\u00a0\u00a0\u00a0\u00a0\u00a0\u00a0\u00a0\u00a0\u00a0\u00a0\u00a0\u00a0\u00a0\u00a0\u00a0\u00a0\u00a0\u00a0\u00a0\u00a0\u00a0\u00a0\u00a0\u00a0<\/span><\/p>\n<p><span style=\"font-family: Roboto; font-size: 14px;\">Ben Ali Veli, G\u00fcner Otomotiv Ltd. \u015eti. Firmas\u0131nda \u00e7al\u0131\u015fmaktay\u0131m 15\/08\/2021 ve 15\/10\/2021 tarihleri aras\u0131nda Japonya\u2019ya turistik ama\u00e7l\u0131 seyahat d\u00fczenlemek istiyorum. Bundan dolay\u0131 vize ihtiyac\u0131m\u0131 beyan etmekteyim.<\/span><\/p>\n<p><span style=\"font-family: Roboto; font-size: 14px;\">Seyahatim boyunca masraflar\u0131m\u0131 kendim kar\u015f\u0131layaca\u011f\u0131m\u0131, vize bitiminden evvel Japonya\u2019dan ayr\u0131laca\u011f\u0131m\u0131 ve<strong> Japonya kamu d\u00fczenini<\/strong> bozmayaca\u011f\u0131m\u0131 temin ederim. Seyahatim s\u00fcresince Shinjuku Granbell Hotel\u2019de kalaca\u011f\u0131m\u0131 beyan eder ve gerekli vizenin verilmesini rica ederim.<\/span><\/p>\n<p><span style=\"font-family: Roboto; font-size: 14px;\">Ad Soyad<\/span><\/p>\n<p><span style=\"font-family: Roboto; font-size: 14px;\">\u0130mza<\/span><\/p>\n<p>&nbsp;<\/p>\n","protected":false},"excerpt":{"rendered":"<p>Vize Dilek\u00e7e \u00d6rne\u011fi Hakk\u0131nda Vize alma d\u00fc\u015f\u00fcncesi olan fakat vizelerin detaylar \u0131 hakk\u0131nda bilgi sahibi olmayanlar bu konuyla alakal\u0131 ara\u015ft\u0131rma yapmaya ihtiya\u00e7 duyabilirler.\u00a0Vize dilek\u00e7e \u00f6rne\u011fi, vize doldurma \u015fekli gibi konular, vizeleri doldurma konusunda gerekli y\u00f6nlendirmeleri yaparlar. Bu sayede konuyu bilmeyenler i\u015flerini kolayca yapabilirler. Vize ba\u015fvuru dilek\u00e7eleri Konsolosluklara sunulmas\u0131 gereken \u00f6nemli evraklardan birisidir. Konsolosluklar i\u00e7in talep<\/p>\n","protected":false},"author":2,"featured_media":0,"parent":144,"menu_order":0,"comment_status":"closed","ping_status":"closed","template":"","meta":[],"yoast_head":"<!-- This site is optimized with the Yoast SEO plugin v16.4 - https:\/\/yoast.com\/wordpress\/plugins\/seo\/ -->\n<title>Japonya Vizesi Dilek\u00e7e \u00d6rne\u011fi - MyVize Vize Ba\u015fvuru Merkezi<\/title>\n<meta name=\"description\" content=\"Japonya Vizesi Dilek\u00e7e \u00d6rne\u011fi 2022. Japonya Vizesi Dilek\u00e7esi Nas\u0131l Yaz\u0131l\u0131r? Bilgi \u0130\u00e7in Vize Uzmanlar\u0131m\u0131z\u0131 Aray\u0131n: 0850 346 84 93\" \/>\n<meta name=\"robots\" content=\"index, follow, max-snippet:-1, max-image-preview:large, max-video-preview:-1\" \/>\n<link rel=\"canonical\" href=\"https:\/\/myvize.com.tr\/japonya\/form-ve-dilekce\/vize-dilekce-ornegi\/\" \/>\n<meta property=\"og:locale\" content=\"tr_TR\" \/>\n<meta property=\"og:type\" content=\"article\" \/>\n<meta property=\"og:title\" content=\"Japonya Vizesi Dilek\u00e7e \u00d6rne\u011fi - MyVize Vize Ba\u015fvuru Merkezi\" \/>\n<meta property=\"og:description\" content=\"Japonya Vizesi Dilek\u00e7e \u00d6rne\u011fi 2022. Japonya Vizesi Dilek\u00e7esi Nas\u0131l Yaz\u0131l\u0131r? Bilgi \u0130\u00e7in Vize Uzmanlar\u0131m\u0131z\u0131 Aray\u0131n: 0850 346 84 93\" \/>\n<meta property=\"og:url\" content=\"https:\/\/myvize.com.tr\/japonya\/form-ve-dilekce\/vize-dilekce-ornegi\/\" \/>\n<meta property=\"og:site_name\" content=\"Japonya Vizesi\" \/>\n<meta property=\"article:modified_time\" content=\"2021-11-09T09:04:33+00:00\" \/>\n<meta name=\"twitter:card\" content=\"summary_large_image\" \/>\n<meta name=\"twitter:label1\" content=\"Tahmini okuma s\u00fcresi\" \/>\n\t<meta name=\"twitter:data1\" content=\"2 dakika\" \/>\n<script type=\"application\/ld+json\" class=\"yoast-schema-graph\">{\"@context\":\"https:\/\/schema.org\",\"@graph\":[{\"@type\":\"WebSite\",\"@id\":\"https:\/\/myvize.com.tr\/japonya\/#website\",\"url\":\"https:\/\/myvize.com.tr\/japonya\/\",\"name\":\"Japonya Vizesi\",\"description\":\"\",\"potentialAction\":[{\"@type\":\"SearchAction\",\"target\":\"https:\/\/myvize.com.tr\/japonya\/?s={search_term_string}\",\"query-input\":\"required name=search_term_string\"}],\"inLanguage\":\"tr\"},{\"@type\":\"WebPage\",\"@id\":\"https:\/\/myvize.com.tr\/japonya\/form-ve-dilekce\/vize-dilekce-ornegi\/#webpage\",\"url\":\"https:\/\/myvize.com.tr\/japonya\/form-ve-dilekce\/vize-dilekce-ornegi\/\",\"name\":\"Japonya Vizesi Dilek\\u00e7e \\u00d6rne\\u011fi - MyVize Vize Ba\\u015fvuru Merkezi\",\"isPartOf\":{\"@id\":\"https:\/\/myvize.com.tr\/japonya\/#website\"},\"datePublished\":\"2021-01-15T13:40:17+00:00\",\"dateModified\":\"2021-11-09T09:04:33+00:00\",\"description\":\"Japonya Vizesi Dilek\\u00e7e \\u00d6rne\\u011fi 2022. Japonya Vizesi Dilek\\u00e7esi Nas\\u0131l Yaz\\u0131l\\u0131r? Bilgi \\u0130\\u00e7in Vize Uzmanlar\\u0131m\\u0131z\\u0131 Aray\\u0131n: 0850 346 84 93\",\"breadcrumb\":{\"@id\":\"https:\/\/myvize.com.tr\/japonya\/form-ve-dilekce\/vize-dilekce-ornegi\/#breadcrumb\"},\"inLanguage\":\"tr\",\"potentialAction\":[{\"@type\":\"ReadAction\",\"target\":[\"https:\/\/myvize.com.tr\/japonya\/form-ve-dilekce\/vize-dilekce-ornegi\/\"]}]},{\"@type\":\"BreadcrumbList\",\"@id\":\"https:\/\/myvize.com.tr\/japonya\/form-ve-dilekce\/vize-dilekce-ornegi\/#breadcrumb\",\"itemListElement\":[{\"@type\":\"ListItem\",\"position\":1,\"item\":{\"@type\":\"WebPage\",\"@id\":\"https:\/\/myvize.com.tr\/japonya\/\",\"url\":\"https:\/\/myvize.com.tr\/japonya\/\",\"name\":\"Anasayfa\"}},{\"@type\":\"ListItem\",\"position\":2,\"item\":{\"@type\":\"WebPage\",\"@id\":\"https:\/\/myvize.com.tr\/japonya\/form-ve-dilekce\/\",\"url\":\"https:\/\/myvize.com.tr\/japonya\/form-ve-dilekce\/\",\"name\":\"FORM VE D\\u0130LEK\\u00c7E\"}},{\"@type\":\"ListItem\",\"position\":3,\"item\":{\"@id\":\"https:\/\/myvize.com.tr\/japonya\/form-ve-dilekce\/vize-dilekce-ornegi\/#webpage\"}}]}]}<\/script>\n<!-- \/ Yoast SEO plugin. -->","_links":{"self":[{"href":"https:\/\/myvize.com.tr\/japonya\/wp-json\/wp\/v2\/pages\/240"}],"collection":[{"href":"https:\/\/myvize.com.tr\/japonya\/wp-json\/wp\/v2\/pages"}],"about":[{"href":"https:\/\/myvize.com.tr\/japonya\/wp-json\/wp\/v2\/types\/page"}],"author":[{"embeddable":true,"href":"https:\/\/myvize.com.tr\/japonya\/wp-json\/wp\/v2\/users\/2"}],"replies":[{"embeddable":true,"href":"https:\/\/myvize.com.tr\/japonya\/wp-json\/wp\/v2\/comments?post=240"}],"version-history":[{"count":6,"href":"https:\/\/myvize.com.tr\/japonya\/wp-json\/wp\/v2\/pages\/240\/revisions"}],"predecessor-version":[{"id":509,"href":"https:\/\/myvize.com.tr\/japonya\/wp-json\/wp\/v2\/pages\/240\/revisions\/509"}],"up":[{"embeddable":true,"href":"https:\/\/myvize.com.tr\/japonya\/wp-json\/wp\/v2\/pages\/144"}],"wp:attachment":[{"href":"https:\/\/myvize.com.tr\/japonya\/wp-json\/wp\/v2\/media?parent=240"}],"curies":[{"name":"wp","href":"https:\/\/api.w.org\/{rel}","templated":true}]}}