{"id":18,"date":"2020-11-30T08:50:13","date_gmt":"2020-11-30T05:50:13","guid":{"rendered":"http:\/\/myvize.com.tr\/japonya\/?page_id=18"},"modified":"2021-12-07T17:47:08","modified_gmt":"2021-12-07T14:47:08","slug":"vize-islemleri","status":"publish","type":"page","link":"https:\/\/myvize.com.tr\/japonya\/vize-islemleri\/","title":{"rendered":"V\u0130ZE \u0130\u015eLEMLER\u0130"},"content":{"rendered":"<p><span style=\"font-family: Roboto;\"><\/span><\/p>\r\n<h2><span style=\"font-family: Roboto; font-size: 27px;\"><b>Japonya Vize \u0130\u015flemleri Hakk\u0131nda<\/b><\/span><\/h2>\r\n<p><span style=\"font-family: Roboto; font-size: 14px;\">T\u00fcrkiye\u2019den T\u00fcrk vatanda\u015flar\u0131n\u0131n Japonya\u2019ya 90 g\u00fcn alt\u0131 s\u00fcrede turistik ama\u00e7l\u0131 giri\u015fleri i\u00e7in vize \u015fart\u0131 bulunmamaktad\u0131r. Ancak T\u00fcrk vatanda\u015flar\u0131n\u0131n 90 g\u00fcnden uzun s\u00fcrecek turistik amac\u0131n d\u0131\u015f\u0131nda i\u015f veya e\u011fitim gibi nedenlerle giri\u015f yapabilmeleri, vize ile m\u00fcmk\u00fcn olmaktad\u0131r. Turistik seyahatlerde Japonya, T\u00fcrk vatanda\u015flar\u0131na her y\u0131l yeniden ba\u015flayacak \u015fekilde bir y\u0131l s\u00fcresince 90 g\u00fcn s\u0131n\u0131r\u0131 olmak \u00fczere vizesiz giri\u015f \u00e7\u0131k\u0131\u015f hakk\u0131n\u0131 tan\u0131mlamaktad\u0131r. Japonya\u2019da 90 g\u00fcnden daha uzun kalma durumlar\u0131 i\u00e7in ve ticari ama\u00e7l\u0131 yap\u0131lan Japonya ziyaretler i\u00e7in vize almak zorunlu bir uygulamad\u0131r.<\/span><\/p>\r\n<p><span style=\"font-family: Roboto; font-size: 14px;\"><strong>Japonya vize i\u015flemleri<\/strong>\u00a0ve vize ba\u015fvurular\u0131<strong> Japonya Konsolosluklar\u0131na<\/strong> veya konsolosluklar taraf\u0131ndan yetkilendirilmi\u015f ve akredite olmu\u015f vize ba\u015fvuru merkezlerine yap\u0131labilmektedir. Ayr\u0131ca baz\u0131 seyahat acenteleri ile yap\u0131lan ba\u015fvurular da kabul edilebilmektedir.<\/span><\/p>\r\n<p><span style=\"font-family: Roboto; font-size: 14px;\">D\u00fcnya genelinde neredeyse hemen her \u00fclke i\u00e7in ge\u00e7erli olan vize uygulamalar\u0131 farkl\u0131 \u00fclke vatanda\u015flar\u0131n\u0131n \u00fclkelere giri\u015f \u00e7\u0131k\u0131\u015flar\u0131n\u0131n kontrol alt\u0131nda tutulmas\u0131n\u0131 sa\u011flarken, vize i\u00e7in gerekli evraklar\u0131n kontrol\u00fc ve organizasyonu da hem bilgilerin g\u00fcncel kalmas\u0131n\u0131 hem de vize talep eden ki\u015filer ile ilgili g\u00fcvenlik sorular\u0131n\u0131n yan\u0131tlanmas\u0131n\u0131 sa\u011flamaktad\u0131r. <strong>Vize ba\u015fvuru formlar\u0131<\/strong> ve gerekli evraklar\u0131n do\u011fru, tutarl\u0131 ve tam olarak konsolosluklara ve temsilciliklere teslim edilmesi ile gerekli incelemeler yap\u0131larak vize ba\u015fvuru s\u00fcreci ba\u015flat\u0131labilmektedir.<\/span><\/p>\r\n<p><span style=\"font-family: Roboto; font-size: 14px;\"><span style=\"color: #2acec2;\"><strong><a style=\"color: #2acec2;\" href=\"https:\/\/myvize.com.tr\/japonya\/vize-islemleri\/japonya-vize-basvuru-formu\/\" target=\"_blank\" rel=\"noopener\">Japonya Vize Ba\u015fvuru Formu<\/a><\/strong><\/span> ile ilgili bilgi almak i\u00e7in bizi aray\u0131n.<\/span><\/p>\r\n<h2><span style=\"font-family: Roboto; font-size: 27px;\"><strong>Japonya Vizesi Nas\u0131l Al\u0131n\u0131r?<\/strong><\/span><\/h2>\r\n<p><span style=\"font-family: Roboto; font-size: 14px;\">\r\n\r\n<\/span><\/p>\r\n<p><span style=\"font-family: Roboto; font-size: 14px;\"><strong>Do\u011fu Asya k\u0131tas\u0131nda<\/strong> yer alan Japonya bir ada \u00fclkesidir.<strong> Do\u011fan G\u00fcne\u015fin \u00dclkesi<\/strong> olarak da bilinen \u00fclke 6.852 adadan olu\u015fmaktad\u0131r. T\u00fcrk vatanda\u015f\u0131 olanlar Japonya\u2019ya seyahat etmek istiyor ise vize almas\u0131 gerekmektedir. Ancak Umuma mahsus (Bordo) pasaport sahipleri vize ba\u015fvurusuna zorunlu tutulurken, Hususi (Ye\u015fil) Diplomat (Siyah) ve Hizmet (Gri) pasaport sahiplerinin 90 g\u00fcn s\u00fcre zarf\u0131nda yapacaklar\u0131 seyahatler i\u00e7in vize alma zorunlulu\u011fu yoktur. Sadece Japonya\u2019ya uzun s\u00fcreli ikamet etmek i\u00e7in ya da \u00e7al\u0131\u015fma ger\u00e7ekle\u015ftirmek a\u00e7\u0131s\u0131ndan Japonya diplomatik temsilcilerinden vize alabilmek i\u00e7in ba\u015fvuruda bulunmas\u0131 gerekmektedir.<\/span><\/p>\r\n<p><span style=\"font-family: Roboto; font-size: 14px;\">\r\n\r\n<\/span><\/p>\r\n<h2><span style=\"font-family: Roboto; font-size: 27px;\"><strong>Japonya Vize Ba\u015fvurusu Nas\u0131l Yap\u0131l\u0131r?<\/strong><\/span><\/h2>\r\n<p><span style=\"font-family: Roboto; font-size: 14px;\">\r\n\r\n<\/span><\/p>\r\n<p><span style=\"font-family: Roboto; font-size: 14px;\"><strong>Japonya vize ba\u015fvurusu<\/strong> yap\u0131lmas\u0131 i\u00e7in \u00f6ncelikle istenen belgeler eksiksiz \u015fekilde haz\u0131rlanmas\u0131 gerekir. Daha sonras\u0131nda bu belgeler e\u015fli\u011finde diplomatik temsilciliklere ba\u015fvurular yap\u0131l\u0131r.<\/span><\/p>\r\n<p><span style=\"font-family: Roboto; font-size: 14px;\"> <img src=\"https:\/\/myvize.com.tr\/japonya\/wp-content\/uploads\/2021\/10\/2.jpg\" \/> <\/span><\/p>\r\n<h2><span style=\"font-family: Roboto; font-size: 27px;\"><strong>Japonya Vizesi \u0130\u00e7in \u0130stenen Evraklar<\/strong><\/span><\/h2>\r\n<p><span style=\"font-family: Roboto; font-size: 14px;\">\r\n\r\n<\/span><\/p>\r\n<p><span style=\"font-family: Roboto; font-size: 14px;\">Japonya\u2019ya seyahat edebilmek i\u00e7in hali haz\u0131rda baz\u0131 evraklar haz\u0131rlanmal\u0131d\u0131r. Bu evraklar do\u011fru bir \u015fekilde haz\u0131rlanmas\u0131 durumunda vize ba\u015fvurular\u0131 dikkate al\u0131nmaktad\u0131r.<\/span><\/p>\r\n<p><span style=\"font-family: Roboto; font-size: 14px;\">\r\n\r\n<\/span><\/p>\r\n<p><span style=\"font-family: Roboto; font-size: 14px;\">l \u00a0<\/span><span style=\"font-family: Roboto; font-size: 14px;\">Pasaport ( Son 3 ay i\u00e7erisinde seyahat edilmi\u015f ve iki sayfas\u0131 bo\u015f)<\/span><\/p>\r\n<p><span style=\"font-family: Roboto; font-size: 14px;\">\r\n\r\n<\/span><\/p>\r\n<p><span style=\"font-family: Roboto; font-size: 14px;\">\r\n\r\n<\/span><\/p>\r\n<p><span style=\"font-family: Roboto; font-size: 14px;\">l \u00a0<\/span><span style=\"font-family: Roboto; font-size: 14px;\">N\u00fcfus c\u00fczdan fotokopisi<\/span><\/p>\r\n<p><span style=\"font-family: Roboto; font-size: 14px;\">\r\n\r\n<\/span><\/p>\r\n<p><span style=\"font-family: Roboto; font-size: 14px;\">\r\n\r\n<\/span><\/p>\r\n<p><span style=\"font-family: Roboto; font-size: 14px;\">l \u00a0<\/span><span style=\"font-family: Roboto; font-size: 14px;\">Otel ve konaklama yap\u0131lacak yerlere ait rezervasyonlar<\/span><\/p>\r\n<p><span style=\"font-family: Roboto; font-size: 14px;\">\r\n\r\n<\/span><\/p>\r\n<p><span style=\"font-family: Roboto; font-size: 14px;\">\r\n\r\n<\/span><\/p>\r\n<p><span style=\"font-family: Roboto; font-size: 14px;\">l \u00a0<\/span><span style=\"font-family: Roboto; font-size: 14px;\">U\u00e7ak bileti v.s. seyahat belgeleri<\/span><\/p>\r\n<p><span style=\"font-family: Roboto; font-size: 14px;\">\r\n\r\n<\/span><\/p>\r\n<p><span style=\"font-family: Roboto; font-size: 14px;\">\r\n\r\n<\/span><\/p>\r\n<p><span style=\"font-family: Roboto; font-size: 14px;\">l \u00a0<\/span><span style=\"font-family: Roboto; font-size: 14px;\">Opsiyonel \u015fekilde al\u0131nm\u0131\u015f seyahat sa\u011fl\u0131k sigortas\u0131<\/span><\/p>\r\n<p><span style=\"font-family: Roboto; font-size: 14px;\">\r\n\r\n<\/span><\/p>\r\n<p><span style=\"font-family: Roboto; font-size: 14px;\">\r\n\r\n<\/span><\/p>\r\n<p><span style=\"font-family: Roboto; font-size: 14px;\">Japonya\u2019da 90 g\u00fcnden fazla olmak kayd\u0131yla bulunmak isteyenler ise bulunma nedenlerini g\u00f6sterecek \u015fekilde vize taleplerini yapmas\u0131 gerekir. <strong>Vize prosed\u00fcr\u00fc<\/strong> ve haz\u0131rlanacak olan evraklar\u0131n hakk\u0131nda bilgiler ise <strong>Japonya diplomatik<\/strong> temsilciliklerine ba\u015fvuruda bulunarak \u00f6\u011frenilmesi gerekir. \u0130\u015fleyi\u015f i\u00e7erisinde en ufak bir belgenin bile haz\u0131rlanmamas\u0131 <strong>vize ba\u015fvuru s\u00fcrecini<\/strong> olumsuz \u015fekilde etkileyecektir. Ayn\u0131 zamanda alaca\u011f\u0131n\u0131z her ret ba\u015fvurunuzun daha ileri zamanlara sarkmas\u0131na neden olur. Taleplere olan kar\u015f\u0131l\u0131k diplomatik temsilciliklerince 7 ile 15 g\u00fcn i\u00e7erisinde cevaplanmaktad\u0131r. Burada resmi tatil g\u00fcnlerinin de baz al\u0131nmas\u0131 gerekir. \u00c7\u00fcnk\u00fc bu s\u00fcre\u00e7 resmi tatillere denk gelmesi halinde uzayabilmektedir.<\/span><\/p>\r\n<p><span style=\"font-family: Roboto; font-size: 14px;\"><span style=\"color: #2acec2;\"><strong><a style=\"color: #2acec2;\" href=\"https:\/\/myvize.com.tr\/japonya\/japonya-vize-ucreti\/\" target=\"_blank\" rel=\"noopener\">Japonya Vize \u00dccreti<\/a><\/strong><\/span> ile ilgili bilgi almak i\u00e7in bizi aray\u0131n.<\/span><\/p>\r\n<p><img src=\"https:\/\/myvize.com.tr\/japonya\/wp-content\/uploads\/2021\/10\/3.jpg\" \/><\/p>\r\n<h2><span style=\"font-family: Roboto; font-size: 27px;\"><b>Japonya vize i\u015flemleri i\u00e7in neler gereklidir?<\/b><\/span><\/h2>\r\n<p><span style=\"font-family: Roboto; font-size: 14px;\"><strong>Japonya\u2019ya vize<\/strong> <strong>almak<\/strong> i\u00e7in haz\u0131rlanmas\u0131 gereken belgeler vard\u0131r. Bu belgeler \u015fu \u015fekildedir:<\/span><br \/><span style=\"font-family: Roboto; font-size: 14px;\">Pasaport\u00a0<\/span><br \/><span style=\"font-family: Roboto; font-size: 14px;\">1 adet foto\u011fraf.<\/span><br \/><span style=\"font-family: Roboto; font-size: 14px;\">Uygunluk evrak\u0131.<\/span><br \/><span style=\"font-family: Roboto; font-size: 14px;\">Taahh\u00fctname fotokopileri. (Japonya&#8217;da ba\u011flant\u0131 olunan kurum; \u00f6\u011frenci ise e\u011fitim kurumu, i\u015f ziyareti i\u00e7in \u00e7al\u0131\u015f\u0131lan \u015firketden, aile vizeleri i\u00e7in e\u015fin \u00e7al\u0131\u015ft\u0131\u011f\u0131 firma)<\/span><br \/><span style=\"font-family: Roboto; font-size: 14px;\">Seyahat sa\u011fl\u0131k sigortalar\u0131.<\/span><br \/><span style=\"font-family: Roboto; font-size: 14px;\">S\u00f6z konusu<strong> Japonya seyahati<\/strong> 30 g\u00fcnden daha uzun s\u00fcreye tekab\u00fcl etmesi durumunda<strong> Japonya vize al\u0131m\u0131<\/strong> zorunludur.<\/span><br \/><span style=\"font-family: Roboto; font-size: 14px;\">T\u00fcrkiye Cumhuriyeti vatanda\u015f\u0131 alm\u0131\u015f olduklar\u0131 <strong>Japonya vize<\/strong> ile sadece turistik bir faaliyet y\u00fcr\u00fctebiliriken ayn\u0131 zamanda Japonya&#8217;da i\u015f g\u00f6r\u00fc\u015fmesi kat\u0131labilecekdir.<\/span><br \/><span style=\"font-family: Roboto; font-size: 14px;\">Japonya\u2019n\u0131n Ankara B\u00fcy\u00fckel\u00e7ili\u011fi&#8217;nde yap\u0131lan a\u00e7\u0131klama do\u011frultusu, 1 Ekim 2020 tarihinde itibaren Japonya\u2019ya vize ile seyahati edilebilece\u011fi bildirilmi\u015ftir. Uygunluk belgelerine sahip olan ki\u015fi vize ba\u015fvurusu yapabilecekdir. Pandemi sebebiyle Japonya, ikinci bir duyuruya kadar <strong>turistik ziyareti vizesi<\/strong> ba\u015fvurusu kabul etmeyecekdir.<\/span><br \/><span style=\"font-family: Roboto; font-size: 14px;\"><strong>Japonya vizesi<\/strong> i\u015fleminin eksiksiz ve ba\u015far\u0131l\u0131 bir bi\u00e7imde y\u00fcr\u00fct\u00fclmesi durumunda ortalama olarak 6-7 g\u00fcn i\u00e7erisinde vize \u00e7\u0131kar. Ancak Konsolosluk randevu tarihinin yo\u011funlu\u011fu ve ek belge talebi s\u00fcreci gibi beklenmedik durumun g\u00f6z\u00f6n\u00fcnde bulundurularak, <strong>Japonya seyahatleri<\/strong> plan\u0131n\u0131n aksamamas\u0131 i\u00e7in seyahat tarihlerinden en az 15 g\u00fcn \u00f6nce ba\u015fvurunun yapmak do\u011frudur.<\/span><\/p>\r\n<p><span style=\"font-family: Roboto;\"><\/span><\/p>","protected":false},"excerpt":{"rendered":"<p>Japonya Vize \u0130\u015flemleri Hakk\u0131nda T\u00fcrkiye\u2019den T\u00fcrk vatanda\u015flar\u0131n\u0131n Japonya\u2019ya 90 g\u00fcn alt\u0131 s\u00fcrede turistik ama\u00e7l\u0131 giri\u015fleri i\u00e7in vize \u015fart\u0131 bulunmamaktad\u0131r. Ancak T\u00fcrk vatanda\u015flar\u0131n\u0131n 90 g\u00fcnden uzun s\u00fcrecek turistik amac\u0131n d\u0131\u015f\u0131nda i\u015f veya e\u011fitim gibi nedenlerle giri\u015f yapabilmeleri, vize ile m\u00fcmk\u00fcn olmaktad\u0131r. Turistik seyahatlerde Japonya, T\u00fcrk vatanda\u015flar\u0131na her y\u0131l yeniden ba\u015flayacak \u015fekilde bir y\u0131l s\u00fcresince 90 g\u00fcn<\/p>\n","protected":false},"author":2,"featured_media":0,"parent":0,"menu_order":0,"comment_status":"closed","ping_status":"closed","template":"","meta":[],"yoast_head":"<!-- This site is optimized with the Yoast SEO plugin v16.4 - https:\/\/yoast.com\/wordpress\/plugins\/seo\/ -->\n<title>Japonya Vize \u0130\u015flemleri - MyVize Vize Ba\u015fvuru Merkezi<\/title>\n<meta name=\"description\" content=\"Japonya Vize \u0130\u015flemleri Nelerdir? Japonya Vize \u0130\u015flemleri Nas\u0131l Yap\u0131l\u0131r? Bilgi \u0130\u00e7in Vize Uzmanlar\u0131m\u0131z\u0131 Aray\u0131n: 0850 346 84 93\" \/>\n<meta name=\"robots\" content=\"index, follow, max-snippet:-1, max-image-preview:large, max-video-preview:-1\" \/>\n<link rel=\"canonical\" href=\"https:\/\/myvize.com.tr\/japonya\/vize-islemleri\/\" \/>\n<meta property=\"og:locale\" content=\"tr_TR\" \/>\n<meta property=\"og:type\" content=\"article\" \/>\n<meta property=\"og:title\" content=\"Japonya Vize \u0130\u015flemleri - MyVize Vize Ba\u015fvuru Merkezi\" \/>\n<meta property=\"og:description\" content=\"Japonya Vize \u0130\u015flemleri Nelerdir? Japonya Vize \u0130\u015flemleri Nas\u0131l Yap\u0131l\u0131r? Bilgi \u0130\u00e7in Vize Uzmanlar\u0131m\u0131z\u0131 Aray\u0131n: 0850 346 84 93\" \/>\n<meta property=\"og:url\" content=\"https:\/\/myvize.com.tr\/japonya\/vize-islemleri\/\" \/>\n<meta property=\"og:site_name\" content=\"Japonya Vizesi\" \/>\n<meta property=\"article:modified_time\" content=\"2021-12-07T14:47:08+00:00\" \/>\n<meta property=\"og:image\" content=\"https:\/\/myvize.com.tr\/japonya\/wp-content\/uploads\/2021\/10\/2.jpg\" \/>\n<meta name=\"twitter:card\" content=\"summary_large_image\" \/>\n<meta name=\"twitter:label1\" content=\"Tahmini okuma s\u00fcresi\" \/>\n\t<meta name=\"twitter:data1\" content=\"4 dakika\" \/>\n<script type=\"application\/ld+json\" class=\"yoast-schema-graph\">{\"@context\":\"https:\/\/schema.org\",\"@graph\":[{\"@type\":\"WebSite\",\"@id\":\"https:\/\/myvize.com.tr\/japonya\/#website\",\"url\":\"https:\/\/myvize.com.tr\/japonya\/\",\"name\":\"Japonya Vizesi\",\"description\":\"\",\"potentialAction\":[{\"@type\":\"SearchAction\",\"target\":\"https:\/\/myvize.com.tr\/japonya\/?s={search_term_string}\",\"query-input\":\"required name=search_term_string\"}],\"inLanguage\":\"tr\"},{\"@type\":\"ImageObject\",\"@id\":\"https:\/\/myvize.com.tr\/japonya\/vize-islemleri\/#primaryimage\",\"inLanguage\":\"tr\",\"url\":\"https:\/\/myvize.com.tr\/japonya\/wp-content\/uploads\/2021\/10\/2.jpg\",\"contentUrl\":\"https:\/\/myvize.com.tr\/japonya\/wp-content\/uploads\/2021\/10\/2.jpg\",\"width\":800,\"height\":500,\"caption\":\"Japonya Vize \\u0130\\u015flemleri\"},{\"@type\":\"WebPage\",\"@id\":\"https:\/\/myvize.com.tr\/japonya\/vize-islemleri\/#webpage\",\"url\":\"https:\/\/myvize.com.tr\/japonya\/vize-islemleri\/\",\"name\":\"Japonya Vize \\u0130\\u015flemleri - MyVize Vize Ba\\u015fvuru Merkezi\",\"isPartOf\":{\"@id\":\"https:\/\/myvize.com.tr\/japonya\/#website\"},\"primaryImageOfPage\":{\"@id\":\"https:\/\/myvize.com.tr\/japonya\/vize-islemleri\/#primaryimage\"},\"datePublished\":\"2020-11-30T05:50:13+00:00\",\"dateModified\":\"2021-12-07T14:47:08+00:00\",\"description\":\"Japonya Vize \\u0130\\u015flemleri Nelerdir? Japonya Vize \\u0130\\u015flemleri Nas\\u0131l Yap\\u0131l\\u0131r? Bilgi \\u0130\\u00e7in Vize Uzmanlar\\u0131m\\u0131z\\u0131 Aray\\u0131n: 0850 346 84 93\",\"breadcrumb\":{\"@id\":\"https:\/\/myvize.com.tr\/japonya\/vize-islemleri\/#breadcrumb\"},\"inLanguage\":\"tr\",\"potentialAction\":[{\"@type\":\"ReadAction\",\"target\":[\"https:\/\/myvize.com.tr\/japonya\/vize-islemleri\/\"]}]},{\"@type\":\"BreadcrumbList\",\"@id\":\"https:\/\/myvize.com.tr\/japonya\/vize-islemleri\/#breadcrumb\",\"itemListElement\":[{\"@type\":\"ListItem\",\"position\":1,\"item\":{\"@type\":\"WebPage\",\"@id\":\"https:\/\/myvize.com.tr\/japonya\/\",\"url\":\"https:\/\/myvize.com.tr\/japonya\/\",\"name\":\"Anasayfa\"}},{\"@type\":\"ListItem\",\"position\":2,\"item\":{\"@id\":\"https:\/\/myvize.com.tr\/japonya\/vize-islemleri\/#webpage\"}}]}]}<\/script>\n<!-- \/ Yoast SEO plugin. -->","_links":{"self":[{"href":"https:\/\/myvize.com.tr\/japonya\/wp-json\/wp\/v2\/pages\/18"}],"collection":[{"href":"https:\/\/myvize.com.tr\/japonya\/wp-json\/wp\/v2\/pages"}],"about":[{"href":"https:\/\/myvize.com.tr\/japonya\/wp-json\/wp\/v2\/types\/page"}],"author":[{"embeddable":true,"href":"https:\/\/myvize.com.tr\/japonya\/wp-json\/wp\/v2\/users\/2"}],"replies":[{"embeddable":true,"href":"https:\/\/myvize.com.tr\/japonya\/wp-json\/wp\/v2\/comments?post=18"}],"version-history":[{"count":8,"href":"https:\/\/myvize.com.tr\/japonya\/wp-json\/wp\/v2\/pages\/18\/revisions"}],"predecessor-version":[{"id":559,"href":"https:\/\/myvize.com.tr\/japonya\/wp-json\/wp\/v2\/pages\/18\/revisions\/559"}],"wp:attachment":[{"href":"https:\/\/myvize.com.tr\/japonya\/wp-json\/wp\/v2\/media?parent=18"}],"curies":[{"name":"wp","href":"https:\/\/api.w.org\/{rel}","templated":true}]}}