{"id":78,"date":"2020-11-30T13:03:47","date_gmt":"2020-11-30T10:03:47","guid":{"rendered":"http:\/\/myvize.com.tr\/israil\/?page_id=78"},"modified":"2021-11-08T14:10:54","modified_gmt":"2021-11-08T11:10:54","slug":"izmir-baskonsoloslugu","status":"publish","type":"page","link":"https:\/\/myvize.com.tr\/israil\/konsolosluklar\/izmir-baskonsoloslugu\/","title":{"rendered":"\u0130srail \u0130zmir Ba\u015fkonsoloslu\u011fu"},"content":{"rendered":"\r\n<p><span style=\"font-family: Roboto; font-size: 14px;\">\u0130srail\u2019e gitmek isteyen ki\u015filerin evraklar\u0131n\u0131 teslim etmeleri gereken kurumlardan birisi de\u00a0<strong>\u0130srail \u0130zmir konsoloslu\u011fu\u00a0<\/strong>vize birimidir. Bu vize birimi hafta i\u00e7inde belli saatler i\u00e7erisinde hizmet vermektedir. Ki\u015filer \u00e7al\u0131\u015fma vizesi, turizm ve daha bir\u00e7ok farkl\u0131 kategoride vize alabilme \u015fans\u0131na sahip olabilmektedir. En \u00e7ok ba\u015fvuru yap\u0131lan alanlardan birisi de \u00e7al\u0131\u015fma ve e\u011fitim vizesidir.<\/span><\/p>\r\n<p><span style=\"font-family: Roboto; font-size: 14px;\">\r\n\r\n<\/span><\/p>\r\n<p><span style=\"font-family: Roboto; font-size: 14px;\">\u0130srail\u2019de \u00e7al\u0131\u015fma izni alabilmek i\u00e7in ki\u015filerin belli ba\u015fl\u0131 \u015fartlar\u0131 yerine getirmesi son derece \u00f6nemlidir. Bu \u00fclkede \u00e7al\u0131\u015fma \u015fans\u0131na sahip olabilmek i\u00e7in ya \u0130srail\u2019deki bir \u015firket taraf\u0131ndan davet edilmeli ya da kendi \u015firketinizin bir temsilcisi olarak buraya gitmelisiniz. <span style=\"color: #2acec2;\"><strong><a style=\"color: #2acec2;\" href=\"https:\/\/myvize.com.tr\/israil\/vize-islemleri\/israil-calisma-izni\/\" target=\"_blank\" rel=\"noopener\">\u0130srail \u00c7al\u0131\u015fma izni<\/a><\/strong><\/span> alacak olan ki\u015filer i\u00e7in en \u00f6nemli belge davetiyedir. Davetiyenizin kar\u015f\u0131 taraf\u0131n t\u00fcm bilgilerini i\u00e7erecek \u015fekilde d\u00fczenlenmi\u015f olmas\u0131 son derece \u00f6nemli bir detayd\u0131r.<\/span><\/p>\r\n\r\n\r\n\r\n<h2><span style=\"font-family: Roboto; font-size: 27px;\"><strong>\u0130srail Vize \u0130\u015flemleri<\/strong><\/span><\/h2>\r\n\r\n\r\n\r\n<p><span style=\"font-family: Roboto; font-size: 14px;\"><strong>\u0130srail \u0130zmir konsoloslu\u011fu<\/strong>\u00a0vize i\u015flemleri s\u0131ras\u0131nda herhangi bir problem olmamas\u0131 i\u00e7in bu konuda profesyonel destek alabilirsiniz. \u00c7\u00fcnk\u00fc her vize t\u00fcr\u00fc i\u00e7in farkl\u0131 bir talebinde bulunulmaktad\u0131r. \u0130\u015flemleriniz i\u00e7in 0850 346 68 74 hatt\u0131n\u0131 arayarak rahatl\u0131kla hizmet alabilirsiniz.<\/span><\/p>\r\n<h2><span style=\"font-family: Roboto; font-size: 27px;\">\u0130srail \u0130zmir Konsoloslu\u011fu \u00c7al\u0131\u015fma Saatleri:<\/span><\/h2>\r\n<p><span style=\"font-family: Roboto; font-size: 14px;\"> Pazartesi- Cuma g\u00fcn\u00fc 09.00 &#8211; 16.30 aras\u0131 konsolosluk i\u015flemi ger\u00e7ekle\u015ftirilebilir.<\/span><\/p>\r\n<h2><span style=\"font-family: Roboto; font-size: 27px;\">\u0130srail \u0130zmir Konsoloslu\u011fundan Vize Ba\u015fvurusu Nas\u0131l Yap\u0131l\u0131r?<\/span><\/h2>\r\n<p><span style=\"font-family: Roboto; font-size: 14px;\"><strong>\u0130srail \u0130zmir Konsoloslu\u011fu<\/strong> vize b\u00f6l\u00fcm\u00fc y\u00fcz y\u00fcze \u00e7al\u0131\u015fmaktad\u0131r. Veya vize ba\u015fvurusunda bulunacak ki\u015filer konsolosluktan, Seyahat ile Turizm acentesi arac\u0131l\u0131\u011f\u0131yla da yap\u0131labilir. \u0130srail \u0130zmir Konsoloslu\u011fu&#8217;na vize ba\u015fvurusu yapan ki\u015fi doldurulmu\u015f <span style=\"color: #2acec2;\"><strong><a style=\"color: #2acec2;\" href=\"https:\/\/myvize.com.tr\/israil\/form-ve-dilekce\/vize-basvuru-formu\/\" target=\"_blank\" rel=\"noopener\">vize ba\u015fvuru formu<\/a><\/strong><\/span> ile beraber ba\u015fvuru yapacakt\u0131r.<\/span><br \/><span style=\"font-family: Roboto; font-size: 14px;\">\u0130srail \u0130zmir Konsoloslu\u011fu G\u00f6rev B\u00f6lgesi: \u0130zmir ve di\u011fer \u00e7evre ilinden ikametg\u00e2h\u0131 olan T\u00fcrkiye Cumhuriyet vatanda\u015f\u0131, vize i\u015flemi \u0130srail \u0130zmir Konsoloslu\u011fu\u2019nda yapabilir.<\/span><\/p>\r\n<h2><strong><span style=\"font-family: Roboto; font-size: 27px;\">\u0130srail \u0130zmir Konsoloslu\u011fundan Yap\u0131lacak \u0130\u015flem Nelerdir?<\/span><\/strong><\/h2>\r\n<p><span style=\"font-family: Roboto; font-size: 14px;\"><strong>\u0130srail \u0130zmir Konsoloslu\u011fu<\/strong> ve di\u011fer<strong> \u0130srail Konsoloslu\u011fu<\/strong> g\u00f6rev alan\u0131na, yak\u0131n b\u00f6lgede ikametg\u00e2h\u0131 olan ki\u015finin yapaca\u011f\u0131 i\u015flem \u015funlard\u0131r. \u0130srail Vizesi ya da pasaport yenileme i\u015flemi, noterlik i\u015flemi, evlilik belgesi, do\u011fum belgesi, \u00f6l\u00fcm belgeleri, askerlik belgesi, sertifika, belge tasdik gibi i\u015fleminde \u0130srail \u0130zmir Konsolosluklar\u0131 yetkilidir.<\/span><\/p>\r\n<h3><span style=\"font-family: Roboto; font-size: 24px;\">\u0130zmir Konsoloslu\u011fundan \u0130srail Vizesi Ne Kadar S\u00fcrede \u00c7\u0131kar?<\/span><\/h3>\r\n<p><span style=\"font-family: Roboto; font-size: 14px;\">\u0130zmir\u2019den<span style=\"color: #2acec2;\"><strong><a style=\"color: #2acec2;\" href=\"https:\/\/myvize.com.tr\/israil\/vize-islemleri\/israil-vizesi\/\" target=\"_blank\" rel=\"noopener\"> \u0130srail vizesi<\/a><\/strong><\/span> i\u015fleminin ba\u015fvurusu taraf\u0131m\u0131zdan yap\u0131ld\u0131ktan sonra vize sonu\u00e7lanmas\u0131 i\u00e7in s\u00fcre 7-15 i\u015f g\u00fcn olmakla beraber \u0130srail konsoloslu\u011fu kapal\u0131 oldu\u011fu tatil g\u00fcn\u00fc ve vize talebi yo\u011funlu\u011fu oldu\u011fu d\u00f6nemde, istisna olsa gecikme olabilir. \u0130zmir\u2019de yap\u0131lan ba\u015fvuruda kargo s\u00fcresi dikkate al\u0131nmal\u0131d\u0131r.<\/span><\/p>\r\n","protected":false},"excerpt":{"rendered":"<p>\u0130srail\u2019e gitmek isteyen ki\u015filerin evraklar\u0131n\u0131 teslim etmeleri gereken kurumlardan birisi de\u00a0\u0130srail \u0130zmir konsoloslu\u011fu\u00a0vize birimidir. Bu vize birimi hafta i\u00e7inde belli saatler i\u00e7erisinde hizmet vermektedir. Ki\u015filer \u00e7al\u0131\u015fma vizesi, turizm ve daha bir\u00e7ok farkl\u0131 kategoride vize alabilme \u015fans\u0131na sahip olabilmektedir. En \u00e7ok ba\u015fvuru yap\u0131lan alanlardan birisi de \u00e7al\u0131\u015fma ve e\u011fitim vizesidir. \u0130srail\u2019de \u00e7al\u0131\u015fma izni alabilmek i\u00e7in ki\u015filerin<\/p>\n","protected":false},"author":1,"featured_media":0,"parent":69,"menu_order":0,"comment_status":"closed","ping_status":"closed","template":"","meta":[],"yoast_head":"<!-- This site is optimized with the Yoast SEO plugin v16.4 - https:\/\/yoast.com\/wordpress\/plugins\/seo\/ -->\n<title>\u0130srail \u0130zmir Ba\u015fkonsoloslu\u011fu - MyVize Vize Ba\u015fvuru Merkezi<\/title>\n<meta name=\"description\" content=\"\u0130srail \u0130zmir Ba\u015fkonsoloslu\u011fu \u00e7al\u0131\u015fma saatleri. \u0130srail \u0130zmir Ba\u015fkonsoloslu\u011fu ula\u015f\u0131m, ileti\u015fim bilgileri ve faaliyet alan\u0131.\" \/>\n<meta name=\"robots\" content=\"index, follow, max-snippet:-1, max-image-preview:large, max-video-preview:-1\" \/>\n<link rel=\"canonical\" href=\"https:\/\/myvize.com.tr\/israil\/konsolosluklar\/izmir-baskonsoloslugu\/\" \/>\n<meta property=\"og:locale\" content=\"tr_TR\" \/>\n<meta property=\"og:type\" content=\"article\" \/>\n<meta property=\"og:title\" content=\"\u0130srail \u0130zmir Ba\u015fkonsoloslu\u011fu - MyVize Vize Ba\u015fvuru Merkezi\" \/>\n<meta property=\"og:description\" content=\"\u0130srail \u0130zmir Ba\u015fkonsoloslu\u011fu \u00e7al\u0131\u015fma saatleri. \u0130srail \u0130zmir Ba\u015fkonsoloslu\u011fu ula\u015f\u0131m, ileti\u015fim bilgileri ve faaliyet alan\u0131.\" \/>\n<meta property=\"og:url\" content=\"https:\/\/myvize.com.tr\/israil\/konsolosluklar\/izmir-baskonsoloslugu\/\" \/>\n<meta property=\"og:site_name\" content=\"\u0130srail Vizesi\" \/>\n<meta property=\"article:modified_time\" content=\"2021-11-08T11:10:54+00:00\" \/>\n<meta name=\"twitter:card\" content=\"summary_large_image\" \/>\n<meta name=\"twitter:label1\" content=\"Tahmini okuma s\u00fcresi\" \/>\n\t<meta name=\"twitter:data1\" content=\"2 dakika\" \/>\n<script type=\"application\/ld+json\" class=\"yoast-schema-graph\">{\"@context\":\"https:\/\/schema.org\",\"@graph\":[{\"@type\":\"WebSite\",\"@id\":\"https:\/\/myvize.com.tr\/israil\/#website\",\"url\":\"https:\/\/myvize.com.tr\/israil\/\",\"name\":\"\\u0130srail Vizesi\",\"description\":\"\",\"potentialAction\":[{\"@type\":\"SearchAction\",\"target\":\"https:\/\/myvize.com.tr\/israil\/?s={search_term_string}\",\"query-input\":\"required name=search_term_string\"}],\"inLanguage\":\"tr\"},{\"@type\":\"WebPage\",\"@id\":\"https:\/\/myvize.com.tr\/israil\/konsolosluklar\/izmir-baskonsoloslugu\/#webpage\",\"url\":\"https:\/\/myvize.com.tr\/israil\/konsolosluklar\/izmir-baskonsoloslugu\/\",\"name\":\"\\u0130srail \\u0130zmir Ba\\u015fkonsoloslu\\u011fu - MyVize Vize Ba\\u015fvuru Merkezi\",\"isPartOf\":{\"@id\":\"https:\/\/myvize.com.tr\/israil\/#website\"},\"datePublished\":\"2020-11-30T10:03:47+00:00\",\"dateModified\":\"2021-11-08T11:10:54+00:00\",\"description\":\"\\u0130srail \\u0130zmir Ba\\u015fkonsoloslu\\u011fu \\u00e7al\\u0131\\u015fma saatleri. \\u0130srail \\u0130zmir Ba\\u015fkonsoloslu\\u011fu ula\\u015f\\u0131m, ileti\\u015fim bilgileri ve faaliyet alan\\u0131.\",\"breadcrumb\":{\"@id\":\"https:\/\/myvize.com.tr\/israil\/konsolosluklar\/izmir-baskonsoloslugu\/#breadcrumb\"},\"inLanguage\":\"tr\",\"potentialAction\":[{\"@type\":\"ReadAction\",\"target\":[\"https:\/\/myvize.com.tr\/israil\/konsolosluklar\/izmir-baskonsoloslugu\/\"]}]},{\"@type\":\"BreadcrumbList\",\"@id\":\"https:\/\/myvize.com.tr\/israil\/konsolosluklar\/izmir-baskonsoloslugu\/#breadcrumb\",\"itemListElement\":[{\"@type\":\"ListItem\",\"position\":1,\"item\":{\"@type\":\"WebPage\",\"@id\":\"https:\/\/myvize.com.tr\/israil\/\",\"url\":\"https:\/\/myvize.com.tr\/israil\/\",\"name\":\"Anasayfa\"}},{\"@type\":\"ListItem\",\"position\":2,\"item\":{\"@type\":\"WebPage\",\"@id\":\"https:\/\/myvize.com.tr\/israil\/konsolosluklar\/\",\"url\":\"https:\/\/myvize.com.tr\/israil\/konsolosluklar\/\",\"name\":\"KONSOLOSLUKLAR\"}},{\"@type\":\"ListItem\",\"position\":3,\"item\":{\"@id\":\"https:\/\/myvize.com.tr\/israil\/konsolosluklar\/izmir-baskonsoloslugu\/#webpage\"}}]}]}<\/script>\n<!-- \/ Yoast SEO plugin. -->","_links":{"self":[{"href":"https:\/\/myvize.com.tr\/israil\/wp-json\/wp\/v2\/pages\/78"}],"collection":[{"href":"https:\/\/myvize.com.tr\/israil\/wp-json\/wp\/v2\/pages"}],"about":[{"href":"https:\/\/myvize.com.tr\/israil\/wp-json\/wp\/v2\/types\/page"}],"author":[{"embeddable":true,"href":"https:\/\/myvize.com.tr\/israil\/wp-json\/wp\/v2\/users\/1"}],"replies":[{"embeddable":true,"href":"https:\/\/myvize.com.tr\/israil\/wp-json\/wp\/v2\/comments?post=78"}],"version-history":[{"count":6,"href":"https:\/\/myvize.com.tr\/israil\/wp-json\/wp\/v2\/pages\/78\/revisions"}],"predecessor-version":[{"id":488,"href":"https:\/\/myvize.com.tr\/israil\/wp-json\/wp\/v2\/pages\/78\/revisions\/488"}],"up":[{"embeddable":true,"href":"https:\/\/myvize.com.tr\/israil\/wp-json\/wp\/v2\/pages\/69"}],"wp:attachment":[{"href":"https:\/\/myvize.com.tr\/israil\/wp-json\/wp\/v2\/media?parent=78"}],"curies":[{"name":"wp","href":"https:\/\/api.w.org\/{rel}","templated":true}]}}