{"id":174,"date":"2021-01-15T16:17:06","date_gmt":"2021-01-15T13:17:06","guid":{"rendered":"https:\/\/myvize.com.tr\/iran\/?page_id=174"},"modified":"2022-01-11T14:40:02","modified_gmt":"2022-01-11T11:40:02","slug":"edirne","status":"publish","type":"page","link":"https:\/\/myvize.com.tr\/iran\/subelerimiz\/edirne\/","title":{"rendered":"\u0130ran Vizesi , Edirne"},"content":{"rendered":"\n<h2 class=\"wp-block-heading\"><strong>\u0130ran Vize Ba\u015fvuru Merkezi, Edirne<\/strong><\/h2>\n","protected":false},"excerpt":{"rendered":"<p>\u0130ran Vize Ba\u015fvuru Merkezi, Edirne<\/p>\n","protected":false},"author":1,"featured_media":0,"parent":147,"menu_order":0,"comment_status":"closed","ping_status":"closed","template":"","meta":{"footnotes":""},"class_list":["post-174","page","type-page","status-publish","hentry"],"yoast_head":"<!-- This site is optimized with the Yoast SEO plugin v24.0 - https:\/\/yoast.com\/wordpress\/plugins\/seo\/ -->\n<title>\u0130ran Vizesi Edirne Vize Ba\u015fvuru Merkezimiz - MyVize<\/title>\n<meta name=\"description\" content=\"\u0130ran Vizesi Edirne Vize Ba\u015fvuru Merkezi. \u0130ran Vizesi Nas\u0131l Al\u0131n\u0131r? Ba\u015fvuru Yapmak \u0130\u00e7in Edirne \u015eubemizi Aray\u0131n: 0850 346 84 93\" \/>\n<meta name=\"robots\" content=\"index, follow, max-snippet:-1, max-image-preview:large, max-video-preview:-1\" \/>\n<link rel=\"canonical\" href=\"https:\/\/myvize.com.tr\/iran\/subelerimiz\/edirne\/\" \/>\n<meta property=\"og:locale\" content=\"tr_TR\" \/>\n<meta property=\"og:type\" content=\"article\" \/>\n<meta property=\"og:title\" content=\"\u0130ran Vizesi Edirne Vize Ba\u015fvuru Merkezimiz - MyVize\" \/>\n<meta property=\"og:description\" content=\"\u0130ran Vizesi Edirne Vize Ba\u015fvuru Merkezi. \u0130ran Vizesi Nas\u0131l Al\u0131n\u0131r? Ba\u015fvuru Yapmak \u0130\u00e7in Edirne \u015eubemizi Aray\u0131n: 0850 346 84 93\" \/>\n<meta property=\"og:url\" content=\"https:\/\/myvize.com.tr\/iran\/subelerimiz\/edirne\/\" \/>\n<meta property=\"og:site_name\" content=\"\u0130ran Vizesi\" \/>\n<meta property=\"article:modified_time\" content=\"2022-01-11T11:40:02+00:00\" \/>\n<meta name=\"twitter:card\" content=\"summary_large_image\" \/>\n<meta name=\"twitter:label1\" content=\"Tahmini okuma s\u00fcresi\" \/>\n\t<meta name=\"twitter:data1\" content=\"1 dakika\" \/>\n<script type=\"application\/ld+json\" class=\"yoast-schema-graph\">{\"@context\":\"https:\/\/schema.org\",\"@graph\":[{\"@type\":\"WebPage\",\"@id\":\"https:\/\/myvize.com.tr\/iran\/subelerimiz\/edirne\/\",\"url\":\"https:\/\/myvize.com.tr\/iran\/subelerimiz\/edirne\/\",\"name\":\"\u0130ran Vizesi Edirne Vize Ba\u015fvuru Merkezimiz - MyVize\",\"isPartOf\":{\"@id\":\"https:\/\/myvize.com.tr\/iran\/#website\"},\"datePublished\":\"2021-01-15T13:17:06+00:00\",\"dateModified\":\"2022-01-11T11:40:02+00:00\",\"description\":\"\u0130ran Vizesi Edirne Vize Ba\u015fvuru Merkezi. \u0130ran Vizesi Nas\u0131l Al\u0131n\u0131r? Ba\u015fvuru Yapmak \u0130\u00e7in Edirne \u015eubemizi Aray\u0131n: 0850 346 84 93\",\"breadcrumb\":{\"@id\":\"https:\/\/myvize.com.tr\/iran\/subelerimiz\/edirne\/#breadcrumb\"},\"inLanguage\":\"tr\",\"potentialAction\":[{\"@type\":\"ReadAction\",\"target\":[\"https:\/\/myvize.com.tr\/iran\/subelerimiz\/edirne\/\"]}]},{\"@type\":\"BreadcrumbList\",\"@id\":\"https:\/\/myvize.com.tr\/iran\/subelerimiz\/edirne\/#breadcrumb\",\"itemListElement\":[{\"@type\":\"ListItem\",\"position\":1,\"name\":\"Anasayfa\",\"item\":\"https:\/\/myvize.com.tr\/iran\/\"},{\"@type\":\"ListItem\",\"position\":2,\"name\":\"\u015eUBELER\u0130M\u0130Z\",\"item\":\"https:\/\/myvize.com.tr\/iran\/subelerimiz\/\"},{\"@type\":\"ListItem\",\"position\":3,\"name\":\"\u0130ran Vizesi , Edirne\"}]},{\"@type\":\"WebSite\",\"@id\":\"https:\/\/myvize.com.tr\/iran\/#website\",\"url\":\"https:\/\/myvize.com.tr\/iran\/\",\"name\":\"\u0130ran Vizesi\",\"description\":\"\",\"potentialAction\":[{\"@type\":\"SearchAction\",\"target\":{\"@type\":\"EntryPoint\",\"urlTemplate\":\"https:\/\/myvize.com.tr\/iran\/?s={search_term_string}\"},\"query-input\":{\"@type\":\"PropertyValueSpecification\",\"valueRequired\":true,\"valueName\":\"search_term_string\"}}],\"inLanguage\":\"tr\"}]}<\/script>\n<!-- \/ Yoast SEO plugin. -->","yoast_head_json":{"title":"\u0130ran Vizesi Edirne Vize Ba\u015fvuru Merkezimiz - MyVize","description":"\u0130ran Vizesi Edirne Vize Ba\u015fvuru Merkezi. \u0130ran Vizesi Nas\u0131l Al\u0131n\u0131r? Ba\u015fvuru Yapmak \u0130\u00e7in Edirne \u015eubemizi Aray\u0131n: 0850 346 84 93","robots":{"index":"index","follow":"follow","max-snippet":"max-snippet:-1","max-image-preview":"max-image-preview:large","max-video-preview":"max-video-preview:-1"},"canonical":"https:\/\/myvize.com.tr\/iran\/subelerimiz\/edirne\/","og_locale":"tr_TR","og_type":"article","og_title":"\u0130ran Vizesi Edirne Vize Ba\u015fvuru Merkezimiz - MyVize","og_description":"\u0130ran Vizesi Edirne Vize Ba\u015fvuru Merkezi. \u0130ran Vizesi Nas\u0131l Al\u0131n\u0131r? Ba\u015fvuru Yapmak \u0130\u00e7in Edirne \u015eubemizi Aray\u0131n: 0850 346 84 93","og_url":"https:\/\/myvize.com.tr\/iran\/subelerimiz\/edirne\/","og_site_name":"\u0130ran Vizesi","article_modified_time":"2022-01-11T11:40:02+00:00","twitter_card":"summary_large_image","twitter_misc":{"Tahmini okuma s\u00fcresi":"1 dakika"},"schema":{"@context":"https:\/\/schema.org","@graph":[{"@type":"WebPage","@id":"https:\/\/myvize.com.tr\/iran\/subelerimiz\/edirne\/","url":"https:\/\/myvize.com.tr\/iran\/subelerimiz\/edirne\/","name":"\u0130ran Vizesi Edirne Vize Ba\u015fvuru Merkezimiz - MyVize","isPartOf":{"@id":"https:\/\/myvize.com.tr\/iran\/#website"},"datePublished":"2021-01-15T13:17:06+00:00","dateModified":"2022-01-11T11:40:02+00:00","description":"\u0130ran Vizesi Edirne Vize Ba\u015fvuru Merkezi. \u0130ran Vizesi Nas\u0131l Al\u0131n\u0131r? Ba\u015fvuru Yapmak \u0130\u00e7in Edirne \u015eubemizi Aray\u0131n: 0850 346 84 93","breadcrumb":{"@id":"https:\/\/myvize.com.tr\/iran\/subelerimiz\/edirne\/#breadcrumb"},"inLanguage":"tr","potentialAction":[{"@type":"ReadAction","target":["https:\/\/myvize.com.tr\/iran\/subelerimiz\/edirne\/"]}]},{"@type":"BreadcrumbList","@id":"https:\/\/myvize.com.tr\/iran\/subelerimiz\/edirne\/#breadcrumb","itemListElement":[{"@type":"ListItem","position":1,"name":"Anasayfa","item":"https:\/\/myvize.com.tr\/iran\/"},{"@type":"ListItem","position":2,"name":"\u015eUBELER\u0130M\u0130Z","item":"https:\/\/myvize.com.tr\/iran\/subelerimiz\/"},{"@type":"ListItem","position":3,"name":"\u0130ran Vizesi , Edirne"}]},{"@type":"WebSite","@id":"https:\/\/myvize.com.tr\/iran\/#website","url":"https:\/\/myvize.com.tr\/iran\/","name":"\u0130ran Vizesi","description":"","potentialAction":[{"@type":"SearchAction","target":{"@type":"EntryPoint","urlTemplate":"https:\/\/myvize.com.tr\/iran\/?s={search_term_string}"},"query-input":{"@type":"PropertyValueSpecification","valueRequired":true,"valueName":"search_term_string"}}],"inLanguage":"tr"}]}},"_links":{"self":[{"href":"https:\/\/myvize.com.tr\/iran\/wp-json\/wp\/v2\/pages\/174","targetHints":{"allow":["GET"]}}],"collection":[{"href":"https:\/\/myvize.com.tr\/iran\/wp-json\/wp\/v2\/pages"}],"about":[{"href":"https:\/\/myvize.com.tr\/iran\/wp-json\/wp\/v2\/types\/page"}],"author":[{"embeddable":true,"href":"https:\/\/myvize.com.tr\/iran\/wp-json\/wp\/v2\/users\/1"}],"replies":[{"embeddable":true,"href":"https:\/\/myvize.com.tr\/iran\/wp-json\/wp\/v2\/comments?post=174"}],"version-history":[{"count":5,"href":"https:\/\/myvize.com.tr\/iran\/wp-json\/wp\/v2\/pages\/174\/revisions"}],"predecessor-version":[{"id":470,"href":"https:\/\/myvize.com.tr\/iran\/wp-json\/wp\/v2\/pages\/174\/revisions\/470"}],"up":[{"embeddable":true,"href":"https:\/\/myvize.com.tr\/iran\/wp-json\/wp\/v2\/pages\/147"}],"wp:attachment":[{"href":"https:\/\/myvize.com.tr\/iran\/wp-json\/wp\/v2\/media?parent=174"}],"curies":[{"name":"wp","href":"https:\/\/api.w.org\/{rel}","templated":true}]}}