{"id":307,"date":"2021-01-21T16:56:18","date_gmt":"2021-01-21T13:56:18","guid":{"rendered":"https:\/\/myvize.com.tr\/guyana\/?page_id=307"},"modified":"2022-01-14T12:41:58","modified_gmt":"2022-01-14T09:41:58","slug":"guyana-istanbul-fahri-konsoloslugu","status":"publish","type":"page","link":"https:\/\/myvize.com.tr\/guyana\/konsolosluklar\/guyana-istanbul-fahri-konsoloslugu\/","title":{"rendered":"Guyana \u0130stanbul Fahri Konsoloslu\u011fu"},"content":{"rendered":"\n<h2><strong>Guyana \u0130stanbul Fahri Konsoloslu\u011fu \u0130leti\u015fim Bilgileri<\/strong><\/h2>\n","protected":false},"excerpt":{"rendered":"<p>Guyana \u0130stanbul Fahri Konsoloslu\u011fu \u0130leti\u015fim Bilgileri<\/p>\n","protected":false},"author":1,"featured_media":0,"parent":69,"menu_order":0,"comment_status":"closed","ping_status":"closed","template":"","meta":[],"yoast_head":"<!-- This site is optimized with the Yoast SEO plugin v16.4 - https:\/\/yoast.com\/wordpress\/plugins\/seo\/ -->\n<title>Guyana \u0130stanbul Fahri Konsoloslu\u011fu - MyVize<\/title>\n<meta name=\"description\" content=\"Guyana \u0130stanbul Fahri Konsoloslu\u011fu \u0130leti\u015fim Bilgileri Telefon Numaras\u0131 Mail Adresi Bilgileri \u0130\u00e7erir. Guyana Vize Dan\u0131\u015fman\u0131 \u0130\u00e7in Hemen Aray\u0131n.\" \/>\n<meta name=\"robots\" content=\"index, follow, max-snippet:-1, max-image-preview:large, max-video-preview:-1\" \/>\n<link rel=\"canonical\" href=\"https:\/\/myvize.com.tr\/guyana\/konsolosluklar\/guyana-istanbul-fahri-konsoloslugu\/\" \/>\n<meta property=\"og:locale\" content=\"tr_TR\" \/>\n<meta property=\"og:type\" content=\"article\" \/>\n<meta property=\"og:title\" content=\"Guyana \u0130stanbul Fahri Konsoloslu\u011fu - MyVize\" \/>\n<meta property=\"og:description\" content=\"Guyana \u0130stanbul Fahri Konsoloslu\u011fu \u0130leti\u015fim Bilgileri Telefon Numaras\u0131 Mail Adresi Bilgileri \u0130\u00e7erir. Guyana Vize Dan\u0131\u015fman\u0131 \u0130\u00e7in Hemen Aray\u0131n.\" \/>\n<meta property=\"og:url\" content=\"https:\/\/myvize.com.tr\/guyana\/konsolosluklar\/guyana-istanbul-fahri-konsoloslugu\/\" \/>\n<meta property=\"og:site_name\" content=\"Guyana Vizesi\" \/>\n<meta property=\"article:modified_time\" content=\"2022-01-14T09:41:58+00:00\" \/>\n<meta name=\"twitter:card\" content=\"summary_large_image\" \/>\n<meta name=\"twitter:label1\" content=\"Tahmini okuma s\u00fcresi\" \/>\n\t<meta name=\"twitter:data1\" content=\"1 dakika\" \/>\n<script type=\"application\/ld+json\" class=\"yoast-schema-graph\">{\"@context\":\"https:\/\/schema.org\",\"@graph\":[{\"@type\":\"WebSite\",\"@id\":\"https:\/\/myvize.com.tr\/guyana\/#website\",\"url\":\"https:\/\/myvize.com.tr\/guyana\/\",\"name\":\"Guyana Vizesi\",\"description\":\"\",\"potentialAction\":[{\"@type\":\"SearchAction\",\"target\":\"https:\/\/myvize.com.tr\/guyana\/?s={search_term_string}\",\"query-input\":\"required name=search_term_string\"}],\"inLanguage\":\"tr\"},{\"@type\":\"WebPage\",\"@id\":\"https:\/\/myvize.com.tr\/guyana\/konsolosluklar\/guyana-istanbul-fahri-konsoloslugu\/#webpage\",\"url\":\"https:\/\/myvize.com.tr\/guyana\/konsolosluklar\/guyana-istanbul-fahri-konsoloslugu\/\",\"name\":\"Guyana \\u0130stanbul Fahri Konsoloslu\\u011fu - MyVize\",\"isPartOf\":{\"@id\":\"https:\/\/myvize.com.tr\/guyana\/#website\"},\"datePublished\":\"2021-01-21T13:56:18+00:00\",\"dateModified\":\"2022-01-14T09:41:58+00:00\",\"description\":\"Guyana \\u0130stanbul Fahri Konsoloslu\\u011fu \\u0130leti\\u015fim Bilgileri Telefon Numaras\\u0131 Mail Adresi Bilgileri \\u0130\\u00e7erir. Guyana Vize Dan\\u0131\\u015fman\\u0131 \\u0130\\u00e7in Hemen Aray\\u0131n.\",\"breadcrumb\":{\"@id\":\"https:\/\/myvize.com.tr\/guyana\/konsolosluklar\/guyana-istanbul-fahri-konsoloslugu\/#breadcrumb\"},\"inLanguage\":\"tr\",\"potentialAction\":[{\"@type\":\"ReadAction\",\"target\":[\"https:\/\/myvize.com.tr\/guyana\/konsolosluklar\/guyana-istanbul-fahri-konsoloslugu\/\"]}]},{\"@type\":\"BreadcrumbList\",\"@id\":\"https:\/\/myvize.com.tr\/guyana\/konsolosluklar\/guyana-istanbul-fahri-konsoloslugu\/#breadcrumb\",\"itemListElement\":[{\"@type\":\"ListItem\",\"position\":1,\"item\":{\"@type\":\"WebPage\",\"@id\":\"https:\/\/myvize.com.tr\/guyana\/\",\"url\":\"https:\/\/myvize.com.tr\/guyana\/\",\"name\":\"Anasayfa\"}},{\"@type\":\"ListItem\",\"position\":2,\"item\":{\"@type\":\"WebPage\",\"@id\":\"https:\/\/myvize.com.tr\/guyana\/konsolosluklar\/\",\"url\":\"https:\/\/myvize.com.tr\/guyana\/konsolosluklar\/\",\"name\":\"KONSOLOSLUKLAR\"}},{\"@type\":\"ListItem\",\"position\":3,\"item\":{\"@id\":\"https:\/\/myvize.com.tr\/guyana\/konsolosluklar\/guyana-istanbul-fahri-konsoloslugu\/#webpage\"}}]}]}<\/script>\n<!-- \/ Yoast SEO plugin. -->","_links":{"self":[{"href":"https:\/\/myvize.com.tr\/guyana\/wp-json\/wp\/v2\/pages\/307"}],"collection":[{"href":"https:\/\/myvize.com.tr\/guyana\/wp-json\/wp\/v2\/pages"}],"about":[{"href":"https:\/\/myvize.com.tr\/guyana\/wp-json\/wp\/v2\/types\/page"}],"author":[{"embeddable":true,"href":"https:\/\/myvize.com.tr\/guyana\/wp-json\/wp\/v2\/users\/1"}],"replies":[{"embeddable":true,"href":"https:\/\/myvize.com.tr\/guyana\/wp-json\/wp\/v2\/comments?post=307"}],"version-history":[{"count":2,"href":"https:\/\/myvize.com.tr\/guyana\/wp-json\/wp\/v2\/pages\/307\/revisions"}],"predecessor-version":[{"id":331,"href":"https:\/\/myvize.com.tr\/guyana\/wp-json\/wp\/v2\/pages\/307\/revisions\/331"}],"up":[{"embeddable":true,"href":"https:\/\/myvize.com.tr\/guyana\/wp-json\/wp\/v2\/pages\/69"}],"wp:attachment":[{"href":"https:\/\/myvize.com.tr\/guyana\/wp-json\/wp\/v2\/media?parent=307"}],"curies":[{"name":"wp","href":"https:\/\/api.w.org\/{rel}","templated":true}]}}