{"id":154,"date":"2021-01-15T16:14:02","date_gmt":"2021-01-15T13:14:02","guid":{"rendered":"https:\/\/myvize.com.tr\/guyana\/?page_id=154"},"modified":"2022-01-11T17:07:32","modified_gmt":"2022-01-11T14:07:32","slug":"trabzon","status":"publish","type":"page","link":"https:\/\/myvize.com.tr\/guyana\/subelerimiz\/trabzon\/","title":{"rendered":"Guyana Vizesi , Trabzon"},"content":{"rendered":"\n<h2><strong>Guyana Vize Ba\u015fvuru Merkezi, Trabzon<\/strong><\/h2>\n","protected":false},"excerpt":{"rendered":"<p>Guyana Vize Ba\u015fvuru Merkezi, Trabzon<\/p>\n","protected":false},"author":1,"featured_media":0,"parent":147,"menu_order":0,"comment_status":"closed","ping_status":"closed","template":"","meta":[],"yoast_head":"<!-- This site is optimized with the Yoast SEO plugin v16.4 - https:\/\/yoast.com\/wordpress\/plugins\/seo\/ -->\n<title>Guyana Vize Ba\u015fvuru Merkezimiz Trabzon - MyVize<\/title>\n<meta name=\"description\" content=\"Guyana Vizesi Trabzon Vize Ba\u015fvuru Merkezi. Guyana Vizesi Nas\u0131l Al\u0131n\u0131r? Ba\u015fvuru Yapmak \u0130\u00e7in Trabzon \u015eubemizi Aray\u0131n: 0850 346 84 93\" \/>\n<meta name=\"robots\" content=\"index, follow, max-snippet:-1, max-image-preview:large, max-video-preview:-1\" \/>\n<link rel=\"canonical\" href=\"https:\/\/myvize.com.tr\/guyana\/subelerimiz\/trabzon\/\" \/>\n<meta property=\"og:locale\" content=\"tr_TR\" \/>\n<meta property=\"og:type\" content=\"article\" \/>\n<meta property=\"og:title\" content=\"Guyana Vize Ba\u015fvuru Merkezimiz Trabzon - MyVize\" \/>\n<meta property=\"og:description\" content=\"Guyana Vizesi Trabzon Vize Ba\u015fvuru Merkezi. Guyana Vizesi Nas\u0131l Al\u0131n\u0131r? Ba\u015fvuru Yapmak \u0130\u00e7in Trabzon \u015eubemizi Aray\u0131n: 0850 346 84 93\" \/>\n<meta property=\"og:url\" content=\"https:\/\/myvize.com.tr\/guyana\/subelerimiz\/trabzon\/\" \/>\n<meta property=\"og:site_name\" content=\"Guyana Vizesi\" \/>\n<meta property=\"article:modified_time\" content=\"2022-01-11T14:07:32+00:00\" \/>\n<meta name=\"twitter:card\" content=\"summary_large_image\" \/>\n<meta name=\"twitter:label1\" content=\"Tahmini okuma s\u00fcresi\" \/>\n\t<meta name=\"twitter:data1\" content=\"1 dakika\" \/>\n<script type=\"application\/ld+json\" class=\"yoast-schema-graph\">{\"@context\":\"https:\/\/schema.org\",\"@graph\":[{\"@type\":\"WebSite\",\"@id\":\"https:\/\/myvize.com.tr\/guyana\/#website\",\"url\":\"https:\/\/myvize.com.tr\/guyana\/\",\"name\":\"Guyana Vizesi\",\"description\":\"\",\"potentialAction\":[{\"@type\":\"SearchAction\",\"target\":\"https:\/\/myvize.com.tr\/guyana\/?s={search_term_string}\",\"query-input\":\"required name=search_term_string\"}],\"inLanguage\":\"tr\"},{\"@type\":\"WebPage\",\"@id\":\"https:\/\/myvize.com.tr\/guyana\/subelerimiz\/trabzon\/#webpage\",\"url\":\"https:\/\/myvize.com.tr\/guyana\/subelerimiz\/trabzon\/\",\"name\":\"Guyana Vize Ba\\u015fvuru Merkezimiz Trabzon - MyVize\",\"isPartOf\":{\"@id\":\"https:\/\/myvize.com.tr\/guyana\/#website\"},\"datePublished\":\"2021-01-15T13:14:02+00:00\",\"dateModified\":\"2022-01-11T14:07:32+00:00\",\"description\":\"Guyana Vizesi Trabzon Vize Ba\\u015fvuru Merkezi. Guyana Vizesi Nas\\u0131l Al\\u0131n\\u0131r? Ba\\u015fvuru Yapmak \\u0130\\u00e7in Trabzon \\u015eubemizi Aray\\u0131n: 0850 346 84 93\",\"breadcrumb\":{\"@id\":\"https:\/\/myvize.com.tr\/guyana\/subelerimiz\/trabzon\/#breadcrumb\"},\"inLanguage\":\"tr\",\"potentialAction\":[{\"@type\":\"ReadAction\",\"target\":[\"https:\/\/myvize.com.tr\/guyana\/subelerimiz\/trabzon\/\"]}]},{\"@type\":\"BreadcrumbList\",\"@id\":\"https:\/\/myvize.com.tr\/guyana\/subelerimiz\/trabzon\/#breadcrumb\",\"itemListElement\":[{\"@type\":\"ListItem\",\"position\":1,\"item\":{\"@type\":\"WebPage\",\"@id\":\"https:\/\/myvize.com.tr\/guyana\/\",\"url\":\"https:\/\/myvize.com.tr\/guyana\/\",\"name\":\"Anasayfa\"}},{\"@type\":\"ListItem\",\"position\":2,\"item\":{\"@type\":\"WebPage\",\"@id\":\"https:\/\/myvize.com.tr\/guyana\/subelerimiz\/\",\"url\":\"https:\/\/myvize.com.tr\/guyana\/subelerimiz\/\",\"name\":\"\\u015eUBELER\\u0130M\\u0130Z\"}},{\"@type\":\"ListItem\",\"position\":3,\"item\":{\"@id\":\"https:\/\/myvize.com.tr\/guyana\/subelerimiz\/trabzon\/#webpage\"}}]}]}<\/script>\n<!-- \/ Yoast SEO plugin. -->","_links":{"self":[{"href":"https:\/\/myvize.com.tr\/guyana\/wp-json\/wp\/v2\/pages\/154"}],"collection":[{"href":"https:\/\/myvize.com.tr\/guyana\/wp-json\/wp\/v2\/pages"}],"about":[{"href":"https:\/\/myvize.com.tr\/guyana\/wp-json\/wp\/v2\/types\/page"}],"author":[{"embeddable":true,"href":"https:\/\/myvize.com.tr\/guyana\/wp-json\/wp\/v2\/users\/1"}],"replies":[{"embeddable":true,"href":"https:\/\/myvize.com.tr\/guyana\/wp-json\/wp\/v2\/comments?post=154"}],"version-history":[{"count":6,"href":"https:\/\/myvize.com.tr\/guyana\/wp-json\/wp\/v2\/pages\/154\/revisions"}],"predecessor-version":[{"id":437,"href":"https:\/\/myvize.com.tr\/guyana\/wp-json\/wp\/v2\/pages\/154\/revisions\/437"}],"up":[{"embeddable":true,"href":"https:\/\/myvize.com.tr\/guyana\/wp-json\/wp\/v2\/pages\/147"}],"wp:attachment":[{"href":"https:\/\/myvize.com.tr\/guyana\/wp-json\/wp\/v2\/media?parent=154"}],"curies":[{"name":"wp","href":"https:\/\/api.w.org\/{rel}","templated":true}]}}