{"id":76,"date":"2020-11-30T13:03:06","date_gmt":"2020-11-30T10:03:06","guid":{"rendered":"https:\/\/myvize.com.tr\/gine\/?page_id=76"},"modified":"2022-05-10T16:21:21","modified_gmt":"2022-05-10T13:21:21","slug":"gine-istanbul-fahri-konsoloslugu","status":"publish","type":"page","link":"https:\/\/myvize.com.tr\/gine\/konsolosluklar\/gine-istanbul-fahri-konsoloslugu\/","title":{"rendered":"Gine \u0130stanbul Konsoloslu\u011fu"},"content":{"rendered":"\r\n<h2><strong><span style=\"font-family: Roboto; font-size: 27px;\">Gine \u0130stanbul Fahri Konsoloslu\u011fu Randevu<\/span><\/strong><\/h2>\r\n<p><span style=\"font-family: Roboto; font-size: 14px;\"><span style=\"color: #000000;\"><strong>Gine konsolosluk i\u015flemi <\/strong><\/span>yapacak olan ve \u0130stanbul \u00e7evresinde ikamet eden ki\u015filer i\u015flemlerini Gine \u0130stanbul Fahri Konsoloslu\u011fu\u2019na yapabilir. Gine \u0130stanbul Fahri Konsoloslu\u011fu i\u015flemleri yapacak olan ki\u015filerin i\u015flemlerini yerine getirmek i\u00e7in randevu almas\u0131na gerek yoktur. Ancak baz\u0131 d\u00f6nemlerde <strong>Gine \u0130stanbul Fahri Konsoloslu\u011fu<\/strong> randevu i\u015flemlerini zorunlu k\u0131labilmektedir. Gine \u0130stanbul Fahri Konsoloslu\u011funda i\u015flem yapmadan \u00f6nce konsolosluk i\u015fle ileti\u015fime ge\u00e7erek randevu al\u0131n\u0131p al\u0131nmayaca\u011f\u0131 hakk\u0131nda detayl\u0131 bilgi alabilirsiniz. <strong>Gine \u0130stanbul Fahri Konsoloslu\u011fu<\/strong> randevu bilgisini a\u015fa\u011f\u0131daki ileti\u015fim ara\u00e7lar\u0131 ile alabilirsiniz.<\/span><\/p>\r\n<p><span style=\"font-family: Roboto; font-size: 14px;\">Gine \u0130stanbul Fahri Konsoloslu\u011fu\u2019na Gine vatanda\u015flar\u0131n\u0131n yapaca\u011f\u0131 i\u015flemler i\u00e7in randevu al\u0131nmas\u0131 gerekmektedir. <strong>Gine vatanda\u015flar\u0131<\/strong> Gine \u0130stanbul Fahri Konsoloslu\u011fu; konsolosluk, n\u00fcfus ve noterlik i\u015flemlerde randevu al\u0131nmas\u0131 gerekmemektedir.<\/span><\/p>\r\n<p><span style=\"font-family: Roboto; font-size: 14px;\"><strong>Gine\u2019ye seyahat<\/strong> edecek olan ve \u0130stanbul \u00e7evresinde ikamet eden ki\u015filerin i\u015flemleri i\u00e7in Gine \u0130stanbul Fahri Konsoloslu\u011fu\u2019na ba\u015fvurabilir. Ayr\u0131ca Gine \u0130stanbul Fahri Konsoloslu\u011fu\u2019na vize ba\u015fvurusu yapacak olan ki\u015filerin <strong>Gine \u0130stanbul Fahri Konsoloslu\u011fu<\/strong> randevu i\u015flemi yapmas\u0131na gerek bulunmamaktad\u0131r.<\/span><\/p>\r\n<h2><strong><span style=\"font-family: Roboto; font-size: 27px;\">Gine \u0130stanbul Fahri Konsoloslu\u011fu Vize Randevusu<\/span><\/strong><\/h2>\r\n<p><span style=\"font-family: Roboto; font-size: 14px;\"><strong>Gine\u2019ye seyahat<\/strong> etmeyi planlayan ve \u0130stanbul \u00e7evresinde ikamet eden ki\u015filerin vize ba\u015fvurusunu Gine \u0130stanbul Ba\u015fkonsoloslu\u011fu\u2019nda yapabilmektedir. Gine \u0130stanbul Fahri Konsoloslu\u011fu vize ba\u015fvurusu yapacak olan ki\u015filer i\u00e7in <strong>Gine \u0130stanbul Fahri Konsoloslu\u011fu<\/strong> vize randevusu hakk\u0131nda bilgi verilmi\u015ftir.<\/span><\/p>\r\n<p><span style=\"font-family: Roboto; font-size: 14px;\">Gine \u0130stanbul Fahri Konsoloslu\u011fu\u2019na vize ba\u015fvuru i\u015flemi yapacak olan ki\u015filer ba\u015fvuru i\u00e7in randevu al\u0131n\u0131p al\u0131nmayaca\u011f\u0131n\u0131 merak etmektedir. Gine \u0130stanbul Fahri Konsoloslu\u011fu vize ba\u015fvurusu yapacak olan ki\u015filerin ba\u015fvurular\u0131n\u0131 yerine getirmesi i\u00e7in randevu al\u0131nmas\u0131na gerek yoktur.<\/span><\/p>\r\n<p><span style=\"font-family: Roboto; font-size: 14px;\"><strong>Gine \u0130stanbul Fahri Konsoloslu\u011fu<\/strong> vize randevusu gerekip gerekmedi\u011fini belirleme yetkisi Gine \u0130stanbul Fahri Konsoloslu\u011fu\u2019na aittir. Gine \u0130stanbul Fahri Konsoloslu\u011fu vize randevusu gerekip gerekmedi\u011fini<strong> Gine \u0130stanbul Fahri Konsoloslu\u011f<\/strong>u ile ileti\u015fime ge\u00e7erek \u00f6\u011frenebilirsiniz.<\/span><\/p>\r\n<p><span style=\"font-family: Roboto; font-size: 14px;\"><strong>Gine \u0130stanbul Fahri Konsoloslu\u011fu<\/strong> vize ba\u015fvurusu i\u00e7in randevu gerekmemektedir. Ancak Gine \u0130stanbul Fahri Konsoloslu\u011fu baz\u0131 durumlarda vize randevusunu zorunlu yapabilmektedir. Gine vize ba\u015fvurusu i\u00e7in gerekli evraklar ile Gine \u0130stanbul Fahri Konsoloslu\u011fu\u2019nu ziyaret etmeniz yeterlidir.<\/span><\/p>\r\n<p><span style=\"font-family: Roboto; font-size: 14px;\">Gine \u0130stanbul Fahri Konsoloslu\u011fu vize randevusu gerekip gerekmedi\u011fini konsolosluk ile ileti\u015fim kurarak \u00f6\u011frenebilirsiniz. Konsoloslu\u011fun telefon numaras\u0131 (0216) 550 94 01 numaral\u0131 telefondur.<\/span><\/p>\r\n<h2><strong><span style=\"font-family: Roboto; font-size: 27px;\">Gine \u0130stanbul Fahri Konsoloslu\u011fu Ba\u015fvuru<\/span><\/strong><\/h2>\r\n<p><span style=\"font-family: Roboto; font-size: 14px;\"><strong>Gine konsolosluk i\u015flemi<\/strong> olan ve \u0130stanbul \u00e7evresinde ikamet eden T\u00fcrkiye Cumhuriyeti, Gine ve T\u00fcrkiye\u2019de yasal olarak bulunan di\u011fer \u00fclke vatanda\u015flar\u0131 i\u015flemlerini Gine \u0130stanbul Fahri Konsoloslu\u011fu\u2019na yapabilmektedir. Gine \u0130stanbul Fahri Konsoloslu\u011fu ba\u015fvuru i\u015flemi yapacak olan ki\u015filer yapaca\u011f\u0131 i\u015flem hakk\u0131nda Gine \u0130stanbul Fahri Konsoloslu\u011fu ile ileti\u015fime ge\u00e7erek \u00f6\u011frenebilir.<\/span><\/p>\r\n<p><span style=\"font-family: Roboto; font-size: 14px;\">Gine \u0130stanbul Fahri Konsoloslu\u011fu ba\u015fvuru i\u015flemi yapacak olan ki\u015filerin randevu almas\u0131na gerek yoktur. Ba\u015fvuru yapacak olan ki\u015filer \u00f6ncelikle yapaca\u011f\u0131 i\u015fleme dair belgeleri eksiksiz haz\u0131rlamal\u0131 ve Gine \u0130stanbul Fahri Konsoloslu\u011fu\u2019nu ziyaret etmelidir.<\/span><\/p>\r\n<p><span style=\"font-family: Roboto; font-size: 14px;\">Gine vatanda\u015flar\u0131 <strong>Gine \u0130stanbul Fahri Konsoloslu\u011fu<\/strong> ile<span style=\"color: #2acec2;\"><strong><a style=\"color: #2acec2;\" href=\"https:\/\/myvize.com.tr\/gine\/konsolosluklar\/gine-konsolosluk-islemleri\/\" target=\"_blank\" rel=\"noopener\"> Gine konsolosluk i\u015flemleri<\/a><\/strong><\/span>, noterlik i\u015flemleri, Gine oy kullanma i\u015flemleri, Gine vatanda\u015fl\u0131k i\u015flemleri, Gine n\u00fcfus i\u015flemleri ve Gine vergi \u00f6deme i\u015flemlerini yerine getirebilir.<\/span><\/p>\r\n<p><span style=\"font-family: Roboto; font-size: 14px;\">Gine\u2019ye seyahat edecek olan ki\u015filer Gine \u0130stanbul Fahri Konsoloslu\u011fu\u2019na vize ba\u015fvurusu yapabilir. Gine \u0130stanbul Fahri Konsoloslu\u011fu\u2019na i\u015flem yapacak olan ki\u015filer gerekli olan evraklar\u0131 eksiksiz olarak haz\u0131rlamal\u0131 ve Gine temsilcili\u011fini ziyaret etmelidir.<\/span><\/p>\r\n<p><span style=\"font-family: Roboto; font-size: 14px;\"><strong>Gine \u0130stanbul Fahri Konsoloslu\u011fu<\/strong> ba\u015fvuru i\u015flemi yapacak olan ki\u015filer konsolosluk ile ileti\u015fime ge\u00e7erek bilgi alabilmektedir.<\/span><\/p>\r\n<h2><strong><span style=\"font-family: Roboto; font-size: 27px;\">Gine \u0130stanbul Fahri Konsoloslu\u011fu Vize Ba\u015fvurusu<\/span><\/strong><\/h2>\r\n<p><span style=\"font-family: Roboto; font-size: 14px;\">Gine\u2019ye seyahat edecek olan ki\u015filer seyahat amac\u0131na uygun Gine vizesi almal\u0131d\u0131r. Gine vizesi alacak olan ki\u015filer Gine\u2019nin T\u00fcrkiye\u2019deki temsilciliklerine vize ba\u015fvurusu yapmal\u0131d\u0131r. <strong>Gine Anakara B\u00fcy\u00fckel\u00e7ili\u011fi<\/strong> ve <strong>Gine \u0130stanbul Fahri Konsoloslu\u011fu vize ba\u015fvurusu<\/strong> yap\u0131labilmektedir. <strong>Gine vizesi<\/strong> alacak olan ki\u015filer vize ba\u015fvurusunu a\u015fa\u011f\u0131daki \u015fekilde yapabilmektedir.<\/span><\/p>\r\n<ul>\r\n<li><span style=\"font-family: Roboto; font-size: 14px;\">Gine \u0130stanbul Fahri Konsoloslu\u011fu\u2019na vize ba\u015fvurusu yapacak olan ki\u015filer \u00f6ncelikle seyahat amac\u0131na uygun Gine vize t\u00fcr\u00fcn\u00fc belirlemelidir.<\/span><\/li>\r\n<li><span style=\"font-family: Roboto; font-size: 14px;\"><strong>Gine vize<\/strong> t\u00fcr\u00fcn\u00fc belirleyen ki\u015filer, vize ba\u015fvurusu i\u00e7in gerekli olan evraklar\u0131 haz\u0131rlamal\u0131d\u0131r.<\/span><\/li>\r\n<li><span style=\"font-family: Roboto; font-size: 14px;\">Gine vize evraklar\u0131n\u0131 haz\u0131rlayan ki\u015filer gerekli olan evraklar\u0131 Gine \u0130stanbul Fahri Konsoloslu\u011fu\u2019na teslim etmelidir.<\/span><\/li>\r\n<li><span style=\"font-family: Roboto; font-size: 14px;\">Gine \u0130stanbul Fahri Konsoloslu\u011fu vize ba\u015fvurular\u0131n\u0131 inceleme yetkisine sahip de\u011fildir. Gine \u0130stanbul Fahri Konsoloslu\u011fu ba\u015fvurular\u0131 incelemesi i\u00e7in Gine Ankara B\u00fcy\u00fckel\u00e7ili\u011fi\u2019ne g\u00f6ndermektedir.<\/span><\/li>\r\n<\/ul>\r\n<p><span style=\"font-family: Roboto; font-size: 14px;\"><strong>Gine \u0130stanbul Fahri Konsoloslu\u011fu<\/strong> vize ba\u015fvurusu yapacak olan ki\u015filerin randevu almas\u0131na gerek yoktur. Gine \u0130stanbul Fahri Konsoloslu\u011fu\u2019na Gine vizesi ba\u015fvurusu yapacak olan ki\u015filer gerekli olan sar\u0131humma a\u015f\u0131s\u0131n\u0131 yapt\u0131rmal\u0131d\u0131r. Bunu kan\u0131tlamak i\u00e7in a\u015f\u0131 kart\u0131n\u0131 Gine \u0130stanbul Fahri Konsoloslu\u011fu\u2019na sunmal\u0131d\u0131r. Ba\u015fvuru sahipleri Gine vize \u00fccretlerini Gine \u0130stanbul Fahri Konsoloslu\u011fu\u2019na \u00f6demelidir.<\/span><\/p>\r\n<h3><span style=\"font-size: 24px;\"><strong><span style=\"font-family: Roboto;\">Gine \u0130stanbul Fahri Konsoloslu\u011fu \u0130leti\u015fim Bilgileri<\/span><\/strong><\/span><\/h3>\r\n<p><span style=\"font-family: Roboto; font-size: 14px;\"><strong>\u0130stanbul Gine Konsoloslu\u011fu,\u00a0<\/strong>T\u00fcrkiye Cumhuriyetinde ikamet eden Gine vatanda\u015flar\u0131na hizmet vermek bu vatanda\u015flar\u0131n resmi meselelerini halletmek ve bu i\u015fleri y\u00fcr\u00fctmekten sorumlu bir kurumdur. Sadece Gine vatanda\u015flar\u0131ndan sorumlu olmayan\u00a0<strong>\u0130stanbul Gine Konsoloslu\u011fu\u00a0<\/strong>ayn\u0131 zamanda T\u00fcrk vatanda\u015flar\u0131 i\u00e7in B\u00fcy\u00fckel\u00e7ilikten sonra vize ba\u015fvurusu meselesinde en yetkili kurumdur.\u00a0 T\u00fcrkiye Cumhuriyeti vatanda\u015flar\u0131 \u0130stanbul Gine Konsoloslu\u011funa gidip ba\u015fvurular\u0131n\u0131 yapabilirler. Her vize ba\u015fvurusu gibi bu ba\u015fvuru a\u015famas\u0131nda da formlar\u0131n\u0131 eksiksiz doldurmalar\u0131 gerekmektedir. Sadece<span style=\"color: #2acec2;\"><a style=\"color: #2acec2;\" href=\"https:\/\/myvize.com.tr\/gine\/subelerimiz\/istanbul\/\" target=\"_blank\" rel=\"noopener\"><strong> \u0130stanbul<\/strong> <\/a><\/span>ve \u00e7evresindeki illerin ba\u015fvurusuyla s\u0131n\u0131rl\u0131 olan kurum t\u00fcm illerden ba\u015fvuru almamaktad\u0131r ve birka\u00e7 g\u00fcn i\u00e7erisinde ba\u015fvurular\u0131n de\u011ferlendirilmesi sonu\u00e7lanmaktad\u0131r. Vize i\u015flemleri \u00f6ncesi yenilenmi\u015f pasaport avantaj sa\u011flayacakt\u0131r. <strong><span style=\"color: #2acec2;\"><a style=\"color: #2acec2;\" href=\"https:\/\/myvize.com.tr\/gine\/vize-islemleri\/gine-vize-basvuru-formu\/\" target=\"_blank\" rel=\"noopener\">Gine Vize Ba\u015fvuru formu<\/a><\/span><\/strong> eksiksiz doldurman\u0131z ve \u015fartlara da uyman\u0131z halinde \u0130stanbul Gine Konsoloslu\u011fundan vize alman\u0131z i\u00e7in akl\u0131n\u0131zda hi\u00e7bir soru i\u015fareti kalmayacak ve Gine i\u00e7in vizenizi s\u0131k\u0131nt\u0131s\u0131z bir \u015fekilde halledeceksiniz.<\/span><\/p>\r\n<p>\r\n\r\n<\/p>\r\n<h3 class=\"wp-block-heading\"><span style=\"font-size: 20px;\"><strong><span style=\"font-family: Roboto;\">\u0130stanbul Gine Konsoloslu\u011fu Mesai Saatleri Ka\u00e7la Ka\u00e7 Aras\u0131ndad\u0131r?<\/span><\/strong><\/span><\/h3>\r\n<p>\r\n\r\n<\/p>\r\n<p><span style=\"font-family: Roboto; font-size: 14px;\"><strong>\u0130stanbul Gine Konsoloslu\u011fu <\/strong>\u00e7al\u0131\u015fma saatleri sadece hafta i\u00e7i her g\u00fcn 9.00 ile 17.00 aras\u0131 a\u00e7\u0131kt\u0131r ve hizmet vermektedir. Kurum resmi tatillerde ve hafta sonlar\u0131 kapal\u0131d\u0131r ve hizmet vermemektedir. Sadece T\u00fcrkiye Cumhuriyeti resmi tatillerinde olmamakla beraber Gine resmi tatillerinde de hizmet veremeyen <strong>\u0130stanbul Gine Konsoloslu\u011fu<\/strong> bu d\u00f6nemlerde de kapal\u0131d\u0131r.<\/span><\/p>\r\n<h3><strong><span style=\"font-family: Roboto; font-size: 24px;\">Gine \u0130stanbul Fahri Konsoloslu\u011fu&#8217;na Nas\u0131l Gidilir?<\/span><\/strong><\/h3>\r\n<p><span style=\"font-family: Roboto; font-size: 14px;\"><strong>Gine konsolosluk i\u015flemi<\/strong> olan ki\u015filer i\u015flemlerini Gine \u0130stanbul Fahri Konsoloslu\u011fu\u2019na yapabilir. Gine \u0130stanbul Fahri Konsoloslu\u011fu\u2019na yapacak olan ki\u015filer Gine\u2019nin \u0130stanbul Fahri Konsoloslu\u011fu\u2019na nas\u0131l gidilece\u011fini merak etmektedir. Bu yaz\u0131da Gine\u2019ye seyahat edecek olan ki\u015filer i\u00e7in \u2018\u2019<strong>Gine \u0130stanbul Fahri Konsoloslu\u011fu\u2019na nas\u0131l gidilir<\/strong>?\u2019\u2019 sorusunun cevab\u0131 verilmi\u015ftir.<\/span><\/p>\r\n<p><span style=\"font-family: Roboto; font-size: 14px;\"><strong>Gine \u0130stanbul Fahri Konsoloslu\u011fu Adres:\u00a0<\/strong>Fenerbah\u00e7e Mahallesi, Poyraz Sokak, Sad\u0131ko\u011flu Plaza, No: 69, Posta Kodu: 34722 Kad\u0131k\u00f6y\/\u0130stanbul<\/span><\/p>\r\n<p><span style=\"font-family: Roboto; font-size: 14px;\">Gine \u0130stanbul Fahri Konsoloslu\u011fu\u2019na gidecek olan ki\u015filer, \u0130stanbul\u2019a ula\u015ft\u0131ktan sonra otob\u00fcs, minib\u00fcs, tramvay, metro, dolmu\u015f gibi toplu ta\u015f\u0131ma aralar\u0131 ile gidilebilir. Ayr\u0131ca \u0130stanbul Gine Fahri Konsoloslu\u011fu\u2019na taksi ve kendi arac\u0131n\u0131z ile de ula\u015f\u0131m sa\u011flayabilirsiniz. Gine \u0130stanbul Fahri Konsoloslu\u011fu yak\u0131nlar\u0131na giren otob\u00fcs hatlar\u0131 a\u015fa\u011f\u0131da verilmi\u015ftir.<\/span><\/p>\r\n<table cellspacing=\"0\">\r\n<tbody>\r\n<tr>\r\n<td>\r\n<p><span style=\"font-family: Roboto; font-size: 14px;\"><strong>Hat Ad\u0131<\/strong><\/span><\/p>\r\n<\/td>\r\n<td>\r\n<p><span style=\"font-family: Roboto; font-size: 14px;\"><strong>Y\u00f6n<\/strong><\/span><\/p>\r\n<\/td>\r\n<\/tr>\r\n<tr>\r\n<td>\r\n<p><span style=\"font-family: Roboto; font-size: 14px;\">ER1<\/span><\/p>\r\n<\/td>\r\n<td>\r\n<p><span style=\"font-family: Roboto; font-size: 14px;\">Kad\u0131k\u00f6y<\/span><\/p>\r\n<\/td>\r\n<\/tr>\r\n<tr>\r\n<td>\r\n<p><span style=\"font-family: Roboto; font-size: 14px;\">FB1<\/span><\/p>\r\n<\/td>\r\n<td>\r\n<p><span style=\"font-family: Roboto; font-size: 14px;\">Kad\u0131k\u00f6y<\/span><\/p>\r\n<\/td>\r\n<\/tr>\r\n<tr>\r\n<td>\r\n<p><span style=\"font-family: Roboto; font-size: 14px;\">2<\/span><\/p>\r\n<\/td>\r\n<td>\r\n<p><span style=\"font-family: Roboto; font-size: 14px;\">\u00dcstbostanc\u0131<\/span><\/p>\r\n<\/td>\r\n<\/tr>\r\n<tr>\r\n<td>\r\n<p><span style=\"font-family: Roboto; font-size: 14px;\">8E<\/span><\/p>\r\n<\/td>\r\n<td>\r\n<p><span style=\"font-family: Roboto; font-size: 14px;\">Esenevler Mahallesi<\/span><\/p>\r\n<\/td>\r\n<\/tr>\r\n<tr>\r\n<td>\r\n<p><span style=\"font-family: Roboto; font-size: 14px;\">9K<\/span><\/p>\r\n<\/td>\r\n<td>\r\n<p><span style=\"font-family: Roboto; font-size: 14px;\">Kad\u0131k\u00f6y<\/span><\/p>\r\n<\/td>\r\n<\/tr>\r\n<tr>\r\n<td>\r\n<p><span style=\"font-family: Roboto; font-size: 14px;\">10B<\/span><\/p>\r\n<\/td>\r\n<td>\r\n<p><span style=\"font-family: Roboto; font-size: 14px;\">\u00dcstbostanc\u0131<\/span><\/p>\r\n<\/td>\r\n<\/tr>\r\n<tr>\r\n<td>\r\n<p><span style=\"font-family: Roboto; font-size: 14px;\">10E<\/span><\/p>\r\n<\/td>\r\n<td>\r\n<p><span style=\"font-family: Roboto; font-size: 14px;\">Esatpa\u015fa<\/span><\/p>\r\n<\/td>\r\n<\/tr>\r\n<tr>\r\n<td>\r\n<p><span style=\"font-family: Roboto; font-size: 14px;\">10G<\/span><\/p>\r\n<\/td>\r\n<td>\r\n<p><span style=\"font-family: Roboto; font-size: 14px;\">Elmal\u0131kent\/ K.K.Bek\u0131r 11k Y\u00f6n\u00fc<\/span><\/p>\r\n<\/td>\r\n<\/tr>\r\n<tr>\r\n<td>\r\n<p><span style=\"font-family: Roboto; font-size: 14px;\">14AK<\/span><\/p>\r\n<\/td>\r\n<td>\r\n<p><span style=\"font-family: Roboto; font-size: 14px;\">Kad\u0131k\u00f6y<\/span><\/p>\r\n<\/td>\r\n<\/tr>\r\n<tr>\r\n<td>\r\n<p><span style=\"font-family: Roboto; font-size: 14px;\">14B<\/span><\/p>\r\n<\/td>\r\n<td>\r\n<p><span style=\"font-family: Roboto; font-size: 14px;\">Adem Yavuz Mahallesi<\/span><\/p>\r\n<\/td>\r\n<\/tr>\r\n<tr>\r\n<td>\r\n<p><span style=\"font-family: Roboto; font-size: 14px;\">14CE<\/span><\/p>\r\n<\/td>\r\n<td>\r\n<p><span style=\"font-family: Roboto; font-size: 14px;\">Kad\u0131k\u00f6y<\/span><\/p>\r\n<\/td>\r\n<\/tr>\r\n<tr>\r\n<td>\r\n<p><span style=\"font-family: Roboto; font-size: 14px;\">14ES<\/span><\/p>\r\n<\/td>\r\n<td>\r\n<p><span style=\"font-family: Roboto; font-size: 14px;\">Kad\u0131k\u00f6y<\/span><\/p>\r\n<\/td>\r\n<\/tr>\r\n<tr>\r\n<td>\r\n<p><span style=\"font-family: Roboto; font-size: 14px;\">14\u00c7K<\/span><\/p>\r\n<\/td>\r\n<td>\r\n<p><span style=\"font-family: Roboto; font-size: 14px;\">Kad\u0131k\u00f6y<\/span><\/p>\r\n<\/td>\r\n<\/tr>\r\n<tr>\r\n<td>\r\n<p><span style=\"font-family: Roboto; font-size: 14px;\">14\u015eB<\/span><\/p>\r\n<\/td>\r\n<td>\r\n<p><span style=\"font-family: Roboto; font-size: 14px;\">\u015eehit \u015eahinbey<\/span><\/p>\r\n<\/td>\r\n<\/tr>\r\n<tr>\r\n<td>\r\n<p><span style=\"font-family: Roboto; font-size: 14px;\">15SK<\/span><\/p>\r\n<\/td>\r\n<td>\r\n<p><span style=\"font-family: Roboto; font-size: 14px;\">Kad\u0131k\u00f6y<\/span><\/p>\r\n<\/td>\r\n<\/tr>\r\n<tr>\r\n<td>\r\n<p><span style=\"font-family: Roboto; font-size: 14px;\">15YK<\/span><\/p>\r\n<\/td>\r\n<td>\r\n<p><span style=\"font-family: Roboto; font-size: 14px;\">Kad\u0131k\u00f6y<\/span><\/p>\r\n<\/td>\r\n<\/tr>\r\n<tr>\r\n<td>\r\n<p><span style=\"font-family: Roboto; font-size: 14px;\">15\u00c7K<\/span><\/p>\r\n<\/td>\r\n<td>\r\n<p><span style=\"font-family: Roboto; font-size: 14px;\">Kad\u0131k\u00f6y<\/span><\/p>\r\n<\/td>\r\n<\/tr>\r\n<tr>\r\n<td>\r\n<p><span style=\"font-family: Roboto; font-size: 14px;\">17<\/span><\/p>\r\n<\/td>\r\n<td>\r\n<p><span style=\"font-family: Roboto; font-size: 14px;\">Pendik<\/span><\/p>\r\n<\/td>\r\n<\/tr>\r\n<tr>\r\n<td>\r\n<p><span style=\"font-family: Roboto; font-size: 14px;\">17L<\/span><\/p>\r\n<\/td>\r\n<td>\r\n<p><span style=\"font-family: Roboto; font-size: 14px;\">K\u00fc\u00e7\u00fck Yal\u0131 Lojmanlar\u0131\/ Sondurak Y\u00f6n\u00fc<\/span><\/p>\r\n<\/td>\r\n<\/tr>\r\n<tr>\r\n<td>\r\n<p><span style=\"font-family: Roboto; font-size: 14px;\">19ES<\/span><\/p>\r\n<\/td>\r\n<td>\r\n<p><span style=\"font-family: Roboto; font-size: 14px;\">Sar\u0131gazi Garaj\u0131<\/span><\/p>\r\n<\/td>\r\n<\/tr>\r\n<\/tbody>\r\n<\/table>\r\n<p>&nbsp;<\/p>\r\n","protected":false},"excerpt":{"rendered":"<p>Gine \u0130stanbul Fahri Konsoloslu\u011fu Randevu Gine konsolosluk i\u015flemi yapacak olan ve \u0130stanbul \u00e7evresinde ikamet eden ki\u015filer i\u015flemlerini Gine \u0130stanbul Fahri Konsoloslu\u011fu\u2019na yapabilir. Gine \u0130stanbul Fahri Konsoloslu\u011fu i\u015flemleri yapacak olan ki\u015filerin i\u015flemlerini yerine getirmek i\u00e7in randevu almas\u0131na gerek yoktur. Ancak baz\u0131 d\u00f6nemlerde Gine \u0130stanbul Fahri Konsoloslu\u011fu randevu i\u015flemlerini zorunlu k\u0131labilmektedir. Gine \u0130stanbul Fahri Konsoloslu\u011funda i\u015flem yapmadan<\/p>\n","protected":false},"author":1,"featured_media":0,"parent":69,"menu_order":0,"comment_status":"closed","ping_status":"closed","template":"","meta":{"footnotes":""},"class_list":["post-76","page","type-page","status-publish","hentry"],"yoast_head":"<!-- This site is optimized with the Yoast SEO plugin v26.8 - https:\/\/yoast.com\/product\/yoast-seo-wordpress\/ -->\n<title>Gine \u0130stanbul Fahri Konsoloslu\u011fu - MyVize<\/title>\n<meta name=\"description\" content=\"Gine \u0130stanbul Fahri Konsoloslu\u011fu Vize \u0130\u015flemleri Nelerdir? Gine \u0130stanbul Fahri Konsoloslu\u011fu Nerededir? Bilgi \u0130\u00e7in Hemen Aray\u0131n: 0850 346 84 93\" \/>\n<meta name=\"robots\" content=\"index, follow, max-snippet:-1, max-image-preview:large, max-video-preview:-1\" \/>\n<link rel=\"canonical\" href=\"https:\/\/myvize.com.tr\/gine\/konsolosluklar\/gine-istanbul-fahri-konsoloslugu\/\" \/>\n<meta property=\"og:locale\" content=\"tr_TR\" \/>\n<meta property=\"og:type\" content=\"article\" \/>\n<meta property=\"og:title\" content=\"Gine \u0130stanbul Fahri Konsoloslu\u011fu - MyVize\" \/>\n<meta property=\"og:description\" content=\"Gine \u0130stanbul Fahri Konsoloslu\u011fu Vize \u0130\u015flemleri Nelerdir? Gine \u0130stanbul Fahri Konsoloslu\u011fu Nerededir? Bilgi \u0130\u00e7in Hemen Aray\u0131n: 0850 346 84 93\" \/>\n<meta property=\"og:url\" content=\"https:\/\/myvize.com.tr\/gine\/konsolosluklar\/gine-istanbul-fahri-konsoloslugu\/\" \/>\n<meta property=\"og:site_name\" content=\"Gine Vizesi\" \/>\n<meta property=\"article:modified_time\" content=\"2022-05-10T13:21:21+00:00\" \/>\n<meta name=\"twitter:card\" content=\"summary_large_image\" \/>\n<meta name=\"twitter:label1\" content=\"Tahmini okuma s\u00fcresi\" \/>\n\t<meta name=\"twitter:data1\" content=\"6 dakika\" \/>\n<script type=\"application\/ld+json\" class=\"yoast-schema-graph\">{\"@context\":\"https:\/\/schema.org\",\"@graph\":[{\"@type\":\"WebPage\",\"@id\":\"https:\/\/myvize.com.tr\/gine\/konsolosluklar\/gine-istanbul-fahri-konsoloslugu\/\",\"url\":\"https:\/\/myvize.com.tr\/gine\/konsolosluklar\/gine-istanbul-fahri-konsoloslugu\/\",\"name\":\"Gine \u0130stanbul Fahri Konsoloslu\u011fu - MyVize\",\"isPartOf\":{\"@id\":\"https:\/\/myvize.com.tr\/gine\/#website\"},\"datePublished\":\"2020-11-30T10:03:06+00:00\",\"dateModified\":\"2022-05-10T13:21:21+00:00\",\"description\":\"Gine \u0130stanbul Fahri Konsoloslu\u011fu Vize \u0130\u015flemleri Nelerdir? Gine \u0130stanbul Fahri Konsoloslu\u011fu Nerededir? Bilgi \u0130\u00e7in Hemen Aray\u0131n: 0850 346 84 93\",\"breadcrumb\":{\"@id\":\"https:\/\/myvize.com.tr\/gine\/konsolosluklar\/gine-istanbul-fahri-konsoloslugu\/#breadcrumb\"},\"inLanguage\":\"tr\",\"potentialAction\":[{\"@type\":\"ReadAction\",\"target\":[\"https:\/\/myvize.com.tr\/gine\/konsolosluklar\/gine-istanbul-fahri-konsoloslugu\/\"]}]},{\"@type\":\"BreadcrumbList\",\"@id\":\"https:\/\/myvize.com.tr\/gine\/konsolosluklar\/gine-istanbul-fahri-konsoloslugu\/#breadcrumb\",\"itemListElement\":[{\"@type\":\"ListItem\",\"position\":1,\"name\":\"Anasayfa\",\"item\":\"https:\/\/myvize.com.tr\/gine\/\"},{\"@type\":\"ListItem\",\"position\":2,\"name\":\"KONSOLOSLUKLAR\",\"item\":\"https:\/\/myvize.com.tr\/gine\/konsolosluklar\/\"},{\"@type\":\"ListItem\",\"position\":3,\"name\":\"Gine \u0130stanbul Konsoloslu\u011fu\"}]},{\"@type\":\"WebSite\",\"@id\":\"https:\/\/myvize.com.tr\/gine\/#website\",\"url\":\"https:\/\/myvize.com.tr\/gine\/\",\"name\":\"Gine Vizesi\",\"description\":\"\",\"potentialAction\":[{\"@type\":\"SearchAction\",\"target\":{\"@type\":\"EntryPoint\",\"urlTemplate\":\"https:\/\/myvize.com.tr\/gine\/?s={search_term_string}\"},\"query-input\":{\"@type\":\"PropertyValueSpecification\",\"valueRequired\":true,\"valueName\":\"search_term_string\"}}],\"inLanguage\":\"tr\"}]}<\/script>\n<!-- \/ Yoast SEO plugin. -->","yoast_head_json":{"title":"Gine \u0130stanbul Fahri Konsoloslu\u011fu - MyVize","description":"Gine \u0130stanbul Fahri Konsoloslu\u011fu Vize \u0130\u015flemleri Nelerdir? Gine \u0130stanbul Fahri Konsoloslu\u011fu Nerededir? Bilgi \u0130\u00e7in Hemen Aray\u0131n: 0850 346 84 93","robots":{"index":"index","follow":"follow","max-snippet":"max-snippet:-1","max-image-preview":"max-image-preview:large","max-video-preview":"max-video-preview:-1"},"canonical":"https:\/\/myvize.com.tr\/gine\/konsolosluklar\/gine-istanbul-fahri-konsoloslugu\/","og_locale":"tr_TR","og_type":"article","og_title":"Gine \u0130stanbul Fahri Konsoloslu\u011fu - MyVize","og_description":"Gine \u0130stanbul Fahri Konsoloslu\u011fu Vize \u0130\u015flemleri Nelerdir? Gine \u0130stanbul Fahri Konsoloslu\u011fu Nerededir? Bilgi \u0130\u00e7in Hemen Aray\u0131n: 0850 346 84 93","og_url":"https:\/\/myvize.com.tr\/gine\/konsolosluklar\/gine-istanbul-fahri-konsoloslugu\/","og_site_name":"Gine Vizesi","article_modified_time":"2022-05-10T13:21:21+00:00","twitter_card":"summary_large_image","twitter_misc":{"Tahmini okuma s\u00fcresi":"6 dakika"},"schema":{"@context":"https:\/\/schema.org","@graph":[{"@type":"WebPage","@id":"https:\/\/myvize.com.tr\/gine\/konsolosluklar\/gine-istanbul-fahri-konsoloslugu\/","url":"https:\/\/myvize.com.tr\/gine\/konsolosluklar\/gine-istanbul-fahri-konsoloslugu\/","name":"Gine \u0130stanbul Fahri Konsoloslu\u011fu - MyVize","isPartOf":{"@id":"https:\/\/myvize.com.tr\/gine\/#website"},"datePublished":"2020-11-30T10:03:06+00:00","dateModified":"2022-05-10T13:21:21+00:00","description":"Gine \u0130stanbul Fahri Konsoloslu\u011fu Vize \u0130\u015flemleri Nelerdir? Gine \u0130stanbul Fahri Konsoloslu\u011fu Nerededir? Bilgi \u0130\u00e7in Hemen Aray\u0131n: 0850 346 84 93","breadcrumb":{"@id":"https:\/\/myvize.com.tr\/gine\/konsolosluklar\/gine-istanbul-fahri-konsoloslugu\/#breadcrumb"},"inLanguage":"tr","potentialAction":[{"@type":"ReadAction","target":["https:\/\/myvize.com.tr\/gine\/konsolosluklar\/gine-istanbul-fahri-konsoloslugu\/"]}]},{"@type":"BreadcrumbList","@id":"https:\/\/myvize.com.tr\/gine\/konsolosluklar\/gine-istanbul-fahri-konsoloslugu\/#breadcrumb","itemListElement":[{"@type":"ListItem","position":1,"name":"Anasayfa","item":"https:\/\/myvize.com.tr\/gine\/"},{"@type":"ListItem","position":2,"name":"KONSOLOSLUKLAR","item":"https:\/\/myvize.com.tr\/gine\/konsolosluklar\/"},{"@type":"ListItem","position":3,"name":"Gine \u0130stanbul Konsoloslu\u011fu"}]},{"@type":"WebSite","@id":"https:\/\/myvize.com.tr\/gine\/#website","url":"https:\/\/myvize.com.tr\/gine\/","name":"Gine Vizesi","description":"","potentialAction":[{"@type":"SearchAction","target":{"@type":"EntryPoint","urlTemplate":"https:\/\/myvize.com.tr\/gine\/?s={search_term_string}"},"query-input":{"@type":"PropertyValueSpecification","valueRequired":true,"valueName":"search_term_string"}}],"inLanguage":"tr"}]}},"_links":{"self":[{"href":"https:\/\/myvize.com.tr\/gine\/wp-json\/wp\/v2\/pages\/76","targetHints":{"allow":["GET"]}}],"collection":[{"href":"https:\/\/myvize.com.tr\/gine\/wp-json\/wp\/v2\/pages"}],"about":[{"href":"https:\/\/myvize.com.tr\/gine\/wp-json\/wp\/v2\/types\/page"}],"author":[{"embeddable":true,"href":"https:\/\/myvize.com.tr\/gine\/wp-json\/wp\/v2\/users\/1"}],"replies":[{"embeddable":true,"href":"https:\/\/myvize.com.tr\/gine\/wp-json\/wp\/v2\/comments?post=76"}],"version-history":[{"count":10,"href":"https:\/\/myvize.com.tr\/gine\/wp-json\/wp\/v2\/pages\/76\/revisions"}],"predecessor-version":[{"id":622,"href":"https:\/\/myvize.com.tr\/gine\/wp-json\/wp\/v2\/pages\/76\/revisions\/622"}],"up":[{"embeddable":true,"href":"https:\/\/myvize.com.tr\/gine\/wp-json\/wp\/v2\/pages\/69"}],"wp:attachment":[{"href":"https:\/\/myvize.com.tr\/gine\/wp-json\/wp\/v2\/media?parent=76"}],"curies":[{"name":"wp","href":"https:\/\/api.w.org\/{rel}","templated":true}]}}