{"id":552,"date":"2021-12-18T12:31:14","date_gmt":"2021-12-18T09:31:14","guid":{"rendered":"https:\/\/myvize.com.tr\/gine\/?page_id=552"},"modified":"2022-05-10T16:29:19","modified_gmt":"2022-05-10T13:29:19","slug":"gine-vize-basvurusu","status":"publish","type":"page","link":"https:\/\/myvize.com.tr\/gine\/gine-vize-basvurusu\/","title":{"rendered":"Gine Vize Ba\u015fvurusu"},"content":{"rendered":"<h2><strong><span style=\"font-family: Roboto; font-size: 27px;\">Gine Vize Ba\u015fvuru \u0130\u015flemleri<\/span><\/strong><\/h2>\n<p><span style=\"font-family: Roboto; font-size: 14px;\">Tatil, gezi, ticari, aile bile\u015fimi, aile ziyareti gibi nedenlerden dolay\u0131<strong> Gine\u2019ye seyahat etmek<\/strong> isteyen ki\u015filer seyahat amac\u0131na uygun vize almal\u0131d\u0131r. Bu yaz\u0131da Gine\u2019ye seyahat edecek olan ki\u015filer i\u00e7in Gine vize ba\u015fvurusu i\u015flemleri hakk\u0131nda bilgi verilmi\u015ftir.<\/span><\/p>\n<ul>\n<li><span style=\"font-family: Roboto; font-size: 14px;\"><span style=\"color: #2acec2;\"><strong><a style=\"color: #2acec2;\" href=\"https:\/\/myvize.com.tr\/gine\/gine-vize-basvurusu\/\" target=\"_blank\" rel=\"noopener\">Gine vize ba\u015fvurusu<\/a><\/strong><\/span> i\u00e7in \u00f6ncelikle Gine seyahat amac\u0131na uygun vize t\u00fcr\u00fc belirlenmelidir.<\/span><\/li>\n<li><span style=\"font-family: Roboto; font-size: 14px;\">Gine vize t\u00fcr\u00fcn\u00fc belirleyen ki\u015filer, gerekli olan Gine vize evraklar\u0131n\u0131 eksiksiz olarak haz\u0131rlamal\u0131d\u0131r.<\/span><\/li>\n<li><span style=\"font-family: Roboto; font-size: 14px;\">Haz\u0131rlanan vize evraklar\u0131 ba\u015fvuru yap\u0131lacak olan yere teslim edilmelidir. Ba\u015fvurular Gine temsilciliklerine ya da Gine vize ba\u015fvuru merkezlerine yap\u0131labilmektedir.<\/span><\/li>\n<li><span style=\"font-family: Roboto; font-size: 14px;\">Ba\u015fvurular\u0131 inceleme ve de\u011ferlendirme yetkisi Gine\u2019nin diplomatik temsilciliklerine aittir.<\/span><\/li>\n<li><span style=\"font-family: Roboto; font-size: 14px;\"><strong>Gine vize ba\u015fvuru i\u015flemleri<\/strong> ortalama olarak 7 i\u015f g\u00fcn\u00fc i\u00e7erisinde tamamlanmakta ve sonu\u00e7lanmaktad\u0131r.<\/span><\/li>\n<\/ul>\n<h2><strong><span style=\"font-family: Roboto; font-size: 27px;\">Gine Vize Ba\u015fvurusu Nas\u0131l Yap\u0131l\u0131r?<\/span><\/strong><\/h2>\n<p><span style=\"font-family: Roboto; font-size: 14px;\"><strong>Gine\u2019ye seyahat etmek<\/strong> isteyen ki\u015filer, Gine seyahatleri i\u00e7in vize almal\u0131d\u0131r. <strong>Gine vizesi<\/strong> alacak olan ki\u015filer, Gine seyahatleri i\u00e7in vize ba\u015fvurusunda bulunmal\u0131d\u0131r. Gine vize ba\u015fvurusu yapacak olan ki\u015filer i\u00e7in bu yaz\u0131da \u201cGine vize ba\u015fvurusu nas\u0131l yap\u0131l\u0131r?\u201d sorusu hakk\u0131nda cevap verilmi\u015ftir.<\/span><\/p>\n<p><span style=\"font-family: Roboto; font-size: 14px;\">Gine vizesi alacak olan ki\u015filer, Gine vize ba\u015fvurular\u0131n\u0131 Gine\u2019nin T\u00fcrkiye temsilciliklerine ve Gine vize ba\u015fvuru merkezlerine yap\u0131l\u0131r. Ba\u015fvuru i\u00e7in gerekli olan <strong>Gine vize evraklar\u0131<\/strong> eksiksiz olarak haz\u0131rlanmal\u0131 ve ba\u015fvuru yap\u0131lacak olan yere teslim edilerek yap\u0131labilir.<strong> Gine vize ba\u015fvurusu<\/strong> i\u00e7in randevu al\u0131nmas\u0131na gerek bulunmamaktad\u0131r.<\/span><\/p>\n<p><span style=\"font-family: Roboto; font-size: 14px;\">Gine vize ba\u015fvurusunda bulunacak olan ki\u015filer, Gine\u2019de bulunma nedenini gerekli olan evraklar ile yetkililere kan\u0131tlamal\u0131d\u0131r. Ayr\u0131ca seyahat masraflar\u0131n\u0131 kar\u015f\u0131layacak maddi duruma sahip oldu\u011fu kan\u0131tlanmal\u0131d\u0131r.<\/span><\/p>\n<h2><strong><span style=\"font-family: Roboto; font-size: 27px;\">Gine Vize Ba\u015fvuru \u015eartlar\u0131<\/span><\/strong><\/h2>\n<p><span style=\"font-family: Roboto; font-size: 14px;\">Gine\u2019ye seyahatte bulunacak olan ki\u015filer, seyahat ama\u00e7lar\u0131na uygun olarak vize almal\u0131d\u0131r. Gine vizesi alacak olan ki\u015filer, Gine vize ba\u015fvurusu i\u00e7in gerekli olan baz\u0131 \u015fartlar\u0131 kar\u015f\u0131lamal\u0131d\u0131r. <strong>Gine vize ba\u015fvurusu<\/strong> yapacak olan ki\u015filer i\u00e7in bu yaz\u0131da <strong>Gine vize \u015fartlar\u0131<\/strong> hakk\u0131nda bilgi verilmi\u015ftir.<\/span><\/p>\n<ul>\n<li><span style=\"font-family: Roboto; font-size: 14px;\">Gine vize ba\u015fvurusu yapacak olan ki\u015filer, seyahat amac\u0131n\u0131 evraklar ile kan\u0131tlamal\u0131d\u0131r.<\/span><\/li>\n<li><span style=\"font-family: Roboto; font-size: 14px;\"><strong>Gine vize ba\u015fvurusu<\/strong> yapacak ki\u015filer, Gine vize evraklar\u0131n\u0131 eksiksiz olarak haz\u0131rlamal\u0131d\u0131r.<\/span><\/li>\n<li><span style=\"font-family: Roboto; font-size: 14px;\">Ba\u015fvuru yapacak olan ki\u015filer, Gine\u2019de bulundu\u011fu s\u00fcre boyunca seyahat masraflar\u0131n\u0131 kar\u015f\u0131layacak maddi duruma sahip olmal\u0131d\u0131r.<\/span><\/li>\n<li><span style=\"font-family: Roboto; font-size: 14px;\">Gine\u2019de bulundu\u011fu s\u00fcre boyunca herhangi bir su\u00e7a kar\u0131\u015fmayaca\u011f\u0131 kan\u0131tlanmal\u0131d\u0131r.<\/span><\/li>\n<li><span style=\"font-family: Roboto; font-size: 14px;\">Gine vize ba\u015fvurusu yapacak olan ki\u015filer, vize bitiminden \u00f6nce Gine\u2019den ayr\u0131laca\u011f\u0131n\u0131 yetkililere kan\u0131tlamal\u0131d\u0131r.<\/span><\/li>\n<li><span style=\"font-family: Roboto; font-size: 14px;\"><strong>Gine vize ba\u015fvurusu<\/strong> yapacak olan ki\u015filerin pasaportunun en az 6 ay ge\u00e7erli olmas\u0131 gerekmektedir.<\/span><\/li>\n<\/ul>\n<h3><strong><span style=\"font-family: Roboto; font-size: 24px;\">Gine Vize Ba\u015fvurusu \u0130\u00e7in Gerekli Evraklar<\/span><\/strong><\/h3>\n<p><span style=\"font-family: Roboto; font-size: 14px;\">Gine\u2019ye seyahat edecek olan ki\u015filer, <strong>Gine seyahatleri<\/strong> i\u00e7in vize ba\u015fvurusunda bulunmal\u0131d\u0131r. Gine vize ba\u015fvurusunda bulunacak olan ki\u015filer gerekli olan evraklar\u0131 haz\u0131rlamal\u0131d\u0131r. Bu yaz\u0131da Gine vize ba\u015fvurusu yapacak olan ki\u015filerin merak etti\u011fi Gine vize ba\u015fvurusu i\u00e7in gerekli evraklar hakk\u0131nda bilgi verilmi\u015ftir.<\/span><\/p>\n<p><span style=\"font-family: Roboto; font-size: 14px;\">Gine vize ba\u015fvurusu i\u00e7in gerekli olan evraklar vize t\u00fcr\u00fcne gere de\u011fi\u015fse de her ba\u015fvuru i\u00e7in istenen baz\u0131 evraklar bulunmaktad\u0131r. Bu evraklar listesi a\u015fa\u011f\u0131da verilmi\u015ftir. Gine Konsoloslu\u011fu vize s\u00fcreci boyunca ek belge talep edebilir.<\/span><\/p>\n<ul>\n<li><span style=\"font-family: Roboto; font-size: 14px;\">Gine vize ba\u015fvurusu yapacak olan ki\u015filerin pasaportu,<\/span><\/li>\n<li><span style=\"color: #2acec2;\"><strong><a style=\"color: #2acec2;\" href=\"https:\/\/myvize.com.tr\/gine\/vize-islemleri\/gine-vize-basvuru-formu\/\" target=\"_blank\" rel=\"noopener\"><span style=\"font-family: Roboto; font-size: 14px;\">Gine vize ba\u015fvuru formu<\/span><\/a><\/strong><\/span><\/li>\n<li><span style=\"font-family: Roboto; font-size: 14px;\">Gine vize talep dilek\u00e7esi,<\/span><\/li>\n<li><span style=\"font-family: Roboto; font-size: 14px;\">Kimlik fotokopisi,<\/span><\/li>\n<li><span style=\"font-family: Roboto; font-size: 14px;\">Biyometrik foto\u011fraf,<\/span><\/li>\n<li><span style=\"font-family: Roboto; font-size: 14px;\">Banka hesap d\u00f6k\u00fcm\u00fc,<\/span><\/li>\n<li><span style=\"font-family: Roboto; font-size: 14px;\">Adli sicil kayd\u0131,<\/span><\/li>\n<li><span style=\"font-family: Roboto; font-size: 14px;\">Gine konaklama belgeleri,<\/span><\/li>\n<li><span style=\"font-family: Roboto; font-size: 14px;\">Gidi\u015f ve d\u00f6n\u00fc\u015f u\u00e7ak biletleri<\/span><\/li>\n<\/ul>\n<p><span style=\"font-size: 16px;\"><span style=\"font-family: Roboto;\"><img loading=\"lazy\" decoding=\"async\" src=\"..\/..\/..\/romanya\/wp-content\/uploads\/2021\/07\/aDOBE-LOGO-1.png\" width=\"75\" height=\"75\" \/><strong>\u00a0\u00a0<\/strong><\/span><strong><span style=\"font-family: Roboto;\"> Gine Vizesi Ba\u015fvuru Formunu\u00a0 <span style=\"color: #2acec2;\"><a style=\"color: #2acec2;\" href=\"https:\/\/myvize.com.tr\/gine\/wp-content\/uploads\/2021\/12\/gine-vize-basvuru-formu-ornegi-1.pdf\" target=\"_blank\" rel=\"noreferrer noopener\">(\u0130ndirmek \u0130\u00e7in T\u0131klay\u0131n\u0131z!!)<\/a><\/span><\/span><\/strong><\/span><\/p>\n","protected":false},"excerpt":{"rendered":"<p>Gine Vize Ba\u015fvuru \u0130\u015flemleri Tatil, gezi, ticari, aile bile\u015fimi, aile ziyareti gibi nedenlerden dolay\u0131 Gine\u2019ye seyahat etmek isteyen ki\u015filer seyahat amac\u0131na uygun vize almal\u0131d\u0131r. Bu yaz\u0131da Gine\u2019ye seyahat edecek olan ki\u015filer i\u00e7in Gine vize ba\u015fvurusu i\u015flemleri hakk\u0131nda bilgi verilmi\u015ftir. Gine vize ba\u015fvurusu i\u00e7in \u00f6ncelikle Gine seyahat amac\u0131na uygun vize t\u00fcr\u00fc belirlenmelidir. Gine vize t\u00fcr\u00fcn\u00fc belirleyen<\/p>\n","protected":false},"author":1,"featured_media":0,"parent":0,"menu_order":0,"comment_status":"closed","ping_status":"closed","template":"","meta":{"footnotes":""},"class_list":["post-552","page","type-page","status-publish","hentry"],"yoast_head":"<!-- This site is optimized with the Yoast SEO plugin v26.8 - https:\/\/yoast.com\/product\/yoast-seo-wordpress\/ -->\n<title>Gine Vize Ba\u015fvurusu - Gine Vizesi - MyVize<\/title>\n<meta name=\"description\" content=\"Gine Vize Ba\u015fvurusu nas\u0131l yap\u0131l\u0131r? Gine Vize Ba\u015fvuru Formu Nas\u0131l doldurulur? Gine Vize Ba\u015fvuru \u0130\u015flemleri nelerdir?\" \/>\n<meta name=\"robots\" content=\"index, follow, max-snippet:-1, max-image-preview:large, max-video-preview:-1\" \/>\n<link rel=\"canonical\" href=\"https:\/\/myvize.com.tr\/gine\/gine-vize-basvurusu\/\" \/>\n<meta property=\"og:locale\" content=\"tr_TR\" \/>\n<meta property=\"og:type\" content=\"article\" \/>\n<meta property=\"og:title\" content=\"Gine Vize Ba\u015fvurusu - Gine Vizesi - MyVize\" \/>\n<meta property=\"og:description\" content=\"Gine Vize Ba\u015fvurusu nas\u0131l yap\u0131l\u0131r? Gine Vize Ba\u015fvuru Formu Nas\u0131l doldurulur? Gine Vize Ba\u015fvuru \u0130\u015flemleri nelerdir?\" \/>\n<meta property=\"og:url\" content=\"https:\/\/myvize.com.tr\/gine\/gine-vize-basvurusu\/\" \/>\n<meta property=\"og:site_name\" content=\"Gine Vizesi\" \/>\n<meta property=\"article:modified_time\" content=\"2022-05-10T13:29:19+00:00\" \/>\n<meta name=\"twitter:card\" content=\"summary_large_image\" \/>\n<meta name=\"twitter:label1\" content=\"Tahmini okuma s\u00fcresi\" \/>\n\t<meta name=\"twitter:data1\" content=\"3 dakika\" \/>\n<script type=\"application\/ld+json\" class=\"yoast-schema-graph\">{\"@context\":\"https:\/\/schema.org\",\"@graph\":[{\"@type\":\"WebPage\",\"@id\":\"https:\/\/myvize.com.tr\/gine\/gine-vize-basvurusu\/\",\"url\":\"https:\/\/myvize.com.tr\/gine\/gine-vize-basvurusu\/\",\"name\":\"Gine Vize Ba\u015fvurusu - Gine Vizesi - MyVize\",\"isPartOf\":{\"@id\":\"https:\/\/myvize.com.tr\/gine\/#website\"},\"datePublished\":\"2021-12-18T09:31:14+00:00\",\"dateModified\":\"2022-05-10T13:29:19+00:00\",\"description\":\"Gine Vize Ba\u015fvurusu nas\u0131l yap\u0131l\u0131r? Gine Vize Ba\u015fvuru Formu Nas\u0131l doldurulur? Gine Vize Ba\u015fvuru \u0130\u015flemleri nelerdir?\",\"breadcrumb\":{\"@id\":\"https:\/\/myvize.com.tr\/gine\/gine-vize-basvurusu\/#breadcrumb\"},\"inLanguage\":\"tr\",\"potentialAction\":[{\"@type\":\"ReadAction\",\"target\":[\"https:\/\/myvize.com.tr\/gine\/gine-vize-basvurusu\/\"]}]},{\"@type\":\"BreadcrumbList\",\"@id\":\"https:\/\/myvize.com.tr\/gine\/gine-vize-basvurusu\/#breadcrumb\",\"itemListElement\":[{\"@type\":\"ListItem\",\"position\":1,\"name\":\"Anasayfa\",\"item\":\"https:\/\/myvize.com.tr\/gine\/\"},{\"@type\":\"ListItem\",\"position\":2,\"name\":\"Gine Vize Ba\u015fvurusu\"}]},{\"@type\":\"WebSite\",\"@id\":\"https:\/\/myvize.com.tr\/gine\/#website\",\"url\":\"https:\/\/myvize.com.tr\/gine\/\",\"name\":\"Gine Vizesi\",\"description\":\"\",\"potentialAction\":[{\"@type\":\"SearchAction\",\"target\":{\"@type\":\"EntryPoint\",\"urlTemplate\":\"https:\/\/myvize.com.tr\/gine\/?s={search_term_string}\"},\"query-input\":{\"@type\":\"PropertyValueSpecification\",\"valueRequired\":true,\"valueName\":\"search_term_string\"}}],\"inLanguage\":\"tr\"}]}<\/script>\n<!-- \/ Yoast SEO plugin. -->","yoast_head_json":{"title":"Gine Vize Ba\u015fvurusu - Gine Vizesi - MyVize","description":"Gine Vize Ba\u015fvurusu nas\u0131l yap\u0131l\u0131r? Gine Vize Ba\u015fvuru Formu Nas\u0131l doldurulur? Gine Vize Ba\u015fvuru \u0130\u015flemleri nelerdir?","robots":{"index":"index","follow":"follow","max-snippet":"max-snippet:-1","max-image-preview":"max-image-preview:large","max-video-preview":"max-video-preview:-1"},"canonical":"https:\/\/myvize.com.tr\/gine\/gine-vize-basvurusu\/","og_locale":"tr_TR","og_type":"article","og_title":"Gine Vize Ba\u015fvurusu - Gine Vizesi - MyVize","og_description":"Gine Vize Ba\u015fvurusu nas\u0131l yap\u0131l\u0131r? Gine Vize Ba\u015fvuru Formu Nas\u0131l doldurulur? Gine Vize Ba\u015fvuru \u0130\u015flemleri nelerdir?","og_url":"https:\/\/myvize.com.tr\/gine\/gine-vize-basvurusu\/","og_site_name":"Gine Vizesi","article_modified_time":"2022-05-10T13:29:19+00:00","twitter_card":"summary_large_image","twitter_misc":{"Tahmini okuma s\u00fcresi":"3 dakika"},"schema":{"@context":"https:\/\/schema.org","@graph":[{"@type":"WebPage","@id":"https:\/\/myvize.com.tr\/gine\/gine-vize-basvurusu\/","url":"https:\/\/myvize.com.tr\/gine\/gine-vize-basvurusu\/","name":"Gine Vize Ba\u015fvurusu - Gine Vizesi - MyVize","isPartOf":{"@id":"https:\/\/myvize.com.tr\/gine\/#website"},"datePublished":"2021-12-18T09:31:14+00:00","dateModified":"2022-05-10T13:29:19+00:00","description":"Gine Vize Ba\u015fvurusu nas\u0131l yap\u0131l\u0131r? Gine Vize Ba\u015fvuru Formu Nas\u0131l doldurulur? Gine Vize Ba\u015fvuru \u0130\u015flemleri nelerdir?","breadcrumb":{"@id":"https:\/\/myvize.com.tr\/gine\/gine-vize-basvurusu\/#breadcrumb"},"inLanguage":"tr","potentialAction":[{"@type":"ReadAction","target":["https:\/\/myvize.com.tr\/gine\/gine-vize-basvurusu\/"]}]},{"@type":"BreadcrumbList","@id":"https:\/\/myvize.com.tr\/gine\/gine-vize-basvurusu\/#breadcrumb","itemListElement":[{"@type":"ListItem","position":1,"name":"Anasayfa","item":"https:\/\/myvize.com.tr\/gine\/"},{"@type":"ListItem","position":2,"name":"Gine Vize Ba\u015fvurusu"}]},{"@type":"WebSite","@id":"https:\/\/myvize.com.tr\/gine\/#website","url":"https:\/\/myvize.com.tr\/gine\/","name":"Gine Vizesi","description":"","potentialAction":[{"@type":"SearchAction","target":{"@type":"EntryPoint","urlTemplate":"https:\/\/myvize.com.tr\/gine\/?s={search_term_string}"},"query-input":{"@type":"PropertyValueSpecification","valueRequired":true,"valueName":"search_term_string"}}],"inLanguage":"tr"}]}},"_links":{"self":[{"href":"https:\/\/myvize.com.tr\/gine\/wp-json\/wp\/v2\/pages\/552","targetHints":{"allow":["GET"]}}],"collection":[{"href":"https:\/\/myvize.com.tr\/gine\/wp-json\/wp\/v2\/pages"}],"about":[{"href":"https:\/\/myvize.com.tr\/gine\/wp-json\/wp\/v2\/types\/page"}],"author":[{"embeddable":true,"href":"https:\/\/myvize.com.tr\/gine\/wp-json\/wp\/v2\/users\/1"}],"replies":[{"embeddable":true,"href":"https:\/\/myvize.com.tr\/gine\/wp-json\/wp\/v2\/comments?post=552"}],"version-history":[{"count":4,"href":"https:\/\/myvize.com.tr\/gine\/wp-json\/wp\/v2\/pages\/552\/revisions"}],"predecessor-version":[{"id":631,"href":"https:\/\/myvize.com.tr\/gine\/wp-json\/wp\/v2\/pages\/552\/revisions\/631"}],"wp:attachment":[{"href":"https:\/\/myvize.com.tr\/gine\/wp-json\/wp\/v2\/media?parent=552"}],"curies":[{"name":"wp","href":"https:\/\/api.w.org\/{rel}","templated":true}]}}