{"id":55,"date":"2020-11-30T12:50:43","date_gmt":"2020-11-30T09:50:43","guid":{"rendered":"https:\/\/myvize.com.tr\/gine\/?page_id=55"},"modified":"2022-05-10T15:50:39","modified_gmt":"2022-05-10T12:50:39","slug":"turkiyede-oturum-ve-calisma-izni","status":"publish","type":"page","link":"https:\/\/myvize.com.tr\/gine\/vize-islemleri\/turkiyede-oturum-ve-calisma-izni\/","title":{"rendered":"T\u00fcrkiye&#8217;de Oturum ve \u00c7al\u0131\u015fma \u0130zni"},"content":{"rendered":"<h2><strong><span style=\"font-size: 27px; font-family: Roboto;\">Gine Vatanda\u015flar\u0131n\u0131n T\u00fcrkiye\u2019de Oturum Ve \u00c7al\u0131\u015fma \u0130zni Almas\u0131<\/span><\/strong><\/h2>\n<p><span style=\"font-family: Roboto; font-size: 14px;\">T\u00fcrkiye Cumhuriyeti\u2019nde oturum ger\u00e7ekle\u015ftirmek isteyen Gine vatanda\u015flar\u0131 T\u00fcrkiye\u2019de uzun s\u00fcreli olarak konaklamak i\u00e7in T\u00fcrkiye oturum izni almal\u0131d\u0131r. E\u011fer T\u00fcrkiye \u00e7al\u0131\u015fma izniniz var ise<strong> T\u00fcrkiye oturum izni<\/strong> sahibi de olursunuz. \u00a0<\/span><\/p>\n<p><span style=\"font-family: Roboto; font-size: 14px;\">T\u00fcrkiye<strong> oturum izni<\/strong> almak isteyen Gine vatanda\u015flar\u0131 Gine\u2019de bulunan T\u00fcrkiye temsilciliklerine ba\u015fvurmal\u0131d\u0131r. T\u00fcrkiye\u2019de bulunan Gine vatanda\u015flar\u0131 ise oturum izni i\u00e7in valiliklere ba\u015fvurmal\u0131d\u0131r. Gine vatanda\u015flar\u0131n\u0131n pasaport ge\u00e7erlilik s\u00fcresi oturum izni s\u00fcresinden en az 60 g\u00fcn daha fazla ge\u00e7erli olmal\u0131d\u0131r. T\u00fcrkiye <strong>oturum izni<\/strong> ba\u015fvurular\u0131 gerekli belgeler teslim edildikten ve inceleme ba\u015flat\u0131ld\u0131ktan sonra en ge\u00e7 90 g\u00fcn i\u00e7erisinde sonu\u00e7lanmaktad\u0131r.<\/span><\/p>\n<blockquote><p><span style=\"font-family: Roboto; font-size: 14px; color: #2acec2;\"><a style=\"color: #2acec2;\" href=\"https:\/\/myvize.com.tr\/gine\/vize-islemleri\/gine-vizesi\/\" target=\"_blank\" rel=\"noopener\"><strong>Gine Vizesi<\/strong><\/a><\/span><\/p><\/blockquote>\n<p><span style=\"font-family: Roboto; font-size: 14px;\">T\u00fcrkiye oturum iznini uzatmak isteyen Gine vatanda\u015flar\u0131 bu i\u015flemi e-ikamet \u00fczerinden yapabilmektedir. Bunu i\u00e7in \u00f6ncelikle randevu al\u0131nmal\u0131 ve \u0130l G\u00f6\u00e7 \u0130daresi\u2019ne ba\u015fvurulmal\u0131d\u0131r.<\/span><\/p>\n<p><span style=\"font-family: Roboto; font-size: 14px;\">T\u00fcrkiye\u2019de \u00e7al\u0131\u015fmak isteyen Gine vatanda\u015flar\u0131 ise \u00e7al\u0131\u015fma izni i\u00e7in Gine\u2019de bulunan T\u00fcrkiye d\u0131\u015f temsilciliklerine ba\u015fvurmal\u0131d\u0131r. T\u00fcrkiye \u00e7al\u0131\u015fma izni verme yetkisi T\u00fcrkiye \u00c7al\u0131\u015fma ve Sosyal G\u00fcvenlik Bakanl\u0131\u011f\u0131\u2019na aittir<strong>. \u00c7al\u0131\u015fma izni<\/strong> ba\u015fvurusu i\u00e7in gerekli olan belgeler haz\u0131rlanmal\u0131 ve ba\u015fvuruda bulunulmal\u0131d\u0131r. T\u00fcrkiye \u00e7al\u0131\u015fma izni alacak bir Gine vatanda\u015f\u0131 T\u00fcrkiye oturum hakk\u0131na da sahip olur.<\/span><\/p>\n<p><span style=\"font-family: Roboto; font-size: 14px;\">T\u00fcrkiye <strong>\u00e7al\u0131\u015fma izni<\/strong> alan bir Gine vatanda\u015f\u0131 T\u00fcrkiye giri\u015f vizesi harc\u0131,<strong> \u00e7al\u0131\u015fma izni harc\u0131<\/strong> ve oturum izni harc\u0131 \u00f6demelidir.<\/span><\/p>\n<blockquote>\n<p style=\"text-align: left;\"><span style=\"font-family: Roboto; font-size: 14px; color: #2acec2;\"><a style=\"color: #2acec2;\" href=\"https:\/\/myvize.com.tr\/gine\/vize-islemleri\/gine-vatandaslik-islemleri\/\" target=\"_blank\" rel=\"noopener\"><strong>Gine Vatanda\u015fl\u0131k \u0130\u015flemleri<\/strong><\/a><\/span><\/p>\n<\/blockquote>\n<p><img decoding=\"async\" src=\"https:\/\/myvize.com.tr\/gine\/wp-content\/uploads\/2021\/10\/17.jpg\" \/><\/p>\n","protected":false},"excerpt":{"rendered":"<p>Gine Vatanda\u015flar\u0131n\u0131n T\u00fcrkiye\u2019de Oturum Ve \u00c7al\u0131\u015fma \u0130zni Almas\u0131 T\u00fcrkiye Cumhuriyeti\u2019nde oturum ger\u00e7ekle\u015ftirmek isteyen Gine vatanda\u015flar\u0131 T\u00fcrkiye\u2019de uzun s\u00fcreli olarak konaklamak i\u00e7in T\u00fcrkiye oturum izni almal\u0131d\u0131r. E\u011fer T\u00fcrkiye \u00e7al\u0131\u015fma izniniz var ise T\u00fcrkiye oturum izni sahibi de olursunuz. \u00a0 T\u00fcrkiye oturum izni almak isteyen Gine vatanda\u015flar\u0131 Gine\u2019de bulunan T\u00fcrkiye temsilciliklerine ba\u015fvurmal\u0131d\u0131r. T\u00fcrkiye\u2019de bulunan Gine vatanda\u015flar\u0131 ise<\/p>\n","protected":false},"author":1,"featured_media":0,"parent":18,"menu_order":0,"comment_status":"closed","ping_status":"closed","template":"","meta":{"footnotes":""},"class_list":["post-55","page","type-page","status-publish","hentry"],"yoast_head":"<!-- This site is optimized with the Yoast SEO plugin v26.8 - https:\/\/yoast.com\/product\/yoast-seo-wordpress\/ -->\n<title>Gine T\u00fcrkiye&#039;de Oturum ve \u00c7al\u0131\u015fma \u0130zni - Gine Vize - MyVize<\/title>\n<meta name=\"description\" content=\"Gine T\u00fcrkiye&#039;de Oturum ve \u00c7al\u0131\u015fma \u0130zni Vizesi Nas\u0131l Al\u0131n\u0131r? Gine T\u00fcrkiye&#039;de Oturum ve \u00c7al\u0131\u015fma \u0130zni \u015eartlar\u0131 Nelerdir?\" \/>\n<meta name=\"robots\" content=\"index, follow, max-snippet:-1, max-image-preview:large, max-video-preview:-1\" \/>\n<link rel=\"canonical\" href=\"https:\/\/myvize.com.tr\/gine\/vize-islemleri\/turkiyede-oturum-ve-calisma-izni\/\" \/>\n<meta property=\"og:locale\" content=\"tr_TR\" \/>\n<meta property=\"og:type\" content=\"article\" \/>\n<meta property=\"og:title\" content=\"Gine T\u00fcrkiye&#039;de Oturum ve \u00c7al\u0131\u015fma \u0130zni - Gine Vize - MyVize\" \/>\n<meta property=\"og:description\" content=\"Gine T\u00fcrkiye&#039;de Oturum ve \u00c7al\u0131\u015fma \u0130zni Vizesi Nas\u0131l Al\u0131n\u0131r? Gine T\u00fcrkiye&#039;de Oturum ve \u00c7al\u0131\u015fma \u0130zni \u015eartlar\u0131 Nelerdir?\" \/>\n<meta property=\"og:url\" content=\"https:\/\/myvize.com.tr\/gine\/vize-islemleri\/turkiyede-oturum-ve-calisma-izni\/\" \/>\n<meta property=\"og:site_name\" content=\"Gine Vizesi\" \/>\n<meta property=\"article:modified_time\" content=\"2022-05-10T12:50:39+00:00\" \/>\n<meta property=\"og:image\" content=\"https:\/\/myvize.com.tr\/gine\/wp-content\/uploads\/2021\/10\/17.jpg\" \/>\n<meta name=\"twitter:card\" content=\"summary_large_image\" \/>\n<meta name=\"twitter:label1\" content=\"Tahmini okuma s\u00fcresi\" \/>\n\t<meta name=\"twitter:data1\" content=\"2 dakika\" \/>\n<script type=\"application\/ld+json\" class=\"yoast-schema-graph\">{\"@context\":\"https:\/\/schema.org\",\"@graph\":[{\"@type\":\"WebPage\",\"@id\":\"https:\/\/myvize.com.tr\/gine\/vize-islemleri\/turkiyede-oturum-ve-calisma-izni\/\",\"url\":\"https:\/\/myvize.com.tr\/gine\/vize-islemleri\/turkiyede-oturum-ve-calisma-izni\/\",\"name\":\"Gine T\u00fcrkiye'de Oturum ve \u00c7al\u0131\u015fma \u0130zni - Gine Vize - MyVize\",\"isPartOf\":{\"@id\":\"https:\/\/myvize.com.tr\/gine\/#website\"},\"primaryImageOfPage\":{\"@id\":\"https:\/\/myvize.com.tr\/gine\/vize-islemleri\/turkiyede-oturum-ve-calisma-izni\/#primaryimage\"},\"image\":{\"@id\":\"https:\/\/myvize.com.tr\/gine\/vize-islemleri\/turkiyede-oturum-ve-calisma-izni\/#primaryimage\"},\"thumbnailUrl\":\"https:\/\/myvize.com.tr\/gine\/wp-content\/uploads\/2021\/10\/17.jpg\",\"datePublished\":\"2020-11-30T09:50:43+00:00\",\"dateModified\":\"2022-05-10T12:50:39+00:00\",\"description\":\"Gine T\u00fcrkiye'de Oturum ve \u00c7al\u0131\u015fma \u0130zni Vizesi Nas\u0131l Al\u0131n\u0131r? Gine T\u00fcrkiye'de Oturum ve \u00c7al\u0131\u015fma \u0130zni \u015eartlar\u0131 Nelerdir?\",\"breadcrumb\":{\"@id\":\"https:\/\/myvize.com.tr\/gine\/vize-islemleri\/turkiyede-oturum-ve-calisma-izni\/#breadcrumb\"},\"inLanguage\":\"tr\",\"potentialAction\":[{\"@type\":\"ReadAction\",\"target\":[\"https:\/\/myvize.com.tr\/gine\/vize-islemleri\/turkiyede-oturum-ve-calisma-izni\/\"]}]},{\"@type\":\"ImageObject\",\"inLanguage\":\"tr\",\"@id\":\"https:\/\/myvize.com.tr\/gine\/vize-islemleri\/turkiyede-oturum-ve-calisma-izni\/#primaryimage\",\"url\":\"https:\/\/myvize.com.tr\/gine\/wp-content\/uploads\/2021\/10\/17.jpg\",\"contentUrl\":\"https:\/\/myvize.com.tr\/gine\/wp-content\/uploads\/2021\/10\/17.jpg\",\"width\":800,\"height\":500,\"caption\":\"Gine T\u00fcrkiye'de Oturum ve \u00c7al\u0131\u015fma \u0130zni\"},{\"@type\":\"BreadcrumbList\",\"@id\":\"https:\/\/myvize.com.tr\/gine\/vize-islemleri\/turkiyede-oturum-ve-calisma-izni\/#breadcrumb\",\"itemListElement\":[{\"@type\":\"ListItem\",\"position\":1,\"name\":\"Anasayfa\",\"item\":\"https:\/\/myvize.com.tr\/gine\/\"},{\"@type\":\"ListItem\",\"position\":2,\"name\":\"V\u0130ZE \u0130\u015eLEMLER\u0130\",\"item\":\"https:\/\/myvize.com.tr\/gine\/vize-islemleri\/\"},{\"@type\":\"ListItem\",\"position\":3,\"name\":\"T\u00fcrkiye&#8217;de Oturum ve \u00c7al\u0131\u015fma \u0130zni\"}]},{\"@type\":\"WebSite\",\"@id\":\"https:\/\/myvize.com.tr\/gine\/#website\",\"url\":\"https:\/\/myvize.com.tr\/gine\/\",\"name\":\"Gine Vizesi\",\"description\":\"\",\"potentialAction\":[{\"@type\":\"SearchAction\",\"target\":{\"@type\":\"EntryPoint\",\"urlTemplate\":\"https:\/\/myvize.com.tr\/gine\/?s={search_term_string}\"},\"query-input\":{\"@type\":\"PropertyValueSpecification\",\"valueRequired\":true,\"valueName\":\"search_term_string\"}}],\"inLanguage\":\"tr\"}]}<\/script>\n<!-- \/ Yoast SEO plugin. -->","yoast_head_json":{"title":"Gine T\u00fcrkiye'de Oturum ve \u00c7al\u0131\u015fma \u0130zni - Gine Vize - MyVize","description":"Gine T\u00fcrkiye'de Oturum ve \u00c7al\u0131\u015fma \u0130zni Vizesi Nas\u0131l Al\u0131n\u0131r? Gine T\u00fcrkiye'de Oturum ve \u00c7al\u0131\u015fma \u0130zni \u015eartlar\u0131 Nelerdir?","robots":{"index":"index","follow":"follow","max-snippet":"max-snippet:-1","max-image-preview":"max-image-preview:large","max-video-preview":"max-video-preview:-1"},"canonical":"https:\/\/myvize.com.tr\/gine\/vize-islemleri\/turkiyede-oturum-ve-calisma-izni\/","og_locale":"tr_TR","og_type":"article","og_title":"Gine T\u00fcrkiye'de Oturum ve \u00c7al\u0131\u015fma \u0130zni - Gine Vize - MyVize","og_description":"Gine T\u00fcrkiye'de Oturum ve \u00c7al\u0131\u015fma \u0130zni Vizesi Nas\u0131l Al\u0131n\u0131r? Gine T\u00fcrkiye'de Oturum ve \u00c7al\u0131\u015fma \u0130zni \u015eartlar\u0131 Nelerdir?","og_url":"https:\/\/myvize.com.tr\/gine\/vize-islemleri\/turkiyede-oturum-ve-calisma-izni\/","og_site_name":"Gine Vizesi","article_modified_time":"2022-05-10T12:50:39+00:00","og_image":[{"url":"https:\/\/myvize.com.tr\/gine\/wp-content\/uploads\/2021\/10\/17.jpg","type":"","width":"","height":""}],"twitter_card":"summary_large_image","twitter_misc":{"Tahmini okuma s\u00fcresi":"2 dakika"},"schema":{"@context":"https:\/\/schema.org","@graph":[{"@type":"WebPage","@id":"https:\/\/myvize.com.tr\/gine\/vize-islemleri\/turkiyede-oturum-ve-calisma-izni\/","url":"https:\/\/myvize.com.tr\/gine\/vize-islemleri\/turkiyede-oturum-ve-calisma-izni\/","name":"Gine T\u00fcrkiye'de Oturum ve \u00c7al\u0131\u015fma \u0130zni - Gine Vize - MyVize","isPartOf":{"@id":"https:\/\/myvize.com.tr\/gine\/#website"},"primaryImageOfPage":{"@id":"https:\/\/myvize.com.tr\/gine\/vize-islemleri\/turkiyede-oturum-ve-calisma-izni\/#primaryimage"},"image":{"@id":"https:\/\/myvize.com.tr\/gine\/vize-islemleri\/turkiyede-oturum-ve-calisma-izni\/#primaryimage"},"thumbnailUrl":"https:\/\/myvize.com.tr\/gine\/wp-content\/uploads\/2021\/10\/17.jpg","datePublished":"2020-11-30T09:50:43+00:00","dateModified":"2022-05-10T12:50:39+00:00","description":"Gine T\u00fcrkiye'de Oturum ve \u00c7al\u0131\u015fma \u0130zni Vizesi Nas\u0131l Al\u0131n\u0131r? Gine T\u00fcrkiye'de Oturum ve \u00c7al\u0131\u015fma \u0130zni \u015eartlar\u0131 Nelerdir?","breadcrumb":{"@id":"https:\/\/myvize.com.tr\/gine\/vize-islemleri\/turkiyede-oturum-ve-calisma-izni\/#breadcrumb"},"inLanguage":"tr","potentialAction":[{"@type":"ReadAction","target":["https:\/\/myvize.com.tr\/gine\/vize-islemleri\/turkiyede-oturum-ve-calisma-izni\/"]}]},{"@type":"ImageObject","inLanguage":"tr","@id":"https:\/\/myvize.com.tr\/gine\/vize-islemleri\/turkiyede-oturum-ve-calisma-izni\/#primaryimage","url":"https:\/\/myvize.com.tr\/gine\/wp-content\/uploads\/2021\/10\/17.jpg","contentUrl":"https:\/\/myvize.com.tr\/gine\/wp-content\/uploads\/2021\/10\/17.jpg","width":800,"height":500,"caption":"Gine T\u00fcrkiye'de Oturum ve \u00c7al\u0131\u015fma \u0130zni"},{"@type":"BreadcrumbList","@id":"https:\/\/myvize.com.tr\/gine\/vize-islemleri\/turkiyede-oturum-ve-calisma-izni\/#breadcrumb","itemListElement":[{"@type":"ListItem","position":1,"name":"Anasayfa","item":"https:\/\/myvize.com.tr\/gine\/"},{"@type":"ListItem","position":2,"name":"V\u0130ZE \u0130\u015eLEMLER\u0130","item":"https:\/\/myvize.com.tr\/gine\/vize-islemleri\/"},{"@type":"ListItem","position":3,"name":"T\u00fcrkiye&#8217;de Oturum ve \u00c7al\u0131\u015fma \u0130zni"}]},{"@type":"WebSite","@id":"https:\/\/myvize.com.tr\/gine\/#website","url":"https:\/\/myvize.com.tr\/gine\/","name":"Gine Vizesi","description":"","potentialAction":[{"@type":"SearchAction","target":{"@type":"EntryPoint","urlTemplate":"https:\/\/myvize.com.tr\/gine\/?s={search_term_string}"},"query-input":{"@type":"PropertyValueSpecification","valueRequired":true,"valueName":"search_term_string"}}],"inLanguage":"tr"}]}},"_links":{"self":[{"href":"https:\/\/myvize.com.tr\/gine\/wp-json\/wp\/v2\/pages\/55","targetHints":{"allow":["GET"]}}],"collection":[{"href":"https:\/\/myvize.com.tr\/gine\/wp-json\/wp\/v2\/pages"}],"about":[{"href":"https:\/\/myvize.com.tr\/gine\/wp-json\/wp\/v2\/types\/page"}],"author":[{"embeddable":true,"href":"https:\/\/myvize.com.tr\/gine\/wp-json\/wp\/v2\/users\/1"}],"replies":[{"embeddable":true,"href":"https:\/\/myvize.com.tr\/gine\/wp-json\/wp\/v2\/comments?post=55"}],"version-history":[{"count":5,"href":"https:\/\/myvize.com.tr\/gine\/wp-json\/wp\/v2\/pages\/55\/revisions"}],"predecessor-version":[{"id":535,"href":"https:\/\/myvize.com.tr\/gine\/wp-json\/wp\/v2\/pages\/55\/revisions\/535"}],"up":[{"embeddable":true,"href":"https:\/\/myvize.com.tr\/gine\/wp-json\/wp\/v2\/pages\/18"}],"wp:attachment":[{"href":"https:\/\/myvize.com.tr\/gine\/wp-json\/wp\/v2\/media?parent=55"}],"curies":[{"name":"wp","href":"https:\/\/api.w.org\/{rel}","templated":true}]}}