{"id":45,"date":"2020-11-30T12:47:57","date_gmt":"2020-11-30T09:47:57","guid":{"rendered":"https:\/\/myvize.com.tr\/gine\/?page_id=45"},"modified":"2022-05-10T15:47:27","modified_gmt":"2022-05-10T12:47:27","slug":"gine-oturum-izni","status":"publish","type":"page","link":"https:\/\/myvize.com.tr\/gine\/vize-islemleri\/gine-oturum-izni\/","title":{"rendered":"Gine Oturum \u0130zni"},"content":{"rendered":"<h2><strong><span style=\"font-family: Roboto; font-size: 27px;\">Gine Oturum \u0130zni Hakk\u0131nda\u00a0<\/span><\/strong><\/h2>\n<p><span style=\"font-size: 14px; font-family: Roboto;\">Gine\u2019de 90 g\u00fcnden daha fazla konaklamak isteyen T\u00fcrkiye Cumhuriyeti vatanda\u015flar\u0131 konaklama ama\u00e7lar\u0131na uygun olarak uzun s\u00fcreli <span style=\"color: #2acec2;\"><a style=\"color: #2acec2;\" href=\"https:\/\/myvize.com.tr\/gine\/vize-islemleri\/gine-vizesi\/\" target=\"_blank\" rel=\"noopener\"><strong>Gine vizesi<\/strong> <\/a><\/span>ba\u015fvurusunda bulunmal\u0131 ve olumlu sonu\u00e7 almal\u0131d\u0131r<strong>. Gine oturum iznine<\/strong> sahip olarak \u00fclke i\u00e7erisinde serbest ikamet hakk\u0131na sahip olursunuz.<\/span><\/p>\n<p><span style=\"font-size: 14px; font-family: Roboto;\"><strong>Gine oturum izni<\/strong> ba\u015fvurular\u0131 Gine <strong><span style=\"color: #2acec2;\"><a style=\"color: #2acec2;\" href=\"https:\/\/myvize.com.tr\/gine\/konsolosluklar\/ankara-buyukelciligi\/\" target=\"_blank\" rel=\"noopener\">Ankara B\u00fcy\u00fckel\u00e7ili\u011fi<\/a><\/span><\/strong> taraf\u0131ndan yetkilendirilmi\u015f vize ba\u015fvuru merkezlerine yap\u0131lmal\u0131d\u0131r. Oturum iznini de\u011ferlendirme yetkisi Gine Ankara B\u00fcy\u00fckel\u00e7ili\u011fi\u2019ne aittir.<\/span><\/p>\n<p><span style=\"font-size: 14px; font-family: Roboto;\"><strong>Gine oturum izni<\/strong> i\u00e7in \u00f6ncelikle ba\u015fvuru formu doldurulmal\u0131d\u0131r. Bu formdaki bilgiler ger\u00e7e\u011fe uygun olarak doldurulmal\u0131d\u0131r. Ard\u0131ndan istenen belgeler eksiksiz ve g\u00fcncel bir \u015fekilde haz\u0131rlanmal\u0131d\u0131r. Belgelerin eksik bulunmas\u0131 halinde <strong>oturum izni<\/strong> ba\u015fvurusu olumsuz sonu\u00e7lan\u0131r. Ayn\u0131 \u015fekilde belgelerde sahte verilerin yer almas\u0131 da Gine oturum izni reddine neden olur. Belgeler vize ba\u015fvuru merkezine iletilmelidir. <strong>Vize ba\u015fvuru merkezi<\/strong> belgeleri ald\u0131ktan sonra <strong>Gine oturum izni<\/strong> talebinizi belgeler ile beraber Gine Ankara B\u00fcy\u00fckel\u00e7ili\u011fi\u2019ne iletecektir.<\/span><\/p>\n<p><span style=\"font-family: Roboto; font-size: 14px;\">Gine\u2019de ikamet etmek isteyen T\u00fcrkiye Cumhuriyeti vatanda\u015flar\u0131 Gine oturum izni ba\u015fvurusunda bulunmal\u0131d\u0131r.<strong> Gine oturum izni<\/strong> ba\u015fvurusu uzun s\u00fcreli bir vize t\u00fcr\u00fcd\u00fcr. Ba\u015fvuru sahibine Gine\u2019de serbest ikamet hakk\u0131 verilir. Gine oturum izni \u00f6\u011frenci vizesi, <span style=\"color: #2acec2;\"><a style=\"color: #2acec2;\" href=\"https:\/\/myvize.com.tr\/gine\/vize-islemleri\/gine-calisma-izni\/\" target=\"_blank\" rel=\"noopener\"><strong>Gine \u00e7al\u0131\u015fma izni<\/strong><\/a><\/span>, aile birle\u015fimi, dini g\u00f6rev, g\u00f6n\u00fcll\u00fc faaliyet gibi durumlarda verilmektedir.<\/span><\/p>\n<p><span style=\"font-family: Roboto; font-size: 14px;\"><strong>Gine oturum izni<\/strong> ba\u015fvurusu<strong> Gine Ankara B\u00fcy\u00fckel\u00e7ili\u011fi<\/strong> ve<strong> Gine Ankara B\u00fcy\u00fckel\u00e7ili\u011fi<\/strong> taraf\u0131ndan yetkilendirilmi\u015f vize ba\u015fvuru merkezlerine yap\u0131lmaktad\u0131r. <strong>Gine oturum izni<\/strong> ba\u015fvurular\u0131n\u0131 de\u011ferlendirme yetkisi Gine \u0130\u00e7i\u015fleri Bakanl\u0131\u011f\u0131\u2019na aittir.<\/span><\/p>\n<p><img decoding=\"async\" src=\"https:\/\/myvize.com.tr\/gine\/wp-content\/uploads\/2021\/10\/14.jpg\" \/><\/p>\n<p><span style=\"font-family: Roboto; font-size: 14px;\"><strong>Gine oturum izni<\/strong> alamayaca\u011f\u0131n\u0131z baz\u0131 durumlar vard\u0131r. Bunlar; yeterli bir sebebinizin olmamas\u0131, Gine giri\u015f yasa\u011f\u0131n\u0131z\u0131n olmas\u0131, Gine toplum ya\u015fam\u0131na ayak uyduramayacak olman\u0131z, gerekli \u015fartlar\u0131 yerine getiremeyecek olman\u0131z gibi durumlard\u0131r.<\/span><\/p>\n<p><span style=\"font-family: Roboto; font-size: 14px;\"><strong>Gine oturum izni<\/strong> ba\u015fvurusunda bulunacak olan ki\u015fi gerekli belgeleri haz\u0131rlayarak ba\u015fvuruda bulunmal\u0131d\u0131r. <strong>Oturum izni<\/strong> ba\u015fvurular\u0131 ortalama olarak 30 g\u00fcn i\u00e7erisinde sonu\u00e7lanmaktad\u0131r. Ba\u015fvuru s\u00fcreci ile ilgili bilgi verilmemektedir. Ba\u015fvurunuz sonu\u00e7lan\u0131nca posta yolu ile sonu\u00e7 ba\u015fvuru sahibine bildirilir. Ba\u015fvurunuzun olumlu sonu\u00e7lanmas\u0131 i\u00e7in belgelerinizi eksiksiz ve do\u011fru bir \u015fekilde haz\u0131rlaman\u0131z, Gine\u2019deki ya\u015fam\u0131n\u0131z boyunca masraflar\u0131n\u0131z\u0131 kar\u015f\u0131layabilece\u011finizi kan\u0131tlaman\u0131z ve Gine toplum ya\u015fam\u0131n\u0131 tehlikeye atmayaca\u011f\u0131n\u0131z konusunda Gine yetkililerini ikna etmeniz gerekmektedir.<\/span><\/p>\n<p><span style=\"font-family: Roboto; font-size: 14px;\"><strong>Gine oturum izni<\/strong> almak isteyen ki\u015filerin cinsel yolla ya da kan yolu ile bula\u015fan bir hastal\u0131\u011f\u0131 olmamas\u0131 gerekmektedir. Ayr\u0131ca \u00fclkeye girmeden sar\u0131humma a\u015f\u0131s\u0131 olmal\u0131s\u0131n\u0131z. \u00a0<\/span><\/p>\n<p><span style=\"font-size: 14px; font-family: Roboto;\">Gerekli belgeler;<\/span><\/p>\n<ul>\n<li><span style=\"font-size: 14px; font-family: Roboto;\">Pasaport<\/span><\/li>\n<li><span style=\"font-size: 14px; font-family: Roboto;\">Kimlik fotokopisi<\/span><\/li>\n<li><span style=\"font-size: 14px; font-family: Roboto;\"><strong>Gine oturum izni<\/strong> ba\u015fvuru formu<\/span><\/li>\n<li><span style=\"font-size: 14px; font-family: Roboto;\"><strong>Oturum izni<\/strong> talep dilek\u00e7esi<\/span><\/li>\n<li><span style=\"font-size: 14px; font-family: Roboto;\">Tam vukuatl\u0131 n\u00fcfus kay\u0131t \u00f6rne\u011fi<\/span><\/li>\n<li><span style=\"font-size: 14px; font-family: Roboto;\">Adli sicil kayd\u0131<\/span><\/li>\n<li><span style=\"font-size: 14px; font-family: Roboto;\">Biyometrik foto\u011fraf<\/span><\/li>\n<li><span style=\"font-size: 14px; font-family: Roboto;\">Banka hesap d\u00f6k\u00fcm\u00fc<\/span><\/li>\n<li><span style=\"font-size: 14px; font-family: Roboto;\">Var ise gelirlerinizi g\u00f6steren belgeler<\/span><\/li>\n<li><span style=\"font-size: 14px; font-family: Roboto;\">Var ise tapu fotokopileri ve ara\u00e7 ruhsatlar\u0131<\/span><\/li>\n<li><span style=\"font-size: 14px; font-family: Roboto;\">Var ise sponsor bilgiler<\/span><\/li>\n<li><span style=\"font-size: 14px; font-family: Roboto;\">Gine\u2019de konaklayaca\u011f\u0131n\u0131z yerin bilgileri<\/span><\/li>\n<\/ul>\n<h2><strong><span style=\"font-family: Roboto; font-size: 27px;\">Gine&#8217;ye Yerle\u015fmek \u0130stiyorum<\/span><\/strong><\/h2>\n<p><span style=\"font-family: Roboto; font-size: 14px;\"><strong>Gine\u2019ye yerle\u015fmek<\/strong> isteyen ki\u015filerin Gine oturum izni almas\u0131 gerekmektedir. <strong>Gine oturum izni alacak<\/strong> olan ki\u015filer, Gine oturum iznini nas\u0131l alaca\u011f\u0131n\u0131 merak etmektedir. Bu yaz\u0131da Gine\u2019ye yerle\u015fmek istiyorum diyen ki\u015filer i\u00e7in cevap verilmi\u015ftir.<\/span><\/p>\n<p><span style=\"font-family: Roboto; font-size: 14px;\">Gine\u2019ye yerle\u015fmek isteyen ki\u015filerin Gine\u2019ye yerle\u015febilmek i\u00e7in belirli bir nedeninin olmas\u0131 gerekmektedir. A\u015fa\u011f\u0131da Gine\u2019ye yerle\u015fmek isteyen ki\u015filerin hangi \u015fartlar ile yerle\u015fim sa\u011flayabilece\u011fi hakk\u0131nda bilgi verilmi\u015ftir.<\/span><\/p>\n<ul>\n<li><span style=\"font-family: Roboto; font-size: 14px;\"><strong>Gine\u2019de \u00e7al\u0131\u015fmak<\/strong> isteyen ki\u015filer i\u00e7in Gine oturum izni,<\/span><\/li>\n<li><span style=\"font-family: Roboto; font-size: 14px;\">Gine\u2019de e\u011fitim g\u00f6rmek isteyen ki\u015filer i\u00e7in Gine oturum izni,<\/span><\/li>\n<li><span style=\"font-family: Roboto; font-size: 14px;\">Gine\u2019de aile \u00fcyesi bulunan ki\u015filer i\u00e7in Gine oturum izni,<\/span><\/li>\n<li><span style=\"font-family: Roboto; font-size: 14px;\">Gine\u2019ye s\u0131\u011f\u0131nan m\u00fclteciler i\u00e7in Gine oturum izni,<\/span><\/li>\n<li><span style=\"font-family: Roboto; font-size: 14px;\">Tedavi ama\u00e7l\u0131 olarak Gine oturum izni<\/span><\/li>\n<\/ul>\n<p><span style=\"font-family: Roboto; font-size: 14px;\">Yukar\u0131daki nedenler ile Gine\u2019ye yerle\u015febilir ve Gine oturum izni alabilirsiniz.<\/span><\/p>\n<h2><strong><span style=\"font-family: Roboto; font-size: 27px;\">Gine Oturum \u0130zni Alma<\/span><\/strong><\/h2>\n<p><span style=\"font-family: Roboto; font-size: 14px;\"><strong>Gine\u2019de ikamet etmek<\/strong> isteyen ki\u015filerin Gine oturum izni almas\u0131 gerekmektedir. Gine oturum izni alacak olan ki\u015filer, Gine oturum iznini alma hakk\u0131nda ara\u015ft\u0131rma yapmaktad\u0131r. Bu yaz\u0131da Gine oturum izni alacak olan ki\u015filer i\u00e7in Gine oturum izni alma hakk\u0131nda bilgi verilmi\u015ftir.<\/span><\/p>\n<p><span style=\"font-family: Roboto; font-size: 14px;\"><strong>Gine oturum izni almak<\/strong> isteyen ki\u015filerin Gine\u2019de uzun s\u00fcreli olarak ikamet etmesine gerektirecek olan bir nedeninin olmas\u0131 gerekmektedir. Gine oturum izni alacak olan ki\u015filer, Gine G\u00f6\u00e7 Ofisleri ya da Gine temsilciliklerine ba\u015fvurabilir.<\/span><\/p>\n<p><span style=\"font-family: Roboto; font-size: 14px;\">Gine oturum izni almak isteyen ki\u015filer, Gine oturum izni i\u00e7in gerekli olan evraklar\u0131 eksiksiz olarak haz\u0131rlamal\u0131 ve Gine oturum izni ba\u015fvurusu yapaca\u011f\u0131 yere teslim etmelidir. <strong>Gine oturum izni ba\u015fvurusu<\/strong> i\u00e7in randevu al\u0131nmas\u0131 zorunlulu\u011fu bulunmamaktad\u0131r.<\/span><\/p>\n<h2><strong><span style=\"font-family: Roboto; font-size: 27px;\">Gine Oturum \u0130zni Nas\u0131l Al\u0131n\u0131r?<\/span><\/strong><\/h2>\n<p><span style=\"font-family: Roboto; font-size: 14px;\">Gine\u2019de 90 g\u00fcnden daha uzun bir s\u00fcre i\u00e7in ikamet etmek isteyen ki\u015filerin Gine oturum izni almas\u0131 gerekmektedir. Gine oturum izni alacak olan ki\u015filer, Gine oturum izninin nas\u0131l al\u0131naca\u011f\u0131n\u0131 merak etmektedir. Bu yaz\u0131da \u201cGine oturum izni nas\u0131l al\u0131n\u0131r?\u201d sorusunun cevab\u0131 verilmi\u015ftir.<\/span><\/p>\n<p><span style=\"font-family: Roboto; font-size: 14px;\">Gine oturum izni alacak olan ki\u015filerin \u00f6ncelikle Gine uzun s\u00fcreli vize almas\u0131 gerekmektedir. <strong>Gine uzun s\u00fcreli vize<\/strong> alan ki\u015filer, Gine\u2019ye giri\u015f yapt\u0131ktan sonra Gine oturum izni ba\u015fvurusunda bulunabilir.<\/span><\/p>\n<p><span style=\"font-family: Roboto; font-size: 14px;\"><strong>Gine oturum izni ba\u015fvurusu<\/strong> Gine\u2019ye giri\u015f yapt\u0131ktan sonra Gine T\u00fcrk Ofisi\u2019ne ba\u015fvurabilir. Gine G\u00f6\u00e7 Ofisi\u2019ne ba\u015fvurusu i\u00e7in gerekli olan evraklar\u0131n eksiksiz olarak haz\u0131rlanmas\u0131 gerekmektedir. Bu evraklar\u0131n Gine G\u00f6\u00e7 Ofisi\u2019ne teslim edilmesi sonras\u0131nda ba\u015fvuru incelemeye al\u0131n\u0131r ve ortalama olarak 30 g\u00fcn i\u00e7erisinde sonu\u00e7lanmaktad\u0131r.<\/span><\/p>\n<h3><strong><span style=\"font-family: Roboto; font-size: 24px;\">Gine Oturum \u0130zni \u015eartlar\u0131<\/span><\/strong><\/h3>\n<p><span style=\"font-family: Roboto; font-size: 14px;\">Gine\u2019de ikamet edebilmek i\u00e7in Gine oturum izni al\u0131nmal\u0131d\u0131r. Gine oturum izni alacak olan ki\u015filer, Gine oturum izni alabilmek i\u00e7in gerekli olan \u015fartlar\u0131 yerine getirmelidir. Bu yaz\u0131da Gine oturum izni alacak olan ki\u015filer i\u00e7in <strong>Gine oturum izni \u015fartlar\u0131<\/strong> hakk\u0131nda bilgi verilmi\u015ftir.<\/span><\/p>\n<p><span style=\"font-family: Roboto; font-size: 14px;\">Gine oturum izni alacak olan ki\u015filerin yerine getirmesi gereken \u015fartlar bulunmaktad\u0131r. Bu \u015fartlar ki\u015finin durumuna g\u00f6re farkl\u0131l\u0131k g\u00f6stermektedir.<strong> Gine oturum izni \u015fartlar\u0131<\/strong> a\u015fa\u011f\u0131da verilmi\u015ftir.<\/span><\/p>\n<ul>\n<li><span style=\"font-family: Roboto; font-size: 14px;\">Gine oturum izni ba\u015fvurusunda bulunacak olan ki\u015filer, Gine resmi dilini iyi bir \u015fekilde bilmelidir.<\/span><\/li>\n<li><span style=\"font-family: Roboto; font-size: 14px;\"><strong>Gine oturum izni alacak<\/strong> olan ki\u015filer, Gine\u2019de bir su\u00e7a kar\u0131\u015fmayaca\u011f\u0131n\u0131 kan\u0131tlamal\u0131d\u0131r.<\/span><\/li>\n<li><span style=\"font-family: Roboto; font-size: 14px;\">Oturum izni alacak olan ki\u015filer, Gine kamu d\u00fczenini tehlikeye atacak bir konumda olmamal\u0131d\u0131r.<\/span><\/li>\n<\/ul>\n","protected":false},"excerpt":{"rendered":"<p>Gine Oturum \u0130zni Hakk\u0131nda\u00a0 Gine\u2019de 90 g\u00fcnden daha fazla konaklamak isteyen T\u00fcrkiye Cumhuriyeti vatanda\u015flar\u0131 konaklama ama\u00e7lar\u0131na uygun olarak uzun s\u00fcreli Gine vizesi ba\u015fvurusunda bulunmal\u0131 ve olumlu sonu\u00e7 almal\u0131d\u0131r. Gine oturum iznine sahip olarak \u00fclke i\u00e7erisinde serbest ikamet hakk\u0131na sahip olursunuz. Gine oturum izni ba\u015fvurular\u0131 Gine Ankara B\u00fcy\u00fckel\u00e7ili\u011fi taraf\u0131ndan yetkilendirilmi\u015f vize ba\u015fvuru merkezlerine yap\u0131lmal\u0131d\u0131r. Oturum iznini<\/p>\n","protected":false},"author":1,"featured_media":0,"parent":18,"menu_order":0,"comment_status":"closed","ping_status":"closed","template":"","meta":{"footnotes":""},"class_list":["post-45","page","type-page","status-publish","hentry"],"yoast_head":"<!-- This site is optimized with the Yoast SEO plugin v26.8 - https:\/\/yoast.com\/product\/yoast-seo-wordpress\/ -->\n<title>Gine Oturum \u0130zni Vizesi - Gine Vize \u00dccreti - MyVize<\/title>\n<meta name=\"description\" content=\"Gine Oturum \u0130zni Vizesi Nas\u0131l Al\u0131n\u0131r? Gine Oturum \u0130zni \u015eartlar\u0131 Neler? Gine Oturum \u0130zni Vize Randevusu Nas\u0131l Al\u0131n\u0131r?\" \/>\n<meta name=\"robots\" content=\"index, follow, max-snippet:-1, max-image-preview:large, max-video-preview:-1\" \/>\n<link rel=\"canonical\" href=\"https:\/\/myvize.com.tr\/gine\/vize-islemleri\/gine-oturum-izni\/\" \/>\n<meta property=\"og:locale\" content=\"tr_TR\" \/>\n<meta property=\"og:type\" content=\"article\" \/>\n<meta property=\"og:title\" content=\"Gine Oturum \u0130zni Vizesi - Gine Vize \u00dccreti - MyVize\" \/>\n<meta property=\"og:description\" content=\"Gine Oturum \u0130zni Vizesi Nas\u0131l Al\u0131n\u0131r? Gine Oturum \u0130zni \u015eartlar\u0131 Neler? Gine Oturum \u0130zni Vize Randevusu Nas\u0131l Al\u0131n\u0131r?\" \/>\n<meta property=\"og:url\" content=\"https:\/\/myvize.com.tr\/gine\/vize-islemleri\/gine-oturum-izni\/\" \/>\n<meta property=\"og:site_name\" content=\"Gine Vizesi\" \/>\n<meta property=\"article:modified_time\" content=\"2022-05-10T12:47:27+00:00\" \/>\n<meta property=\"og:image\" content=\"https:\/\/myvize.com.tr\/gine\/wp-content\/uploads\/2021\/10\/14.jpg\" \/>\n<meta name=\"twitter:card\" content=\"summary_large_image\" \/>\n<meta name=\"twitter:label1\" content=\"Tahmini okuma s\u00fcresi\" \/>\n\t<meta name=\"twitter:data1\" content=\"6 dakika\" \/>\n<script type=\"application\/ld+json\" class=\"yoast-schema-graph\">{\"@context\":\"https:\/\/schema.org\",\"@graph\":[{\"@type\":\"WebPage\",\"@id\":\"https:\/\/myvize.com.tr\/gine\/vize-islemleri\/gine-oturum-izni\/\",\"url\":\"https:\/\/myvize.com.tr\/gine\/vize-islemleri\/gine-oturum-izni\/\",\"name\":\"Gine Oturum \u0130zni Vizesi - Gine Vize \u00dccreti - MyVize\",\"isPartOf\":{\"@id\":\"https:\/\/myvize.com.tr\/gine\/#website\"},\"primaryImageOfPage\":{\"@id\":\"https:\/\/myvize.com.tr\/gine\/vize-islemleri\/gine-oturum-izni\/#primaryimage\"},\"image\":{\"@id\":\"https:\/\/myvize.com.tr\/gine\/vize-islemleri\/gine-oturum-izni\/#primaryimage\"},\"thumbnailUrl\":\"https:\/\/myvize.com.tr\/gine\/wp-content\/uploads\/2021\/10\/14.jpg\",\"datePublished\":\"2020-11-30T09:47:57+00:00\",\"dateModified\":\"2022-05-10T12:47:27+00:00\",\"description\":\"Gine Oturum \u0130zni Vizesi Nas\u0131l Al\u0131n\u0131r? Gine Oturum \u0130zni \u015eartlar\u0131 Neler? Gine Oturum \u0130zni Vize Randevusu Nas\u0131l Al\u0131n\u0131r?\",\"breadcrumb\":{\"@id\":\"https:\/\/myvize.com.tr\/gine\/vize-islemleri\/gine-oturum-izni\/#breadcrumb\"},\"inLanguage\":\"tr\",\"potentialAction\":[{\"@type\":\"ReadAction\",\"target\":[\"https:\/\/myvize.com.tr\/gine\/vize-islemleri\/gine-oturum-izni\/\"]}]},{\"@type\":\"ImageObject\",\"inLanguage\":\"tr\",\"@id\":\"https:\/\/myvize.com.tr\/gine\/vize-islemleri\/gine-oturum-izni\/#primaryimage\",\"url\":\"https:\/\/myvize.com.tr\/gine\/wp-content\/uploads\/2021\/10\/14.jpg\",\"contentUrl\":\"https:\/\/myvize.com.tr\/gine\/wp-content\/uploads\/2021\/10\/14.jpg\",\"width\":800,\"height\":500,\"caption\":\"Gine Oturum \u0130zni\"},{\"@type\":\"BreadcrumbList\",\"@id\":\"https:\/\/myvize.com.tr\/gine\/vize-islemleri\/gine-oturum-izni\/#breadcrumb\",\"itemListElement\":[{\"@type\":\"ListItem\",\"position\":1,\"name\":\"Anasayfa\",\"item\":\"https:\/\/myvize.com.tr\/gine\/\"},{\"@type\":\"ListItem\",\"position\":2,\"name\":\"V\u0130ZE \u0130\u015eLEMLER\u0130\",\"item\":\"https:\/\/myvize.com.tr\/gine\/vize-islemleri\/\"},{\"@type\":\"ListItem\",\"position\":3,\"name\":\"Gine Oturum \u0130zni\"}]},{\"@type\":\"WebSite\",\"@id\":\"https:\/\/myvize.com.tr\/gine\/#website\",\"url\":\"https:\/\/myvize.com.tr\/gine\/\",\"name\":\"Gine Vizesi\",\"description\":\"\",\"potentialAction\":[{\"@type\":\"SearchAction\",\"target\":{\"@type\":\"EntryPoint\",\"urlTemplate\":\"https:\/\/myvize.com.tr\/gine\/?s={search_term_string}\"},\"query-input\":{\"@type\":\"PropertyValueSpecification\",\"valueRequired\":true,\"valueName\":\"search_term_string\"}}],\"inLanguage\":\"tr\"}]}<\/script>\n<!-- \/ Yoast SEO plugin. -->","yoast_head_json":{"title":"Gine Oturum \u0130zni Vizesi - Gine Vize \u00dccreti - MyVize","description":"Gine Oturum \u0130zni Vizesi Nas\u0131l Al\u0131n\u0131r? Gine Oturum \u0130zni \u015eartlar\u0131 Neler? Gine Oturum \u0130zni Vize Randevusu Nas\u0131l Al\u0131n\u0131r?","robots":{"index":"index","follow":"follow","max-snippet":"max-snippet:-1","max-image-preview":"max-image-preview:large","max-video-preview":"max-video-preview:-1"},"canonical":"https:\/\/myvize.com.tr\/gine\/vize-islemleri\/gine-oturum-izni\/","og_locale":"tr_TR","og_type":"article","og_title":"Gine Oturum \u0130zni Vizesi - Gine Vize \u00dccreti - MyVize","og_description":"Gine Oturum \u0130zni Vizesi Nas\u0131l Al\u0131n\u0131r? Gine Oturum \u0130zni \u015eartlar\u0131 Neler? Gine Oturum \u0130zni Vize Randevusu Nas\u0131l Al\u0131n\u0131r?","og_url":"https:\/\/myvize.com.tr\/gine\/vize-islemleri\/gine-oturum-izni\/","og_site_name":"Gine Vizesi","article_modified_time":"2022-05-10T12:47:27+00:00","og_image":[{"url":"https:\/\/myvize.com.tr\/gine\/wp-content\/uploads\/2021\/10\/14.jpg","type":"","width":"","height":""}],"twitter_card":"summary_large_image","twitter_misc":{"Tahmini okuma s\u00fcresi":"6 dakika"},"schema":{"@context":"https:\/\/schema.org","@graph":[{"@type":"WebPage","@id":"https:\/\/myvize.com.tr\/gine\/vize-islemleri\/gine-oturum-izni\/","url":"https:\/\/myvize.com.tr\/gine\/vize-islemleri\/gine-oturum-izni\/","name":"Gine Oturum \u0130zni Vizesi - Gine Vize \u00dccreti - MyVize","isPartOf":{"@id":"https:\/\/myvize.com.tr\/gine\/#website"},"primaryImageOfPage":{"@id":"https:\/\/myvize.com.tr\/gine\/vize-islemleri\/gine-oturum-izni\/#primaryimage"},"image":{"@id":"https:\/\/myvize.com.tr\/gine\/vize-islemleri\/gine-oturum-izni\/#primaryimage"},"thumbnailUrl":"https:\/\/myvize.com.tr\/gine\/wp-content\/uploads\/2021\/10\/14.jpg","datePublished":"2020-11-30T09:47:57+00:00","dateModified":"2022-05-10T12:47:27+00:00","description":"Gine Oturum \u0130zni Vizesi Nas\u0131l Al\u0131n\u0131r? Gine Oturum \u0130zni \u015eartlar\u0131 Neler? Gine Oturum \u0130zni Vize Randevusu Nas\u0131l Al\u0131n\u0131r?","breadcrumb":{"@id":"https:\/\/myvize.com.tr\/gine\/vize-islemleri\/gine-oturum-izni\/#breadcrumb"},"inLanguage":"tr","potentialAction":[{"@type":"ReadAction","target":["https:\/\/myvize.com.tr\/gine\/vize-islemleri\/gine-oturum-izni\/"]}]},{"@type":"ImageObject","inLanguage":"tr","@id":"https:\/\/myvize.com.tr\/gine\/vize-islemleri\/gine-oturum-izni\/#primaryimage","url":"https:\/\/myvize.com.tr\/gine\/wp-content\/uploads\/2021\/10\/14.jpg","contentUrl":"https:\/\/myvize.com.tr\/gine\/wp-content\/uploads\/2021\/10\/14.jpg","width":800,"height":500,"caption":"Gine Oturum \u0130zni"},{"@type":"BreadcrumbList","@id":"https:\/\/myvize.com.tr\/gine\/vize-islemleri\/gine-oturum-izni\/#breadcrumb","itemListElement":[{"@type":"ListItem","position":1,"name":"Anasayfa","item":"https:\/\/myvize.com.tr\/gine\/"},{"@type":"ListItem","position":2,"name":"V\u0130ZE \u0130\u015eLEMLER\u0130","item":"https:\/\/myvize.com.tr\/gine\/vize-islemleri\/"},{"@type":"ListItem","position":3,"name":"Gine Oturum \u0130zni"}]},{"@type":"WebSite","@id":"https:\/\/myvize.com.tr\/gine\/#website","url":"https:\/\/myvize.com.tr\/gine\/","name":"Gine Vizesi","description":"","potentialAction":[{"@type":"SearchAction","target":{"@type":"EntryPoint","urlTemplate":"https:\/\/myvize.com.tr\/gine\/?s={search_term_string}"},"query-input":{"@type":"PropertyValueSpecification","valueRequired":true,"valueName":"search_term_string"}}],"inLanguage":"tr"}]}},"_links":{"self":[{"href":"https:\/\/myvize.com.tr\/gine\/wp-json\/wp\/v2\/pages\/45","targetHints":{"allow":["GET"]}}],"collection":[{"href":"https:\/\/myvize.com.tr\/gine\/wp-json\/wp\/v2\/pages"}],"about":[{"href":"https:\/\/myvize.com.tr\/gine\/wp-json\/wp\/v2\/types\/page"}],"author":[{"embeddable":true,"href":"https:\/\/myvize.com.tr\/gine\/wp-json\/wp\/v2\/users\/1"}],"replies":[{"embeddable":true,"href":"https:\/\/myvize.com.tr\/gine\/wp-json\/wp\/v2\/comments?post=45"}],"version-history":[{"count":10,"href":"https:\/\/myvize.com.tr\/gine\/wp-json\/wp\/v2\/pages\/45\/revisions"}],"predecessor-version":[{"id":610,"href":"https:\/\/myvize.com.tr\/gine\/wp-json\/wp\/v2\/pages\/45\/revisions\/610"}],"up":[{"embeddable":true,"href":"https:\/\/myvize.com.tr\/gine\/wp-json\/wp\/v2\/pages\/18"}],"wp:attachment":[{"href":"https:\/\/myvize.com.tr\/gine\/wp-json\/wp\/v2\/media?parent=45"}],"curies":[{"name":"wp","href":"https:\/\/api.w.org\/{rel}","templated":true}]}}