{"id":43,"date":"2020-11-30T12:47:27","date_gmt":"2020-11-30T09:47:27","guid":{"rendered":"https:\/\/myvize.com.tr\/gine\/?page_id=43"},"modified":"2022-05-10T15:12:22","modified_gmt":"2022-05-10T12:12:22","slug":"gine-calisma-izni","status":"publish","type":"page","link":"https:\/\/myvize.com.tr\/gine\/vize-islemleri\/gine-calisma-izni\/","title":{"rendered":"Gine \u00c7al\u0131\u015fma \u0130zni"},"content":{"rendered":"<p><span style=\"font-family: Roboto;\"><\/span><\/p>\r\n<p><span style=\"font-family: Roboto; font-size: 14px;\"><strong>Gine \u00e7al\u0131\u015fma vizesi<\/strong> i\u00e7in Gine d\u0131\u015f temsilciliklerine ba\u015fvuruda bulunulmas\u0131 gerekmektedir. Gerekli evraklar\u0131n haz\u0131rlanabilmesi i\u00e7in ki\u015filer Gine d\u0131\u015f temsilcilikleri\u00a0taraf\u0131ndan yetki verilmi\u015f ba\u015fvuru merkezleri arac\u0131l\u0131\u011f\u0131yla veya yetkili seyahat acenteleri ile g\u00f6r\u00fc\u015febilirler.\u00a0<\/span><\/p>\r\n<h2><span style=\"font-family: Roboto; font-size: 27px;\">Gine \u00c7al\u0131\u015fma \u0130zni Vizesi<\/span><\/h2>\r\n<p><span style=\"font-family: Roboto; font-size: 14px;\">Gine\u2019ye \u00e7al\u0131\u015fma amac\u0131 ile gidecek olan T\u00fcrkiye Cumhuriyeti vatanda\u015flar\u0131 \u00f6ncelikle Gine \u00c7al\u0131\u015fma izni ba\u015fvurusunda bulunmal\u0131 ve olumlu sonu\u00e7 almal\u0131d\u0131r.<strong> Gine \u00e7al\u0131\u015fma izni<\/strong> ba\u015fvurular\u0131 Gine Ankara B\u00fcy\u00fckel\u00e7ili\u011fi\u2019ne, Gine<strong><a href=\"https:\/\/myvize.com.tr\/gine\/konsolosluklar\/ankara-buyukelciligi\/\" target=\"_blank\" rel=\"noopener\"><span style=\"color: #2acec2;\"> Ankara B\u00fcy\u00fckel\u00e7ili\u011fi<\/span><\/a><\/strong> taraf\u0131ndan yetkilendirilmi\u015f vize ba\u015fvuru merkezlerine ve acenteler arac\u0131l\u0131\u011f\u0131 ile yap\u0131lmaktad\u0131r. Gine \u00e7al\u0131\u015fma izni ba\u015fvurular\u0131n\u0131 de\u011ferlendirme yetkisi Gine\u00a0\u0130\u00e7i\u015fleri Bakanl\u0131\u011f\u0131 ve Gine\u00a0\u00c7al\u0131\u015fma Bakanl\u0131\u011f\u0131\u2019na aittir.<\/span><\/p>\r\n<p><span style=\"font-family: Roboto; font-size: 14px;\"><strong>Gine \u00e7al\u0131\u015fma izni<\/strong> i\u00e7in Gine\u2019de bulunan bir \u015firket ile anla\u015fm\u0131\u015f olman\u0131z gerekmektedir. Ba\u015fvuru s\u0131ras\u0131nda \u015firketten al\u0131nm\u0131\u015f davetiye, i\u015fveren ile yap\u0131lm\u0131\u015f i\u015f s\u00f6zle\u015fmesi ve \u015firket belgeleri beyan edilmelidir. <strong>Gine \u00c7al\u0131\u015fma izni<\/strong> ba\u015fvurusunda bulunacak olan ki\u015fi Gine\u2019de bulunan \u015firketin faaliyet belgesini ve kendisinin hangi pozisyonda \u00e7al\u0131\u015faca\u011f\u0131n\u0131 beyan eden belge de sunmal\u0131d\u0131r. Bunun yan\u0131nda <strong>Gine \u00e7al\u0131\u015fma izni<\/strong> ba\u015fvuru formunu eksiksiz doldurmal\u0131 ve di\u011fer belgeleri eksiksiz ve do\u011fru bir \u015fekilde haz\u0131rlamal\u0131d\u0131r.<\/span><\/p>\r\n<p><span style=\"font-family: Roboto; font-size: 14px;\"><strong>Gine \u00e7al\u0131\u015fma izni<\/strong> ba\u015fvurular\u0131 ortalama olarak 30 g\u00fcn i\u00e7erisinde sonu\u00e7lanmaktad\u0131r. Ba\u015fvurunuz sonu\u00e7lanana kadar ba\u015fvuru s\u00fcreci ile ilgili bilgi verilmemektedir. Bunun yan\u0131nda ba\u015fvurunuz incelenirken sizden ek belge talep edilebilir ya da y\u00fcz y\u00fcze g\u00f6r\u00fc\u015fmeye \u00e7a\u011fr\u0131labilirsiniz.<\/span><\/p>\r\n<p><span style=\"font-family: Roboto; font-size: 14px;\">\r\n\r\n<\/span><\/p>\r\n<h2 class=\"wp-block-heading\"><span style=\"font-family: Roboto; font-size: 27px;\"><strong>Gine \u00c7al\u0131\u015fma \u0130zni Alma \u015eartlar\u0131 Nedir?\u00a0<\/strong><\/span><\/h2>\r\n<p><span style=\"font-family: Roboto; font-size: 14px;\">\r\n\r\n<\/span><\/p>\r\n<ul class=\"wp-block-list\">\r\n<li><span style=\"font-family: Roboto; font-size: 14px;\"><span style=\"color: #2acec2;\"><strong><a style=\"color: #2acec2;\" href=\"https:\/\/myvize.com.tr\/gine\/vize-islemleri\/gine-vize-basvuru-formu\/\" target=\"_blank\" rel=\"noopener\">Gine Vize Ba\u015fvuru Formu<\/a><\/strong><\/span>: Gine vizesi i\u00e7in gereken ba\u015fvuru formunun do\u011fru \u015fekilde doldurulmas\u0131 ve \u0131slak imzal\u0131 olarak teslim edilmesi gerekir.\u00a0<\/span><\/li>\r\n<li><span style=\"font-family: Roboto; font-size: 14px;\">Pasaport: Ba\u015fvuru sahibinin minimum 10 y\u0131l ge\u00e7erlili\u011fe sahip, d\u00f6n\u00fc\u015f tarihinden itibaren 6 ay ge\u00e7erlili\u011fe sahip ve kar\u015f\u0131l\u0131kl\u0131 2 sayfas\u0131 bo\u015f pasaporta sahip olmas\u0131 gerekir.\u00a0<\/span><\/li>\r\n<li><span style=\"font-family: Roboto; font-size: 14px;\">Pasaport Fotokopisi:\u00a0Gine \u00e7al\u0131\u015fma vizesine ba\u015fvuran ki\u015finin yukar\u0131da belirtilen \u015fartlara uygun pasaportunun fotokopisi ibraz edilmelidir.\u00a0\u00a0<\/span><\/li>\r\n<li><span style=\"font-family: Roboto; font-size: 14px;\">Seyahat Bilgileri:\u00a0Gine \u00e7al\u0131\u015fma vizesine ba\u015fvuracak ki\u015finin u\u00e7ak bileti rezervasyonlar\u0131n\u0131 ve konaklama bilgilerini\u00a0kan\u0131tlayan evraklar\u0131\u00a0ibraz etmesi gerekir.\u00a0\u00a0<\/span><\/li>\r\n<li><span style=\"font-family: Roboto; font-size: 14px;\">Foto\u011fraf: Son 6 ay i\u00e7erisinde beyaz fonda \u00e7ekilmi\u015f, 2 adet\u00a0biyometrik\u00a0foto\u011fraf ibraz edilmelidir.\u00a0<\/span><\/li>\r\n<li><span style=\"font-family: Roboto; font-size: 14px;\">Gine \u00e7al\u0131\u015fma vizesine ba\u015fvuracak ki\u015finin \u00fclke de bulundu\u011fu s\u00fcre boyunca masraflar\u0131n\u0131 nas\u0131l kar\u015f\u0131layaca\u011f\u0131n\u0131 kan\u0131tlayacak belgeler sunulmal\u0131d\u0131r. (G\u00fcncel banka ekstresi ve fotokopisi)\u00a0<\/span><\/li>\r\n<li><span style=\"font-family: Roboto; font-size: 14px;\">Sa\u011fl\u0131k Sigortas\u0131:\u00a0Gine \u00e7al\u0131\u015fma vizesine ba\u015fvuracak ki\u015fi\u00a0acil t\u0131bbi bak\u0131m ya da acil hastane bak\u0131m\u0131 masraflar\u0131n\u0131 kapsayacak ve uluslararas\u0131 ge\u00e7erlili\u011fi olan seyahat sa\u011fl\u0131k sigortas\u0131na sahip olmal\u0131d\u0131r.\u00a0<\/span><\/li>\r\n<li><span style=\"font-family: Roboto; font-size: 14px;\">Davet Mektubu: Gine firmas\u0131n\u0131n, antetli ka\u011f\u0131d\u0131na yazmas\u0131 gereken evrakt\u0131r ve a\u015fa\u011f\u0131daki \u015fekilde d\u00fczenlemi\u015f olmal\u0131d\u0131r.\u00a0\u00a0<\/span><\/li>\r\n<\/ul>\r\n<p><img decoding=\"async\" src=\"https:\/\/myvize.com.tr\/gine\/wp-content\/uploads\/2021\/10\/12.jpg\" \/><\/p>\r\n<p><span style=\"font-family: Roboto; font-size: 14px;\">\r\n\r\n<\/span><\/p>\r\n<p><span style=\"font-family: Roboto; font-size: 14px;\">\u00a0 \u00a0 \u00a0 \u00a0 \u00a0 \u00a0 \u00a0 \u00a0 \u00a0 \u00a0 \u00a0Davet sebebini i\u00e7ermelidir.\u00a0\u00a0<\/span><\/p>\r\n<p><span style=\"font-family: Roboto; font-size: 14px;\">\r\n\r\n<\/span><\/p>\r\n<p><span style=\"font-family: Roboto; font-size: 14px;\">\u00a0 \u00a0 \u00a0 \u00a0 \u00a0 \u00a0 \u00a0 \u00a0 \u00a0 \u00a0\u00a0\u00a0Davet edilen ki\u015finin bilgilerini i\u00e7ermelidir.\u00a0\u00a0<\/span><\/p>\r\n<p><span style=\"font-family: Roboto; font-size: 14px;\">\r\n\r\n<\/span><\/p>\r\n<p><span style=\"font-family: Roboto; font-size: 14px;\">\u00a0 \u00a0 \u00a0 \u00a0 \u00a0 \u00a0 \u00a0 \u00a0 \u00a0 \u00a0 \u00a0Davet tarihini i\u00e7ermelidir.\u00a0\u00a0\u00a0\u00a0<\/span><\/p>\r\n<p><span style=\"font-family: Roboto; font-size: 14px;\">\r\n\r\n<\/span><\/p>\r\n<p><span style=\"font-family: Roboto; font-size: 14px;\">\u00a0 \u00a0 \u00a0 \u00a0 \u00a0 \u00a0 \u00a0 \u00a0 \u00a0 \u00a0 \u00a0Davet eden ki\u015finin ad\u0131, soyad\u0131 ve imzas\u0131n\u0131 i\u00e7ermelidir.\u00a0\u00a0<\/span><\/p>\r\n<p><span style=\"font-family: Roboto; font-size: 14px;\">\r\n\r\n<\/span><\/p>\r\n<ul class=\"wp-block-list\">\r\n<li><span style=\"font-family: Roboto; font-size: 14px;\">\u00a0\u00a0\u00c7al\u0131\u015fan\u0131n \u0130\u015f Yerinden Temin Etmesi Gereken Evraklar: Ba\u015fvuru sahibinin a\u015fa\u011f\u0131daki \u015fekilde haz\u0131rlamas\u0131 gerekmektedir.\u00a0\u00a0<\/span><\/li>\r\n<\/ul>\r\n<p><span style=\"font-family: Roboto; font-size: 14px;\">\r\n\r\n<\/span><\/p>\r\n<p><span style=\"font-family: Roboto; font-size: 14px;\">\u00a0 \u00a0 \u00a0 \u00a0 \u00a0 \u00a0 \u00a0 \u00a0 \u00a0 \u00a0 \u00a0Ba\u015fvuru sahibinin pozisyonu\u00a0\u00a0<\/span><\/p>\r\n<p><span style=\"font-family: Roboto; font-size: 14px;\">\r\n\r\n<\/span><\/p>\r\n<p><span style=\"font-family: Roboto; font-size: 14px;\">\u00a0 \u00a0 \u00a0 \u00a0 \u00a0 \u00a0 \u00a0 \u00a0 \u00a0 \u00a0\u00a0\u00a0Ba\u015fvuru sahibinin i\u015fe ba\u015flang\u0131\u00e7 tarihini\u00a0\u00a0<\/span><\/p>\r\n<p><span style=\"font-family: Roboto; font-size: 14px;\">\r\n\r\n<\/span><\/p>\r\n<p><span style=\"font-family: Roboto; font-size: 14px;\">\u00a0 \u00a0 \u00a0 \u00a0 \u00a0 \u00a0 \u00a0 \u00a0 \u00a0 \u00a0 \u00a0Ba\u015fvuru sahibinin ileti\u015fim bilgileri\u00a0\u00a0<\/span><\/p>\r\n<p><span style=\"font-family: Roboto; font-size: 14px;\">\r\n\r\n<\/span><\/p>\r\n<p><span style=\"font-family: Roboto; font-size: 14px;\">\u00a0 \u00a0 \u00a0 \u00a0 \u00a0 \u00a0 \u00a0 \u00a0 \u00a0 \u00a0 \u00a0Son 6 ayl\u0131k maa\u015f bordrolar\u0131\u00a0\u00a0<\/span><\/p>\r\n<p><span style=\"font-family: Roboto; font-size: 14px;\">\r\n\r\n<\/span><\/p>\r\n<ul class=\"wp-block-list\">\r\n<li><span style=\"font-family: Roboto; font-size: 14px;\">Vize \u00fccretinin \u00f6dendi\u011fini kan\u0131tlayan dekont evraklara eklenmelidir.\u00a0<\/span><\/li>\r\n<\/ul>\r\n<p><span style=\"font-family: Roboto;\"><\/span><\/p>","protected":false},"excerpt":{"rendered":"<p>Gine \u00e7al\u0131\u015fma vizesi i\u00e7in Gine d\u0131\u015f temsilciliklerine ba\u015fvuruda bulunulmas\u0131 gerekmektedir. Gerekli evraklar\u0131n haz\u0131rlanabilmesi i\u00e7in ki\u015filer Gine d\u0131\u015f temsilcilikleri\u00a0taraf\u0131ndan yetki verilmi\u015f ba\u015fvuru merkezleri arac\u0131l\u0131\u011f\u0131yla veya yetkili seyahat acenteleri ile g\u00f6r\u00fc\u015febilirler.\u00a0 Gine \u00c7al\u0131\u015fma \u0130zni Vizesi Gine\u2019ye \u00e7al\u0131\u015fma amac\u0131 ile gidecek olan T\u00fcrkiye Cumhuriyeti vatanda\u015flar\u0131 \u00f6ncelikle Gine \u00c7al\u0131\u015fma izni ba\u015fvurusunda bulunmal\u0131 ve olumlu sonu\u00e7 almal\u0131d\u0131r. Gine \u00e7al\u0131\u015fma izni<\/p>\n","protected":false},"author":1,"featured_media":0,"parent":18,"menu_order":0,"comment_status":"closed","ping_status":"closed","template":"","meta":{"footnotes":""},"class_list":["post-43","page","type-page","status-publish","hentry"],"yoast_head":"<!-- This site is optimized with the Yoast SEO plugin v26.8 - https:\/\/yoast.com\/product\/yoast-seo-wordpress\/ -->\n<title>Gine \u00c7al\u0131\u015fma \u0130zni Vizesi - Gine Vize \u00dccreti - MyVize<\/title>\n<meta name=\"description\" content=\"Gine \u00c7al\u0131\u015fma \u0130zni Vizesi Nas\u0131l Al\u0131n\u0131r? Gine \u00c7al\u0131\u015fma \u0130zni Vize Randevusu Nas\u0131l Al\u0131n\u0131r? Gine \u00c7al\u0131\u015fma \u0130zni Vize \u00dccreti Nedir?\" \/>\n<meta name=\"robots\" content=\"index, follow, max-snippet:-1, max-image-preview:large, max-video-preview:-1\" \/>\n<link rel=\"canonical\" href=\"https:\/\/myvize.com.tr\/gine\/vize-islemleri\/gine-calisma-izni\/\" \/>\n<meta property=\"og:locale\" content=\"tr_TR\" \/>\n<meta property=\"og:type\" content=\"article\" \/>\n<meta property=\"og:title\" content=\"Gine \u00c7al\u0131\u015fma \u0130zni Vizesi - Gine Vize \u00dccreti - MyVize\" \/>\n<meta property=\"og:description\" content=\"Gine \u00c7al\u0131\u015fma \u0130zni Vizesi Nas\u0131l Al\u0131n\u0131r? Gine \u00c7al\u0131\u015fma \u0130zni Vize Randevusu Nas\u0131l Al\u0131n\u0131r? Gine \u00c7al\u0131\u015fma \u0130zni Vize \u00dccreti Nedir?\" \/>\n<meta property=\"og:url\" content=\"https:\/\/myvize.com.tr\/gine\/vize-islemleri\/gine-calisma-izni\/\" \/>\n<meta property=\"og:site_name\" content=\"Gine Vizesi\" \/>\n<meta property=\"article:modified_time\" content=\"2022-05-10T12:12:22+00:00\" \/>\n<meta property=\"og:image\" content=\"https:\/\/myvize.com.tr\/gine\/wp-content\/uploads\/2021\/10\/12.jpg\" \/>\n<meta name=\"twitter:card\" content=\"summary_large_image\" \/>\n<meta name=\"twitter:label1\" content=\"Tahmini okuma s\u00fcresi\" \/>\n\t<meta name=\"twitter:data1\" content=\"3 dakika\" \/>\n<script type=\"application\/ld+json\" class=\"yoast-schema-graph\">{\"@context\":\"https:\/\/schema.org\",\"@graph\":[{\"@type\":\"WebPage\",\"@id\":\"https:\/\/myvize.com.tr\/gine\/vize-islemleri\/gine-calisma-izni\/\",\"url\":\"https:\/\/myvize.com.tr\/gine\/vize-islemleri\/gine-calisma-izni\/\",\"name\":\"Gine \u00c7al\u0131\u015fma \u0130zni Vizesi - Gine Vize \u00dccreti - MyVize\",\"isPartOf\":{\"@id\":\"https:\/\/myvize.com.tr\/gine\/#website\"},\"primaryImageOfPage\":{\"@id\":\"https:\/\/myvize.com.tr\/gine\/vize-islemleri\/gine-calisma-izni\/#primaryimage\"},\"image\":{\"@id\":\"https:\/\/myvize.com.tr\/gine\/vize-islemleri\/gine-calisma-izni\/#primaryimage\"},\"thumbnailUrl\":\"https:\/\/myvize.com.tr\/gine\/wp-content\/uploads\/2021\/10\/12.jpg\",\"datePublished\":\"2020-11-30T09:47:27+00:00\",\"dateModified\":\"2022-05-10T12:12:22+00:00\",\"description\":\"Gine \u00c7al\u0131\u015fma \u0130zni Vizesi Nas\u0131l Al\u0131n\u0131r? Gine \u00c7al\u0131\u015fma \u0130zni Vize Randevusu Nas\u0131l Al\u0131n\u0131r? Gine \u00c7al\u0131\u015fma \u0130zni Vize \u00dccreti Nedir?\",\"breadcrumb\":{\"@id\":\"https:\/\/myvize.com.tr\/gine\/vize-islemleri\/gine-calisma-izni\/#breadcrumb\"},\"inLanguage\":\"tr\",\"potentialAction\":[{\"@type\":\"ReadAction\",\"target\":[\"https:\/\/myvize.com.tr\/gine\/vize-islemleri\/gine-calisma-izni\/\"]}]},{\"@type\":\"ImageObject\",\"inLanguage\":\"tr\",\"@id\":\"https:\/\/myvize.com.tr\/gine\/vize-islemleri\/gine-calisma-izni\/#primaryimage\",\"url\":\"https:\/\/myvize.com.tr\/gine\/wp-content\/uploads\/2021\/10\/12.jpg\",\"contentUrl\":\"https:\/\/myvize.com.tr\/gine\/wp-content\/uploads\/2021\/10\/12.jpg\",\"width\":800,\"height\":500,\"caption\":\"Gine \u00c7al\u0131\u015fma \u0130zni\"},{\"@type\":\"BreadcrumbList\",\"@id\":\"https:\/\/myvize.com.tr\/gine\/vize-islemleri\/gine-calisma-izni\/#breadcrumb\",\"itemListElement\":[{\"@type\":\"ListItem\",\"position\":1,\"name\":\"Anasayfa\",\"item\":\"https:\/\/myvize.com.tr\/gine\/\"},{\"@type\":\"ListItem\",\"position\":2,\"name\":\"V\u0130ZE \u0130\u015eLEMLER\u0130\",\"item\":\"https:\/\/myvize.com.tr\/gine\/vize-islemleri\/\"},{\"@type\":\"ListItem\",\"position\":3,\"name\":\"Gine \u00c7al\u0131\u015fma \u0130zni\"}]},{\"@type\":\"WebSite\",\"@id\":\"https:\/\/myvize.com.tr\/gine\/#website\",\"url\":\"https:\/\/myvize.com.tr\/gine\/\",\"name\":\"Gine Vizesi\",\"description\":\"\",\"potentialAction\":[{\"@type\":\"SearchAction\",\"target\":{\"@type\":\"EntryPoint\",\"urlTemplate\":\"https:\/\/myvize.com.tr\/gine\/?s={search_term_string}\"},\"query-input\":{\"@type\":\"PropertyValueSpecification\",\"valueRequired\":true,\"valueName\":\"search_term_string\"}}],\"inLanguage\":\"tr\"}]}<\/script>\n<!-- \/ Yoast SEO plugin. -->","yoast_head_json":{"title":"Gine \u00c7al\u0131\u015fma \u0130zni Vizesi - Gine Vize \u00dccreti - MyVize","description":"Gine \u00c7al\u0131\u015fma \u0130zni Vizesi Nas\u0131l Al\u0131n\u0131r? Gine \u00c7al\u0131\u015fma \u0130zni Vize Randevusu Nas\u0131l Al\u0131n\u0131r? Gine \u00c7al\u0131\u015fma \u0130zni Vize \u00dccreti Nedir?","robots":{"index":"index","follow":"follow","max-snippet":"max-snippet:-1","max-image-preview":"max-image-preview:large","max-video-preview":"max-video-preview:-1"},"canonical":"https:\/\/myvize.com.tr\/gine\/vize-islemleri\/gine-calisma-izni\/","og_locale":"tr_TR","og_type":"article","og_title":"Gine \u00c7al\u0131\u015fma \u0130zni Vizesi - Gine Vize \u00dccreti - MyVize","og_description":"Gine \u00c7al\u0131\u015fma \u0130zni Vizesi Nas\u0131l Al\u0131n\u0131r? Gine \u00c7al\u0131\u015fma \u0130zni Vize Randevusu Nas\u0131l Al\u0131n\u0131r? Gine \u00c7al\u0131\u015fma \u0130zni Vize \u00dccreti Nedir?","og_url":"https:\/\/myvize.com.tr\/gine\/vize-islemleri\/gine-calisma-izni\/","og_site_name":"Gine Vizesi","article_modified_time":"2022-05-10T12:12:22+00:00","og_image":[{"url":"https:\/\/myvize.com.tr\/gine\/wp-content\/uploads\/2021\/10\/12.jpg","type":"","width":"","height":""}],"twitter_card":"summary_large_image","twitter_misc":{"Tahmini okuma s\u00fcresi":"3 dakika"},"schema":{"@context":"https:\/\/schema.org","@graph":[{"@type":"WebPage","@id":"https:\/\/myvize.com.tr\/gine\/vize-islemleri\/gine-calisma-izni\/","url":"https:\/\/myvize.com.tr\/gine\/vize-islemleri\/gine-calisma-izni\/","name":"Gine \u00c7al\u0131\u015fma \u0130zni Vizesi - Gine Vize \u00dccreti - MyVize","isPartOf":{"@id":"https:\/\/myvize.com.tr\/gine\/#website"},"primaryImageOfPage":{"@id":"https:\/\/myvize.com.tr\/gine\/vize-islemleri\/gine-calisma-izni\/#primaryimage"},"image":{"@id":"https:\/\/myvize.com.tr\/gine\/vize-islemleri\/gine-calisma-izni\/#primaryimage"},"thumbnailUrl":"https:\/\/myvize.com.tr\/gine\/wp-content\/uploads\/2021\/10\/12.jpg","datePublished":"2020-11-30T09:47:27+00:00","dateModified":"2022-05-10T12:12:22+00:00","description":"Gine \u00c7al\u0131\u015fma \u0130zni Vizesi Nas\u0131l Al\u0131n\u0131r? Gine \u00c7al\u0131\u015fma \u0130zni Vize Randevusu Nas\u0131l Al\u0131n\u0131r? Gine \u00c7al\u0131\u015fma \u0130zni Vize \u00dccreti Nedir?","breadcrumb":{"@id":"https:\/\/myvize.com.tr\/gine\/vize-islemleri\/gine-calisma-izni\/#breadcrumb"},"inLanguage":"tr","potentialAction":[{"@type":"ReadAction","target":["https:\/\/myvize.com.tr\/gine\/vize-islemleri\/gine-calisma-izni\/"]}]},{"@type":"ImageObject","inLanguage":"tr","@id":"https:\/\/myvize.com.tr\/gine\/vize-islemleri\/gine-calisma-izni\/#primaryimage","url":"https:\/\/myvize.com.tr\/gine\/wp-content\/uploads\/2021\/10\/12.jpg","contentUrl":"https:\/\/myvize.com.tr\/gine\/wp-content\/uploads\/2021\/10\/12.jpg","width":800,"height":500,"caption":"Gine \u00c7al\u0131\u015fma \u0130zni"},{"@type":"BreadcrumbList","@id":"https:\/\/myvize.com.tr\/gine\/vize-islemleri\/gine-calisma-izni\/#breadcrumb","itemListElement":[{"@type":"ListItem","position":1,"name":"Anasayfa","item":"https:\/\/myvize.com.tr\/gine\/"},{"@type":"ListItem","position":2,"name":"V\u0130ZE \u0130\u015eLEMLER\u0130","item":"https:\/\/myvize.com.tr\/gine\/vize-islemleri\/"},{"@type":"ListItem","position":3,"name":"Gine \u00c7al\u0131\u015fma \u0130zni"}]},{"@type":"WebSite","@id":"https:\/\/myvize.com.tr\/gine\/#website","url":"https:\/\/myvize.com.tr\/gine\/","name":"Gine Vizesi","description":"","potentialAction":[{"@type":"SearchAction","target":{"@type":"EntryPoint","urlTemplate":"https:\/\/myvize.com.tr\/gine\/?s={search_term_string}"},"query-input":{"@type":"PropertyValueSpecification","valueRequired":true,"valueName":"search_term_string"}}],"inLanguage":"tr"}]}},"_links":{"self":[{"href":"https:\/\/myvize.com.tr\/gine\/wp-json\/wp\/v2\/pages\/43","targetHints":{"allow":["GET"]}}],"collection":[{"href":"https:\/\/myvize.com.tr\/gine\/wp-json\/wp\/v2\/pages"}],"about":[{"href":"https:\/\/myvize.com.tr\/gine\/wp-json\/wp\/v2\/types\/page"}],"author":[{"embeddable":true,"href":"https:\/\/myvize.com.tr\/gine\/wp-json\/wp\/v2\/users\/1"}],"replies":[{"embeddable":true,"href":"https:\/\/myvize.com.tr\/gine\/wp-json\/wp\/v2\/comments?post=43"}],"version-history":[{"count":8,"href":"https:\/\/myvize.com.tr\/gine\/wp-json\/wp\/v2\/pages\/43\/revisions"}],"predecessor-version":[{"id":608,"href":"https:\/\/myvize.com.tr\/gine\/wp-json\/wp\/v2\/pages\/43\/revisions\/608"}],"up":[{"embeddable":true,"href":"https:\/\/myvize.com.tr\/gine\/wp-json\/wp\/v2\/pages\/18"}],"wp:attachment":[{"href":"https:\/\/myvize.com.tr\/gine\/wp-json\/wp\/v2\/media?parent=43"}],"curies":[{"name":"wp","href":"https:\/\/api.w.org\/{rel}","templated":true}]}}