{"id":37,"date":"2020-11-30T12:45:46","date_gmt":"2020-11-30T09:45:46","guid":{"rendered":"https:\/\/myvize.com.tr\/gine\/?page_id=37"},"modified":"2022-05-10T15:10:45","modified_gmt":"2022-05-10T12:10:45","slug":"gine-aile-birlesimi-vizesi","status":"publish","type":"page","link":"https:\/\/myvize.com.tr\/gine\/vize-islemleri\/gine-aile-birlesimi-vizesi\/","title":{"rendered":"Gine Aile Birle\u015fimi Vizesi"},"content":{"rendered":"<h2><strong><span style=\"font-family: Roboto; font-size: 27px;\">Gine Aile Birle\u015fimi Vizesi Hakk\u0131nda<\/span><\/strong><\/h2>\n<p><span style=\"font-family: Roboto; font-size: 14px;\">Gine\u2019de bulunan birinci dereceden aile bireyleri ile Gine\u2019de kalmak isteyen T\u00fcrkiye Cumhuriyeti vatanda\u015flar\u0131<strong> Gine aile birle\u015fimi vizesi<\/strong> almal\u0131d\u0131r. E\u015f, \u00e7ocuk, anne, baba gibi birinci dereceden aile \u00fcyeleri i\u00e7in aile birle\u015fimi vizesi al\u0131nabilir.<\/span><\/p>\n<blockquote><p><span style=\"color: #2acec2;\"><strong><a style=\"color: #2acec2;\" href=\"https:\/\/myvize.com.tr\/gine\/vize-islemleri\/gine-vizesi\/\" target=\"_blank\" rel=\"noopener\"><span style=\"font-family: Roboto; font-size: 14px;\">Gine Vizesi<\/span><\/a><\/strong><\/span><\/p><\/blockquote>\n<p><span style=\"font-family: Roboto; font-size: 14px;\"><strong>Gine aile birle\u015fimi vizesi<\/strong> ba\u015fvurusu <strong>Gine Ankara Ba\u015fkonsoloslu\u011fu<\/strong> taraf\u0131ndan yetkilendirilmi\u015f vize ba\u015fvuru merkezleri ve seyahat acentelerine yap\u0131lmaktad\u0131r. <strong>Gine aile birle\u015fimi vizesi<\/strong> i\u00e7in gerekli evraklar haz\u0131rlanmal\u0131 ve vize har\u00e7 \u00fccreti \u00f6denerek ba\u015fvuruda bulunulmal\u0131d\u0131r. \u00a0A\u015fa\u011f\u0131da <strong>Gine aile birle\u015fimi<\/strong> i\u00e7in istenen evraklar verilmi\u015ftir. Ba\u015fvurular yakla\u015f\u0131k 15 i\u015f g\u00fcn\u00fc i\u00e7erisinde sonu\u00e7lanmaktad\u0131r.<\/span><\/p>\n<ul>\n<li><span style=\"font-family: Roboto; font-size: 14px;\">S\u00f6z konusu aile birle\u015fimi yap\u0131lacak ki\u015filer \u00e7ocuklar ise do\u011fum belgesi<\/span><\/li>\n<li><span style=\"font-family: Roboto; font-size: 14px;\"><strong>Gine aile birle\u015fimi<\/strong> vizesi formu<\/span><\/li>\n<li><span style=\"font-family: Roboto; font-size: 14px;\"><strong>Gine aile birle\u015fimi vizesi<\/strong> dilek\u00e7esi<\/span><\/li>\n<li><span style=\"font-family: Roboto; font-size: 14px;\">Pasaport<\/span><\/li>\n<li><span style=\"font-family: Roboto; font-size: 14px;\">E\u015f ile aile birle\u015fimi yap\u0131lacak ise evlilik c\u00fczdan\u0131 fotokopisi<\/span><\/li>\n<li><span style=\"font-family: Roboto; font-size: 14px;\">Sa\u011fl\u0131k raporu<\/span><\/li>\n<li><span style=\"font-family: Roboto; font-size: 14px;\">\u0130\u015f durumunu g\u00f6steren belgeler<\/span><\/li>\n<li><span style=\"font-family: Roboto; font-size: 14px;\">Biyometrik foto\u011fraf<\/span><\/li>\n<li><span style=\"font-family: Roboto; font-size: 14px;\">N\u00fcfus c\u00fczdan\u0131 fotokopisi<\/span><\/li>\n<li><span style=\"font-family: Roboto; font-size: 14px;\">Banka hesap d\u00f6k\u00fcm\u00fc<\/span><\/li>\n<li><span style=\"font-family: Roboto; font-size: 14px;\">Gine\u2019de bulunan aile \u00fcyesinden al\u0131nm\u0131\u015f davetiye mektubu<\/span><\/li>\n<li><span style=\"font-family: Roboto; font-size: 14px;\">Vize har\u00e7 \u00fccreti<\/span><\/li>\n<li><span style=\"font-family: Roboto; font-size: 14px;\">Gine\u2019de m\u00fclk\u00fcn\u00fcz var ise gerekli belgeler<\/span><\/li>\n<li><span style=\"font-family: Roboto; font-size: 14px;\">\u00d6\u011frenci iseniz \u00f6\u011frenci belgesi<\/span><\/li>\n<li><span style=\"font-family: Roboto; font-size: 14px;\">Ticaret ile u\u011fra\u015f\u0131yorsan\u0131z istenen \u015firket belgeleri<\/span><\/li>\n<li><span style=\"font-family: Roboto; font-size: 14px;\">Sar\u0131humma a\u015f\u0131s\u0131 yap\u0131ld\u0131\u011f\u0131na dair belge<\/span><\/li>\n<\/ul>\n<blockquote><p><span style=\"font-family: Roboto; font-size: 14px; color: #2acec2;\"><a style=\"color: #2acec2;\" href=\"https:\/\/myvize.com.tr\/gine\/vize-islemleri\/gine-aile-ziyareti-vizesi\/\" target=\"_blank\" rel=\"noopener\"><strong>Gine Aile Ziyareti Vizesi<\/strong><\/a><\/span><\/p><\/blockquote>\n<p><img decoding=\"async\" src=\"https:\/\/myvize.com.tr\/gine\/wp-content\/uploads\/2021\/10\/6.jpg\" \/><\/p>\n<h2><strong><span style=\"font-family: Roboto; font-size: 27px;\">Gine Aile Birle\u015fimi Vizesi Nedir?<\/span><\/strong><\/h2>\n<p><span style=\"font-family: Roboto; font-size: 14px;\"><strong>Gine aile birle\u015fimi vizesi<\/strong> alarak Gine\u2019ye yerle\u015fmek isteyen ki\u015filer, Gine aile birle\u015fimi vizesinin ne oldu\u011funu merak etmektedir. Bu yaz\u0131da Gine aile birle\u015fimi vizesi alacak olan ki\u015filer i\u00e7in \u201cGine aile birle\u015fimi vizesi nedir?\u201d sorusunun cevab\u0131 verilmi\u015ftir.<\/span><\/p>\n<p><span style=\"font-family: Roboto; font-size: 14px;\">Gine aile birle\u015fimi vizesi; Gine\u2019de bir aile \u00fcyesi bulunan ve bu aile \u00fcyesi ile birlikte <strong>Gine\u2019de ya\u015famak<\/strong> isteyen ki\u015filerin almas\u0131 gereken vize t\u00fcr\u00fcd\u00fcr. Gine aile birle\u015fimi vizesi uzun s\u00fcreli bir vize t\u00fcr\u00fcd\u00fcr. Gine\u2019de 90 g\u00fcnden daha fazla kalma hakk\u0131 vermektedir.<\/span><\/p>\n<p><span style=\"font-family: Roboto; font-size: 14px;\">Gine aile birle\u015fimi vizesi alacak olan ki\u015filerin Gine\u2019de bulunan aile \u00fcyesinin Gine vatanda\u015f\u0131 ya da <span style=\"color: #2acec2;\"><strong><a style=\"color: #2acec2;\" href=\"https:\/\/myvize.com.tr\/gine\/vize-islemleri\/gine-oturum-izni\/\" target=\"_blank\" rel=\"noopener\">Gine oturum izni<\/a><\/strong><\/span> olmas\u0131 gerekmektedir. Ba\u015fvuru yapacak olan ki\u015finin aile \u00fcyesinin birinci dereceden yak\u0131n olmas\u0131 gerekmektedir.<\/span><\/p>\n<h2><strong><span style=\"font-family: Roboto; font-size: 27px;\">Gine Aile Birle\u015fimi Vizesi Nas\u0131l Al\u0131n\u0131r?<\/span><\/strong><\/h2>\n<p><span style=\"font-family: Roboto; font-size: 14px;\">Gineli e\u015fi, \u00e7ocu\u011fu, annesi ya da babas\u0131 olan ve birlikte Gine\u2019de ya\u015famak isteyen ki\u015filerin Gine aile birle\u015fimi vizesi almas\u0131 gerekmektedir. Gine aile birle\u015fimi vizesi alacak olan ki\u015filer, Gine aile birle\u015fimi vizesini\u00a0nas\u0131l alaca\u011f\u0131n\u0131 merak etmektedir. Bu yaz\u0131da Gine aile birle\u015fimi vizesi alacak olan ki\u015filer i\u00e7in \u201cGine aile birle\u015fimi vizesi nedir?\u201d sorusunun cevab\u0131 verilmi\u015ftir.<\/span><\/p>\n<p><span style=\"font-family: Roboto; font-size: 14px;\"><strong>Gine aile birle\u015fimi vizesi ba\u015fvurusu<\/strong>, Gine\u2019nin T\u00fcrkiye\u2019de bulunan temsilciliklerine ya da <strong>Gine vize ba\u015fvuru<\/strong> merkezlerine yap\u0131labilir. Gine aile birle\u015fimi vizesi alacak olan ki\u015filer, Gine\u2019de bulunan aile \u00fcyesinden davetiye almal\u0131d\u0131r. Davetiyesiz ba\u015fvuru kabul edilmemektedir. \u00a0<\/span><\/p>\n<p><span style=\"font-family: Roboto; font-size: 14px;\"><strong>Gine aile birle\u015fimi vizesi ba\u015fvurusu<\/strong> yapacak olan ki\u015filer, gerekli olan evraklar\u0131 haz\u0131rlayarak ba\u015fvuruda bulunabilir. Ba\u015fvuru yapacak olan ki\u015filer, Gine resmi dilini iyi derecede bilmelidir.<\/span><\/p>\n<h2><strong><span style=\"font-family: Roboto; font-size: 27px;\">Gine Aile Birle\u015fimi Vizesi Nereden Al\u0131n\u0131r?<\/span><\/strong><\/h2>\n<p><span style=\"font-family: Roboto; font-size: 14px;\">Gine\u2019de aile \u00fcyesi bulunan ve aile \u00fcyesi ile birlikte Gine\u2019de ya\u015famak isteyen ki\u015filerin alma\u015f gereken vize <strong>Gine aile birle\u015fimi<\/strong> vizesidir. Gine aile birle\u015fimi vizesi alacak olan ki\u015filer vizenin nereden al\u0131naca\u011f\u0131n\u0131 ara\u015ft\u0131rmaktad\u0131r. Gine aile birle\u015fimi vizesi alacak olan ki\u015filer i\u00e7in bu yaz\u0131da \u201cGine aile birle\u015fimi vizesi nereden al\u0131n\u0131r?\u201d sorusu hakk\u0131nda cevap verilmi\u015ftir.<\/span><\/p>\n<p><span style=\"font-family: Roboto; font-size: 14px;\">Gine aile birle\u015fimi vizesi ba\u015fvurusu Gine\u2019nin T\u00fcrkiye temsilcilikleri ve Gine vize ba\u015fvuru merkezlerine yap\u0131lmaktad\u0131r. Ancak bu ba\u015fvurular\u0131 inceleme ve de\u011ferlendirme yetkisi Gine G\u00f6\u00e7 \u0130daresi\u2019ne aittir. Ba\u015fvurular G\u00f6\u00e7 \u0130daresi taraf\u0131ndan sonu\u00e7land\u0131r\u0131lmaktad\u0131r.<\/span><\/p>\n<p><span style=\"font-family: Roboto; font-size: 14px;\">Gine aile birle\u015fimi vizesi nereden al\u0131n\u0131r? sorusuna verilebilecek en iyi cevap ise Gine H\u00fck\u00fcmeti cevab\u0131d\u0131r. Ba\u015fvurular her ne kadar Gine temsilciliklerine yap\u0131lsa da inceleme yetkisi yoktur.<\/span><\/p>\n<h3><strong><span style=\"font-family: Roboto; font-size: 24px;\">Gine Aile Birle\u015fimi Vizesi Ka\u00e7 G\u00fcnde \u00c7\u0131kar?<\/span><\/strong><\/h3>\n<p><span style=\"font-family: Roboto; font-size: 14px;\">Gine\u2019de aile \u00fcyesi bulunan ve Gine\u2019de bulunan bu aile \u00fcyesi ile birlikte Gine\u2019de ya\u015famak isteyen ki\u015filer, <strong>Gine aile birle\u015fimi vizesi<\/strong> almal\u0131d\u0131r. Gine aile birle\u015fimi vizesinin ne kadar s\u00fcrede \u00e7\u0131kaca\u011f\u0131n\u0131 merak etmektedir. Bu yaz\u0131da Gine aile birle\u015fimi vizesi alacak olan ki\u015filer i\u00e7in \u201cGine aile birle\u015fimi vizesi ka\u00e7 g\u00fcnde \u00e7\u0131kar?\u201d sorusunun cevab\u0131 verilmi\u015ftir.<\/span><\/p>\n<p><span style=\"font-family: Roboto; font-size: 14px;\"><strong>Gine aile birle\u015fimi vizesi<\/strong> alacak olan ki\u015filerin vize ba\u015fvurular\u0131n\u0131n sonu\u00e7lanmas\u0131 i\u00e7in belirli bir s\u00fcre k\u0131s\u0131tlamas\u0131 bulunmamaktad\u0131r. Ba\u015fvurular ba\u015fvuru sahibinin ya\u015f\u0131n mesle\u011fi, e\u011fitimi gibi bir\u00e7ok duruma ba\u011fl\u0131 olarak farkl\u0131 zamanlarda sonu\u00e7lanmaktad\u0131r.<\/span><\/p>\n<p><span style=\"font-family: Roboto; font-size: 14px;\">Ba\u015fvurular her ne kadar farkl\u0131 zamanda sonu\u00e7lansa da ortalama olarak 15 g\u00fcn \u00e7erisinde sonu\u00e7lanmaktad\u0131r. Anacak bu s\u00fcre baz\u0131 durumlarda 1 aya kadar uzayabilmektedir.<\/span><\/p>\n","protected":false},"excerpt":{"rendered":"<p>Gine Aile Birle\u015fimi Vizesi Hakk\u0131nda Gine\u2019de bulunan birinci dereceden aile bireyleri ile Gine\u2019de kalmak isteyen T\u00fcrkiye Cumhuriyeti vatanda\u015flar\u0131 Gine aile birle\u015fimi vizesi almal\u0131d\u0131r. E\u015f, \u00e7ocuk, anne, baba gibi birinci dereceden aile \u00fcyeleri i\u00e7in aile birle\u015fimi vizesi al\u0131nabilir. Gine Vizesi Gine aile birle\u015fimi vizesi ba\u015fvurusu Gine Ankara Ba\u015fkonsoloslu\u011fu taraf\u0131ndan yetkilendirilmi\u015f vize ba\u015fvuru merkezleri ve seyahat acentelerine<\/p>\n","protected":false},"author":1,"featured_media":0,"parent":18,"menu_order":0,"comment_status":"closed","ping_status":"closed","template":"","meta":{"footnotes":""},"class_list":["post-37","page","type-page","status-publish","hentry"],"yoast_head":"<!-- This site is optimized with the Yoast SEO plugin v26.8 - https:\/\/yoast.com\/product\/yoast-seo-wordpress\/ -->\n<title>Gine Aile Birle\u015fimi Vizesi \u0130\u015flemleri - Gine Vizesi - MyVize<\/title>\n<meta name=\"description\" content=\"Gine Aile Birle\u015fimi Vizesi Nas\u0131l Yap\u0131l\u0131r? Gine Aile Birle\u015fimi Vize Ba\u015fvurusu Nas\u0131l Yap\u0131l\u0131r? Gine Aile Birle\u015fimi Vize Randevusu \u0130\u00e7in T\u0131kla.\" \/>\n<meta name=\"robots\" content=\"index, follow, max-snippet:-1, max-image-preview:large, max-video-preview:-1\" \/>\n<link rel=\"canonical\" href=\"https:\/\/myvize.com.tr\/gine\/vize-islemleri\/gine-aile-birlesimi-vizesi\/\" \/>\n<meta property=\"og:locale\" content=\"tr_TR\" \/>\n<meta property=\"og:type\" content=\"article\" \/>\n<meta property=\"og:title\" content=\"Gine Aile Birle\u015fimi Vizesi \u0130\u015flemleri - Gine Vizesi - MyVize\" \/>\n<meta property=\"og:description\" content=\"Gine Aile Birle\u015fimi Vizesi Nas\u0131l Yap\u0131l\u0131r? Gine Aile Birle\u015fimi Vize Ba\u015fvurusu Nas\u0131l Yap\u0131l\u0131r? Gine Aile Birle\u015fimi Vize Randevusu \u0130\u00e7in T\u0131kla.\" \/>\n<meta property=\"og:url\" content=\"https:\/\/myvize.com.tr\/gine\/vize-islemleri\/gine-aile-birlesimi-vizesi\/\" \/>\n<meta property=\"og:site_name\" content=\"Gine Vizesi\" \/>\n<meta property=\"article:modified_time\" content=\"2022-05-10T12:10:45+00:00\" \/>\n<meta property=\"og:image\" content=\"https:\/\/myvize.com.tr\/gine\/wp-content\/uploads\/2021\/10\/6.jpg\" \/>\n<meta name=\"twitter:card\" content=\"summary_large_image\" \/>\n<meta name=\"twitter:label1\" content=\"Tahmini okuma s\u00fcresi\" \/>\n\t<meta name=\"twitter:data1\" content=\"4 dakika\" \/>\n<script type=\"application\/ld+json\" class=\"yoast-schema-graph\">{\"@context\":\"https:\/\/schema.org\",\"@graph\":[{\"@type\":\"WebPage\",\"@id\":\"https:\/\/myvize.com.tr\/gine\/vize-islemleri\/gine-aile-birlesimi-vizesi\/\",\"url\":\"https:\/\/myvize.com.tr\/gine\/vize-islemleri\/gine-aile-birlesimi-vizesi\/\",\"name\":\"Gine Aile Birle\u015fimi Vizesi \u0130\u015flemleri - Gine Vizesi - MyVize\",\"isPartOf\":{\"@id\":\"https:\/\/myvize.com.tr\/gine\/#website\"},\"primaryImageOfPage\":{\"@id\":\"https:\/\/myvize.com.tr\/gine\/vize-islemleri\/gine-aile-birlesimi-vizesi\/#primaryimage\"},\"image\":{\"@id\":\"https:\/\/myvize.com.tr\/gine\/vize-islemleri\/gine-aile-birlesimi-vizesi\/#primaryimage\"},\"thumbnailUrl\":\"https:\/\/myvize.com.tr\/gine\/wp-content\/uploads\/2021\/10\/6.jpg\",\"datePublished\":\"2020-11-30T09:45:46+00:00\",\"dateModified\":\"2022-05-10T12:10:45+00:00\",\"description\":\"Gine Aile Birle\u015fimi Vizesi Nas\u0131l Yap\u0131l\u0131r? Gine Aile Birle\u015fimi Vize Ba\u015fvurusu Nas\u0131l Yap\u0131l\u0131r? Gine Aile Birle\u015fimi Vize Randevusu \u0130\u00e7in T\u0131kla.\",\"breadcrumb\":{\"@id\":\"https:\/\/myvize.com.tr\/gine\/vize-islemleri\/gine-aile-birlesimi-vizesi\/#breadcrumb\"},\"inLanguage\":\"tr\",\"potentialAction\":[{\"@type\":\"ReadAction\",\"target\":[\"https:\/\/myvize.com.tr\/gine\/vize-islemleri\/gine-aile-birlesimi-vizesi\/\"]}]},{\"@type\":\"ImageObject\",\"inLanguage\":\"tr\",\"@id\":\"https:\/\/myvize.com.tr\/gine\/vize-islemleri\/gine-aile-birlesimi-vizesi\/#primaryimage\",\"url\":\"https:\/\/myvize.com.tr\/gine\/wp-content\/uploads\/2021\/10\/6.jpg\",\"contentUrl\":\"https:\/\/myvize.com.tr\/gine\/wp-content\/uploads\/2021\/10\/6.jpg\",\"width\":800,\"height\":500,\"caption\":\"Gine Aile Birle\u015fimi Vizesi\"},{\"@type\":\"BreadcrumbList\",\"@id\":\"https:\/\/myvize.com.tr\/gine\/vize-islemleri\/gine-aile-birlesimi-vizesi\/#breadcrumb\",\"itemListElement\":[{\"@type\":\"ListItem\",\"position\":1,\"name\":\"Anasayfa\",\"item\":\"https:\/\/myvize.com.tr\/gine\/\"},{\"@type\":\"ListItem\",\"position\":2,\"name\":\"V\u0130ZE \u0130\u015eLEMLER\u0130\",\"item\":\"https:\/\/myvize.com.tr\/gine\/vize-islemleri\/\"},{\"@type\":\"ListItem\",\"position\":3,\"name\":\"Gine Aile Birle\u015fimi Vizesi\"}]},{\"@type\":\"WebSite\",\"@id\":\"https:\/\/myvize.com.tr\/gine\/#website\",\"url\":\"https:\/\/myvize.com.tr\/gine\/\",\"name\":\"Gine Vizesi\",\"description\":\"\",\"potentialAction\":[{\"@type\":\"SearchAction\",\"target\":{\"@type\":\"EntryPoint\",\"urlTemplate\":\"https:\/\/myvize.com.tr\/gine\/?s={search_term_string}\"},\"query-input\":{\"@type\":\"PropertyValueSpecification\",\"valueRequired\":true,\"valueName\":\"search_term_string\"}}],\"inLanguage\":\"tr\"}]}<\/script>\n<!-- \/ Yoast SEO plugin. -->","yoast_head_json":{"title":"Gine Aile Birle\u015fimi Vizesi \u0130\u015flemleri - Gine Vizesi - MyVize","description":"Gine Aile Birle\u015fimi Vizesi Nas\u0131l Yap\u0131l\u0131r? Gine Aile Birle\u015fimi Vize Ba\u015fvurusu Nas\u0131l Yap\u0131l\u0131r? Gine Aile Birle\u015fimi Vize Randevusu \u0130\u00e7in T\u0131kla.","robots":{"index":"index","follow":"follow","max-snippet":"max-snippet:-1","max-image-preview":"max-image-preview:large","max-video-preview":"max-video-preview:-1"},"canonical":"https:\/\/myvize.com.tr\/gine\/vize-islemleri\/gine-aile-birlesimi-vizesi\/","og_locale":"tr_TR","og_type":"article","og_title":"Gine Aile Birle\u015fimi Vizesi \u0130\u015flemleri - Gine Vizesi - MyVize","og_description":"Gine Aile Birle\u015fimi Vizesi Nas\u0131l Yap\u0131l\u0131r? Gine Aile Birle\u015fimi Vize Ba\u015fvurusu Nas\u0131l Yap\u0131l\u0131r? Gine Aile Birle\u015fimi Vize Randevusu \u0130\u00e7in T\u0131kla.","og_url":"https:\/\/myvize.com.tr\/gine\/vize-islemleri\/gine-aile-birlesimi-vizesi\/","og_site_name":"Gine Vizesi","article_modified_time":"2022-05-10T12:10:45+00:00","og_image":[{"url":"https:\/\/myvize.com.tr\/gine\/wp-content\/uploads\/2021\/10\/6.jpg","type":"","width":"","height":""}],"twitter_card":"summary_large_image","twitter_misc":{"Tahmini okuma s\u00fcresi":"4 dakika"},"schema":{"@context":"https:\/\/schema.org","@graph":[{"@type":"WebPage","@id":"https:\/\/myvize.com.tr\/gine\/vize-islemleri\/gine-aile-birlesimi-vizesi\/","url":"https:\/\/myvize.com.tr\/gine\/vize-islemleri\/gine-aile-birlesimi-vizesi\/","name":"Gine Aile Birle\u015fimi Vizesi \u0130\u015flemleri - Gine Vizesi - MyVize","isPartOf":{"@id":"https:\/\/myvize.com.tr\/gine\/#website"},"primaryImageOfPage":{"@id":"https:\/\/myvize.com.tr\/gine\/vize-islemleri\/gine-aile-birlesimi-vizesi\/#primaryimage"},"image":{"@id":"https:\/\/myvize.com.tr\/gine\/vize-islemleri\/gine-aile-birlesimi-vizesi\/#primaryimage"},"thumbnailUrl":"https:\/\/myvize.com.tr\/gine\/wp-content\/uploads\/2021\/10\/6.jpg","datePublished":"2020-11-30T09:45:46+00:00","dateModified":"2022-05-10T12:10:45+00:00","description":"Gine Aile Birle\u015fimi Vizesi Nas\u0131l Yap\u0131l\u0131r? Gine Aile Birle\u015fimi Vize Ba\u015fvurusu Nas\u0131l Yap\u0131l\u0131r? Gine Aile Birle\u015fimi Vize Randevusu \u0130\u00e7in T\u0131kla.","breadcrumb":{"@id":"https:\/\/myvize.com.tr\/gine\/vize-islemleri\/gine-aile-birlesimi-vizesi\/#breadcrumb"},"inLanguage":"tr","potentialAction":[{"@type":"ReadAction","target":["https:\/\/myvize.com.tr\/gine\/vize-islemleri\/gine-aile-birlesimi-vizesi\/"]}]},{"@type":"ImageObject","inLanguage":"tr","@id":"https:\/\/myvize.com.tr\/gine\/vize-islemleri\/gine-aile-birlesimi-vizesi\/#primaryimage","url":"https:\/\/myvize.com.tr\/gine\/wp-content\/uploads\/2021\/10\/6.jpg","contentUrl":"https:\/\/myvize.com.tr\/gine\/wp-content\/uploads\/2021\/10\/6.jpg","width":800,"height":500,"caption":"Gine Aile Birle\u015fimi Vizesi"},{"@type":"BreadcrumbList","@id":"https:\/\/myvize.com.tr\/gine\/vize-islemleri\/gine-aile-birlesimi-vizesi\/#breadcrumb","itemListElement":[{"@type":"ListItem","position":1,"name":"Anasayfa","item":"https:\/\/myvize.com.tr\/gine\/"},{"@type":"ListItem","position":2,"name":"V\u0130ZE \u0130\u015eLEMLER\u0130","item":"https:\/\/myvize.com.tr\/gine\/vize-islemleri\/"},{"@type":"ListItem","position":3,"name":"Gine Aile Birle\u015fimi Vizesi"}]},{"@type":"WebSite","@id":"https:\/\/myvize.com.tr\/gine\/#website","url":"https:\/\/myvize.com.tr\/gine\/","name":"Gine Vizesi","description":"","potentialAction":[{"@type":"SearchAction","target":{"@type":"EntryPoint","urlTemplate":"https:\/\/myvize.com.tr\/gine\/?s={search_term_string}"},"query-input":{"@type":"PropertyValueSpecification","valueRequired":true,"valueName":"search_term_string"}}],"inLanguage":"tr"}]}},"_links":{"self":[{"href":"https:\/\/myvize.com.tr\/gine\/wp-json\/wp\/v2\/pages\/37","targetHints":{"allow":["GET"]}}],"collection":[{"href":"https:\/\/myvize.com.tr\/gine\/wp-json\/wp\/v2\/pages"}],"about":[{"href":"https:\/\/myvize.com.tr\/gine\/wp-json\/wp\/v2\/types\/page"}],"author":[{"embeddable":true,"href":"https:\/\/myvize.com.tr\/gine\/wp-json\/wp\/v2\/users\/1"}],"replies":[{"embeddable":true,"href":"https:\/\/myvize.com.tr\/gine\/wp-json\/wp\/v2\/comments?post=37"}],"version-history":[{"count":8,"href":"https:\/\/myvize.com.tr\/gine\/wp-json\/wp\/v2\/pages\/37\/revisions"}],"predecessor-version":[{"id":607,"href":"https:\/\/myvize.com.tr\/gine\/wp-json\/wp\/v2\/pages\/37\/revisions\/607"}],"up":[{"embeddable":true,"href":"https:\/\/myvize.com.tr\/gine\/wp-json\/wp\/v2\/pages\/18"}],"wp:attachment":[{"href":"https:\/\/myvize.com.tr\/gine\/wp-json\/wp\/v2\/media?parent=37"}],"curies":[{"name":"wp","href":"https:\/\/api.w.org\/{rel}","templated":true}]}}