{"id":21,"date":"2020-11-30T08:52:07","date_gmt":"2020-11-30T05:52:07","guid":{"rendered":"https:\/\/myvize.com.tr\/gine\/?page_id=21"},"modified":"2022-05-10T15:02:19","modified_gmt":"2022-05-10T12:02:19","slug":"gine-turistik-vize","status":"publish","type":"page","link":"https:\/\/myvize.com.tr\/gine\/vize-islemleri\/gine-turistik-vize\/","title":{"rendered":"Gine Turistik Vize"},"content":{"rendered":"<p><span style=\"font-family: Roboto;\"><\/span><\/p>\r\n<h2 class=\"wp-block-heading\"><strong><span style=\"font-family: Roboto; font-size: 27px;\">Gine Turistik Vizesi Nedir?<\/span><\/strong><\/h2>\r\n<p><span style=\"font-family: Roboto; font-size: 14px;\"><strong>Gine\u2019ye seyahat<\/strong> edecek olan ki\u015filer, seyahat amac\u0131na uygun <strong>Gine vizesi<\/strong> almal\u0131d\u0131r. Bu yaz\u0131da Gine\u2019ye turistik ama\u00e7l\u0131 olarak seyahat edecek ki\u015filer i\u00e7in \u201cGine turistik vize nedir?\u201d sorusunun cevab\u0131 verilmi\u015ftir.<\/span><\/p>\r\n<p><span style=\"font-family: Roboto; font-size: 14px;\"><strong>Gine turistik vizesi,<\/strong> k\u0131sa s\u00fcreli bir vize t\u00fcr\u00fcd\u00fcr. Gine\u2019de en fazla 90 g\u00fcn konaklama imkan\u0131 vermektedir. <strong>Gine turistik vizesi<\/strong> alacak olan ki\u015filer, Gine\u2019ye turistik seyahat yapacaklar\u0131n\u0131 gerekli olan evraklar ile kan\u0131tlamal\u0131d\u0131r. Gine\u2019ye turistik ama\u00e7l\u0131 olarak seyahat eden ki\u015filer, Gine\u2019de \u00e7al\u0131\u015famamaktad\u0131r. Ayr\u0131ca Gine turistik vizesi s\u00fcresi bitiminden \u00f6nce \u00fclkeden ayr\u0131lmas\u0131 gerekmektedir.<\/span><\/p>\r\n<p><span style=\"font-family: Roboto; font-size: 14px;\">Gine turistik vizesi alacak olan ki\u015filer, Gine temsilciliklerine ba\u015fvurarak <strong>Gine turistik vizesi ba\u015fvurusunu<\/strong> yapabilmektedir. Ba\u015fvurular ayr\u0131ca Gine vize ba\u015fvuru merkezlerine ve yetkilendirilmi\u015f acentelere yap\u0131labilir.<\/span><\/p>\r\n<h2><strong><span style=\"font-family: Roboto; font-size: 27px;\">Gine Turistik Vizesi Nas\u0131l Al\u0131n\u0131r?<\/span><\/strong><\/h2>\r\n<p><span style=\"font-family: Roboto; font-size: 14px;\">Gine, Afrika\u2019da bulunan \u00fclkelerden birisidir. Gine her y\u0131l binlerce turist \u00e7ekmektedir. Bu nedenle Gine\u2019ye turistik seyahat d\u00fczenlemek isteyen ki\u015filer, Gine turistik vizesinin nas\u0131l al\u0131nd\u0131\u011f\u0131n\u0131 merak etmektedir. Bu yaz\u0131da Gine turistik vizesi alacak olan ki\u015filer i\u00e7in \u201cGine turistik vizesi nedir?\u201d sorusunun cevab\u0131 verilmi\u015ftir.<\/span><\/p>\r\n<ul>\r\n<li><span style=\"font-family: Roboto; font-size: 14px;\">Gine turistik vizesi alacak olan ki\u015filerin \u00f6ncelikle gerekli olan Gine turistik vize evraklar\u0131n\u0131 eksiksiz \u015fekilde haz\u0131rlamal\u0131d\u0131r.<\/span><\/li>\r\n<li><span style=\"font-family: Roboto; font-size: 14px;\">Haz\u0131rlanan<strong> Gine turistik vize evraklar\u0131,<\/strong> Gine\u2019nin T\u00fcrkiye\u2019de bulunan temsilciliklerine, yetkilendirilmi\u015f vize ba\u015fvuru merkezlerine ve seyahat acentelerine yap\u0131labilir.<\/span><\/li>\r\n<li><span style=\"font-family: Roboto; font-size: 14px;\">Ba\u015fvuru i\u00e7in randevu al\u0131nmas\u0131na gerek yoktur. \u00d6nemli olan gerekli Gine turistik vize evraklar\u0131n\u0131n <strong>Gine vize ba\u015fvurusu<\/strong> yap\u0131lacak yere ula\u015ft\u0131r\u0131lmas\u0131d\u0131r.<\/span><\/li>\r\n<\/ul>\r\n<h2><strong><span style=\"font-family: Roboto; font-size: 27px;\">Gine Turistik Vizesi Nereden Al\u0131n\u0131r?<\/span><\/strong><\/h2>\r\n<p><span style=\"font-family: Roboto; font-size: 14px;\">Gine\u2019ye turistik, gezi ve tatil amac\u0131 ile seyahat etmek isteyen ki\u015filerin almas\u0131 gereken vize t\u00fcr\u00fc Gine turistik vizesidir. Gine turistik vizesi alacak olan ki\u015filer, Gine turistik vizesinin nereden al\u0131naca\u011f\u0131n\u0131 merak etmektedir. Bu yaz\u0131da Gine\u2019ye turistik ama\u00e7la seyahat etmek isteyen ki\u015filer i\u00e7in \u201cGine turistik vizesi nereden al\u0131n\u0131r?\u201d sorusu hakk\u0131nda cevap verilmi\u015ftir.<\/span><\/p>\r\n<p><span style=\"font-family: Roboto; font-size: 14px;\"><strong>Gine turistik vize ba\u015fvurusu<\/strong> yapabilece\u011finiz yerler a\u015fa\u011f\u0131da verilmi\u015ftir.<\/span><\/p>\r\n<ul>\r\n<li><span style=\"font-family: Roboto; font-size: 14px;\">Gine\u2019nin T\u00fcrkiye\u2019de bulunan temsilcilikleri,<\/span><\/li>\r\n<li><span style=\"font-family: Roboto; font-size: 14px;\">Gine Konsoloslu\u011fu taraf\u0131ndan yetkilendirilmi\u015f vize ba\u015fvuru merkezleri,<\/span><\/li>\r\n<li><span style=\"font-family: Roboto; font-size: 14px;\">Akredite edilmi\u015f seyahat acenteleri arac\u0131l\u0131\u011f\u0131 ile yap\u0131labilmektedir.<\/span><\/li>\r\n<\/ul>\r\n<p><span style=\"font-family: Roboto; font-size: 14px;\">Gine turistik vize ba\u015fvurular\u0131 her ne kadar bir\u00e7ok farkl\u0131 yere yap\u0131labilse de inceleme ve de\u011ferlendirme yetkisi Gine\u2019nin T\u00fcrkiye temsilciliklerine aittir. Ba\u015fvuru yapacak olan ki\u015filer, mutlaka Gine temsilcilikleri ile ileti\u015fime ge\u00e7melidir.<\/span><\/p>\r\n<h2><strong><span style=\"font-family: Roboto; font-size: 27px;\">Gine Turistik Vizesi Ka\u00e7 G\u00fcnde \u00c7\u0131kar?<\/span><\/strong><\/h2>\r\n<p><span style=\"font-family: Roboto; font-size: 14px;\">Gine\u2019ye turistik ama\u00e7la seyahat edecek olan ki\u015filer, Gine turistik vizesinin ne kadar s\u00fcre i\u00e7erisinde sonu\u00e7lanaca\u011f\u0131n\u0131 merak etmektedir. Gine turistik vizesi alacak olan ki\u015filer i\u00e7in bu yaz\u0131da \u201cGine turistik vizesi ka\u00e7 g\u00fcnde \u00e7\u0131kar?\u201d sorusunun cevab\u0131 verilmi\u015ftir.<\/span><\/p>\r\n<p><span style=\"font-family: Roboto; font-size: 14px;\"><strong>Gine turistik vize ba\u015fvurular\u0131<\/strong> her ba\u015fvuru i\u00e7in farkl\u0131 farkl\u0131 de\u011ferlendirilmektedir. Ba\u015fvurular, ba\u015fvuru sahibinin seyahat amac\u0131na, e\u011fitimine, ya\u015f\u0131na, ba\u015fvuru yapt\u0131\u011f\u0131 d\u00f6neme g\u00f6re farkl\u0131l\u0131k g\u00f6sterebilir. Gine turistik vize ba\u015fvurular\u0131n\u0131n incelenme s\u00fcrecine en fazla etki eden durum Gine turistik vize ba\u015fvurusunu inceleyen temsilcili\u011fin yo\u011funlu\u011fudur.<\/span><\/p>\r\n<p><span style=\"font-family: Roboto; font-size: 14px;\">Gine turistik vizesi ba\u015fvurular\u0131 her ne kadar farkl\u0131 s\u00fcrelerde sonu\u00e7lansa da ortalama olarak 7 g\u00fcn i\u00e7erisinde sonu\u00e7lanmaktad\u0131r. Ancak Gine turistik vizesi ba\u015fvurular\u0131n\u0131n sonu\u00e7lanmas\u0131 1 aydan fazla s\u00fcrebilmektedir.<\/span><\/p>\r\n<h3><span style=\"font-family: Roboto; font-size: 24px;\"><strong>Gine Turistik Vize Ba\u015fvurusu<\/strong><\/span><\/h3>\r\n<p><span style=\"font-family: Roboto; font-size: 14px;\">\r\n\r\n<\/span><\/p>\r\n<p><span style=\"font-family: Roboto; font-size: 14px;\"><strong>Gine turistik vize ba\u015fvurusu<\/strong> yapacak olan ki\u015filer \u00f6ncelikle vize dosyas\u0131 haz\u0131rlamal\u0131d\u0131r. Vize dosyas\u0131 i\u00e7erisinde bir\u00e7ok belgenin bulunmas\u0131 gereken durumlardand\u0131r. <span style=\"color: #2acec2;\"><a style=\"color: #2acec2;\" href=\"https:\/\/myvize.com.tr\/gine\/vize-islemleri\/gine-vize-basvuru-formu\/\" target=\"_blank\" rel=\"noopener\"><strong>Gine Vize Ba\u015fvuru formu<\/strong><\/a><\/span>, pasaport, dilek\u00e7e, davetiye ve daha bir\u00e7ok belge <strong>Gine turistik vize ba\u015fvurusu<\/strong>\u00a0s\u0131ras\u0131nda vermeniz gereken evraklar aras\u0131nda yer al\u0131yor. \u00d6zellikle dilek\u00e7e en \u00e7ok \u00f6nem verilmesi gereken evraklar aras\u0131ndad\u0131r.<\/span><\/p>\r\n<h3><span style=\"font-size: 24px;\"><strong><span style=\"font-family: Roboto;\">Gine Turistik Vize Ba\u015fvurusu Nas\u0131l Yap\u0131l\u0131r?<\/span><\/strong><\/span><\/h3>\r\n<p><span style=\"font-family: Roboto; font-size: 14px;\">Turistik ama\u00e7l\u0131 Gine\u2019ye seyahatte bulunacak olan Umuma Mahsus Pasaport, Hususi Pasaport ya da Hizmet Pasaportu sahibi T\u00fcrkiye Cumhuriyeti vatanda\u015flar\u0131 seyahatleri \u00f6ncesinde seyahat amac\u0131na uygun olarak <strong>Gine turistik vizesi<\/strong> almal\u0131d\u0131r. Diplomatik Pasaport sahipleri ise 180 g\u00fcn i\u00e7erisinde 90 g\u00fcn\u00fc ge\u00e7meyen seyahatleri i\u00e7in Gine vizesinden muaf tutulmu\u015ftur.<\/span><\/p>\r\n<p><span style=\"font-family: Roboto; font-size: 14px;\"><strong>Gine turistik vize<\/strong> ba\u015fvurusunu <strong>Gine B\u00fcy\u00fckel\u00e7ili\u011fi<\/strong> taraf\u0131ndan yetkilendirilmi\u015f vize ba\u015fvuru merkezleri ya da seyahat acenteleri arac\u0131l\u0131\u011f\u0131 ile yapabilirsiniz. Bunun i\u00e7in gerekli belgeleri haz\u0131rlamal\u0131, vize har\u00e7 \u00fccretini yat\u0131rmal\u0131 ve ba\u015fvuru talebinde bulunmal\u0131d\u0131r. <strong>Gine turistik vize<\/strong> ba\u015fvurusunda bulunacak ki\u015fiden istenen belgeler ki\u015finin stat\u00fcs\u00fcne g\u00f6re farkl\u0131l\u0131k g\u00f6stermektedir. Yani ki\u015fi \u00f6\u011frenci, emekli, \u015firket sahibi ya da orta\u011f\u0131, emekli, kamu \u00e7al\u0131\u015fan\u0131, \u015firket \u00e7al\u0131\u015fan\u0131 veya i\u015fsiz ise istenen belgeler farkl\u0131l\u0131k g\u00f6stermektedir.<\/span><\/p>\r\n<p><span style=\"font-family: Roboto; font-size: 14px;\">Her ba\u015fvuruda bulunacak ki\u015filerden baz\u0131 belgeler istenmektedir. <strong>Gine turistik vizesi<\/strong> ba\u015fvurusunda bulunacak olan ki\u015finin pasaportu g\u00fcncel olmal\u0131 ve en az seyahatten sonra en az 60 g\u00fcn daha ge\u00e7erlili\u011fi olmal\u0131d\u0131r. Ayr\u0131ca pasaportun en az 2 sayfas\u0131 vize bas\u0131m\u0131 i\u00e7in bo\u015f olmal\u0131d\u0131r. <strong>Gine turistik vize<\/strong> ba\u015fvurusu i\u00e7in <strong>vize ba\u015fvuru formu<\/strong> doldurulmal\u0131d\u0131r. Gine vize ba\u015fvuru formunda ki\u015fisel bilgilerinizi, ileti\u015fim bilgileriniz, adres bilgileriniz, pasaport bilgileriniz ve seyahat detaylar\u0131n\u0131z eksiksiz bir \u015fekilde yaz\u0131lmal\u0131d\u0131r. Ayr\u0131ca u\u00e7u\u015f bilgileri ve Gine\u2019de konaklama bilgilerinizi Gine Ankara B\u00fcy\u00fckel\u00e7ili\u011fi\u2019ne sunmal\u0131s\u0131n\u0131z.<\/span><\/p>\r\n<p><img decoding=\"async\" src=\"https:\/\/myvize.com.tr\/gine\/wp-content\/uploads\/2021\/10\/2.jpg\" \/><\/p>\r\n<h3><span style=\"font-family: Roboto; font-size: 24px;\"><strong>Gine Turistik Vize Talep Dilek\u00e7esi Nas\u0131l Yaz\u0131l\u0131r?<\/strong><\/span><\/h3>\r\n<p><span style=\"font-family: Roboto; font-size: 14px;\">\r\n\r\n<\/span><\/p>\r\n<p><span style=\"font-family: Roboto; font-size: 14px;\"><strong>Gine turistik vize ba\u015fvurusu<\/strong>\u00a0i\u00e7in dilek\u00e7enizin A4 ka\u011f\u0131d\u0131na yaz\u0131ld\u0131\u011f\u0131ndan emin olman\u0131z gerekiyor. Bilgisayarda ya da el yaz\u0131s\u0131 ile bu dilek\u00e7enizi yazabilirsiniz. Ayn\u0131 zamanda seyahat amac\u0131n\u0131z\u0131 bu dilek\u00e7ede detayl\u0131 bir \u015fekilde anlatman\u0131z gerekmektedir. Dilek\u00e7enizi haz\u0131rlad\u0131ktan sonra di\u011fer evraklar\u0131 da dosyan\u0131za ekleyerek\u00a0<strong>Gine turistik vize ba\u015fvurusu<\/strong>\u00a0yap\u0131labilmektedir. Ba\u015fvuru sonu\u00e7lar\u0131 en ge\u00e7 7 i\u015f g\u00fcn\u00fc i\u00e7erisinde a\u00e7\u0131klanmaktad\u0131r.<\/span><\/p>\r\n<blockquote>\r\n<p><span style=\"font-family: Roboto; font-size: 14px;\"><a href=\"https:\/\/myvize.com.tr\/gine\/vize-islemleri\/gine-vize-randevusu\/\" target=\"_blank\" rel=\"noopener\"><span style=\"color: #2acec2;\"><strong>Gine Vize Randevusu<\/strong><\/span><\/a><\/span><\/p>\r\n<\/blockquote>\r\n<p><span style=\"font-family: Roboto;\"><\/span><\/p>","protected":false},"excerpt":{"rendered":"<p>Gine Turistik Vizesi Nedir? Gine\u2019ye seyahat edecek olan ki\u015filer, seyahat amac\u0131na uygun Gine vizesi almal\u0131d\u0131r. Bu yaz\u0131da Gine\u2019ye turistik ama\u00e7l\u0131 olarak seyahat edecek ki\u015filer i\u00e7in \u201cGine turistik vize nedir?\u201d sorusunun cevab\u0131 verilmi\u015ftir. Gine turistik vizesi, k\u0131sa s\u00fcreli bir vize t\u00fcr\u00fcd\u00fcr. Gine\u2019de en fazla 90 g\u00fcn konaklama imkan\u0131 vermektedir. Gine turistik vizesi alacak olan ki\u015filer, Gine\u2019ye<\/p>\n","protected":false},"author":1,"featured_media":0,"parent":18,"menu_order":0,"comment_status":"closed","ping_status":"closed","template":"","meta":{"footnotes":""},"class_list":["post-21","page","type-page","status-publish","hentry"],"yoast_head":"<!-- This site is optimized with the Yoast SEO plugin v26.8 - https:\/\/yoast.com\/product\/yoast-seo-wordpress\/ -->\n<title>Gine Turistik Vize Ba\u015fvuru \u0130\u015flemleri - Gine Vizesi - MyVize<\/title>\n<meta name=\"description\" content=\"Gine Turistik Vize Nas\u0131l Al\u0131n\u0131r? Gine Turistik Vize \u0130\u015flemleri Nelerdir? Gine Turistik Vize \u0130\u00e7in Gerekli Evraklar Neler?\" \/>\n<meta name=\"robots\" content=\"index, follow, max-snippet:-1, max-image-preview:large, max-video-preview:-1\" \/>\n<link rel=\"canonical\" href=\"https:\/\/myvize.com.tr\/gine\/vize-islemleri\/gine-turistik-vize\/\" \/>\n<meta property=\"og:locale\" content=\"tr_TR\" \/>\n<meta property=\"og:type\" content=\"article\" \/>\n<meta property=\"og:title\" content=\"Gine Turistik Vize Ba\u015fvuru \u0130\u015flemleri - Gine Vizesi - MyVize\" \/>\n<meta property=\"og:description\" content=\"Gine Turistik Vize Nas\u0131l Al\u0131n\u0131r? Gine Turistik Vize \u0130\u015flemleri Nelerdir? Gine Turistik Vize \u0130\u00e7in Gerekli Evraklar Neler?\" \/>\n<meta property=\"og:url\" content=\"https:\/\/myvize.com.tr\/gine\/vize-islemleri\/gine-turistik-vize\/\" \/>\n<meta property=\"og:site_name\" content=\"Gine Vizesi\" \/>\n<meta property=\"article:modified_time\" content=\"2022-05-10T12:02:19+00:00\" \/>\n<meta property=\"og:image\" content=\"https:\/\/myvize.com.tr\/gine\/wp-content\/uploads\/2021\/10\/2.jpg\" \/>\n<meta name=\"twitter:card\" content=\"summary_large_image\" \/>\n<meta name=\"twitter:label1\" content=\"Tahmini okuma s\u00fcresi\" \/>\n\t<meta name=\"twitter:data1\" content=\"5 dakika\" \/>\n<script type=\"application\/ld+json\" class=\"yoast-schema-graph\">{\"@context\":\"https:\/\/schema.org\",\"@graph\":[{\"@type\":\"WebPage\",\"@id\":\"https:\/\/myvize.com.tr\/gine\/vize-islemleri\/gine-turistik-vize\/\",\"url\":\"https:\/\/myvize.com.tr\/gine\/vize-islemleri\/gine-turistik-vize\/\",\"name\":\"Gine Turistik Vize Ba\u015fvuru \u0130\u015flemleri - Gine Vizesi - MyVize\",\"isPartOf\":{\"@id\":\"https:\/\/myvize.com.tr\/gine\/#website\"},\"primaryImageOfPage\":{\"@id\":\"https:\/\/myvize.com.tr\/gine\/vize-islemleri\/gine-turistik-vize\/#primaryimage\"},\"image\":{\"@id\":\"https:\/\/myvize.com.tr\/gine\/vize-islemleri\/gine-turistik-vize\/#primaryimage\"},\"thumbnailUrl\":\"https:\/\/myvize.com.tr\/gine\/wp-content\/uploads\/2021\/10\/2.jpg\",\"datePublished\":\"2020-11-30T05:52:07+00:00\",\"dateModified\":\"2022-05-10T12:02:19+00:00\",\"description\":\"Gine Turistik Vize Nas\u0131l Al\u0131n\u0131r? Gine Turistik Vize \u0130\u015flemleri Nelerdir? Gine Turistik Vize \u0130\u00e7in Gerekli Evraklar Neler?\",\"breadcrumb\":{\"@id\":\"https:\/\/myvize.com.tr\/gine\/vize-islemleri\/gine-turistik-vize\/#breadcrumb\"},\"inLanguage\":\"tr\",\"potentialAction\":[{\"@type\":\"ReadAction\",\"target\":[\"https:\/\/myvize.com.tr\/gine\/vize-islemleri\/gine-turistik-vize\/\"]}]},{\"@type\":\"ImageObject\",\"inLanguage\":\"tr\",\"@id\":\"https:\/\/myvize.com.tr\/gine\/vize-islemleri\/gine-turistik-vize\/#primaryimage\",\"url\":\"https:\/\/myvize.com.tr\/gine\/wp-content\/uploads\/2021\/10\/2.jpg\",\"contentUrl\":\"https:\/\/myvize.com.tr\/gine\/wp-content\/uploads\/2021\/10\/2.jpg\",\"width\":800,\"height\":500,\"caption\":\"Gine Turistik Vize\"},{\"@type\":\"BreadcrumbList\",\"@id\":\"https:\/\/myvize.com.tr\/gine\/vize-islemleri\/gine-turistik-vize\/#breadcrumb\",\"itemListElement\":[{\"@type\":\"ListItem\",\"position\":1,\"name\":\"Anasayfa\",\"item\":\"https:\/\/myvize.com.tr\/gine\/\"},{\"@type\":\"ListItem\",\"position\":2,\"name\":\"V\u0130ZE \u0130\u015eLEMLER\u0130\",\"item\":\"https:\/\/myvize.com.tr\/gine\/vize-islemleri\/\"},{\"@type\":\"ListItem\",\"position\":3,\"name\":\"Gine Turistik Vize\"}]},{\"@type\":\"WebSite\",\"@id\":\"https:\/\/myvize.com.tr\/gine\/#website\",\"url\":\"https:\/\/myvize.com.tr\/gine\/\",\"name\":\"Gine Vizesi\",\"description\":\"\",\"potentialAction\":[{\"@type\":\"SearchAction\",\"target\":{\"@type\":\"EntryPoint\",\"urlTemplate\":\"https:\/\/myvize.com.tr\/gine\/?s={search_term_string}\"},\"query-input\":{\"@type\":\"PropertyValueSpecification\",\"valueRequired\":true,\"valueName\":\"search_term_string\"}}],\"inLanguage\":\"tr\"}]}<\/script>\n<!-- \/ Yoast SEO plugin. -->","yoast_head_json":{"title":"Gine Turistik Vize Ba\u015fvuru \u0130\u015flemleri - Gine Vizesi - MyVize","description":"Gine Turistik Vize Nas\u0131l Al\u0131n\u0131r? Gine Turistik Vize \u0130\u015flemleri Nelerdir? Gine Turistik Vize \u0130\u00e7in Gerekli Evraklar Neler?","robots":{"index":"index","follow":"follow","max-snippet":"max-snippet:-1","max-image-preview":"max-image-preview:large","max-video-preview":"max-video-preview:-1"},"canonical":"https:\/\/myvize.com.tr\/gine\/vize-islemleri\/gine-turistik-vize\/","og_locale":"tr_TR","og_type":"article","og_title":"Gine Turistik Vize Ba\u015fvuru \u0130\u015flemleri - Gine Vizesi - MyVize","og_description":"Gine Turistik Vize Nas\u0131l Al\u0131n\u0131r? Gine Turistik Vize \u0130\u015flemleri Nelerdir? Gine Turistik Vize \u0130\u00e7in Gerekli Evraklar Neler?","og_url":"https:\/\/myvize.com.tr\/gine\/vize-islemleri\/gine-turistik-vize\/","og_site_name":"Gine Vizesi","article_modified_time":"2022-05-10T12:02:19+00:00","og_image":[{"url":"https:\/\/myvize.com.tr\/gine\/wp-content\/uploads\/2021\/10\/2.jpg","type":"","width":"","height":""}],"twitter_card":"summary_large_image","twitter_misc":{"Tahmini okuma s\u00fcresi":"5 dakika"},"schema":{"@context":"https:\/\/schema.org","@graph":[{"@type":"WebPage","@id":"https:\/\/myvize.com.tr\/gine\/vize-islemleri\/gine-turistik-vize\/","url":"https:\/\/myvize.com.tr\/gine\/vize-islemleri\/gine-turistik-vize\/","name":"Gine Turistik Vize Ba\u015fvuru \u0130\u015flemleri - Gine Vizesi - MyVize","isPartOf":{"@id":"https:\/\/myvize.com.tr\/gine\/#website"},"primaryImageOfPage":{"@id":"https:\/\/myvize.com.tr\/gine\/vize-islemleri\/gine-turistik-vize\/#primaryimage"},"image":{"@id":"https:\/\/myvize.com.tr\/gine\/vize-islemleri\/gine-turistik-vize\/#primaryimage"},"thumbnailUrl":"https:\/\/myvize.com.tr\/gine\/wp-content\/uploads\/2021\/10\/2.jpg","datePublished":"2020-11-30T05:52:07+00:00","dateModified":"2022-05-10T12:02:19+00:00","description":"Gine Turistik Vize Nas\u0131l Al\u0131n\u0131r? Gine Turistik Vize \u0130\u015flemleri Nelerdir? Gine Turistik Vize \u0130\u00e7in Gerekli Evraklar Neler?","breadcrumb":{"@id":"https:\/\/myvize.com.tr\/gine\/vize-islemleri\/gine-turistik-vize\/#breadcrumb"},"inLanguage":"tr","potentialAction":[{"@type":"ReadAction","target":["https:\/\/myvize.com.tr\/gine\/vize-islemleri\/gine-turistik-vize\/"]}]},{"@type":"ImageObject","inLanguage":"tr","@id":"https:\/\/myvize.com.tr\/gine\/vize-islemleri\/gine-turistik-vize\/#primaryimage","url":"https:\/\/myvize.com.tr\/gine\/wp-content\/uploads\/2021\/10\/2.jpg","contentUrl":"https:\/\/myvize.com.tr\/gine\/wp-content\/uploads\/2021\/10\/2.jpg","width":800,"height":500,"caption":"Gine Turistik Vize"},{"@type":"BreadcrumbList","@id":"https:\/\/myvize.com.tr\/gine\/vize-islemleri\/gine-turistik-vize\/#breadcrumb","itemListElement":[{"@type":"ListItem","position":1,"name":"Anasayfa","item":"https:\/\/myvize.com.tr\/gine\/"},{"@type":"ListItem","position":2,"name":"V\u0130ZE \u0130\u015eLEMLER\u0130","item":"https:\/\/myvize.com.tr\/gine\/vize-islemleri\/"},{"@type":"ListItem","position":3,"name":"Gine Turistik Vize"}]},{"@type":"WebSite","@id":"https:\/\/myvize.com.tr\/gine\/#website","url":"https:\/\/myvize.com.tr\/gine\/","name":"Gine Vizesi","description":"","potentialAction":[{"@type":"SearchAction","target":{"@type":"EntryPoint","urlTemplate":"https:\/\/myvize.com.tr\/gine\/?s={search_term_string}"},"query-input":{"@type":"PropertyValueSpecification","valueRequired":true,"valueName":"search_term_string"}}],"inLanguage":"tr"}]}},"_links":{"self":[{"href":"https:\/\/myvize.com.tr\/gine\/wp-json\/wp\/v2\/pages\/21","targetHints":{"allow":["GET"]}}],"collection":[{"href":"https:\/\/myvize.com.tr\/gine\/wp-json\/wp\/v2\/pages"}],"about":[{"href":"https:\/\/myvize.com.tr\/gine\/wp-json\/wp\/v2\/types\/page"}],"author":[{"embeddable":true,"href":"https:\/\/myvize.com.tr\/gine\/wp-json\/wp\/v2\/users\/1"}],"replies":[{"embeddable":true,"href":"https:\/\/myvize.com.tr\/gine\/wp-json\/wp\/v2\/comments?post=21"}],"version-history":[{"count":10,"href":"https:\/\/myvize.com.tr\/gine\/wp-json\/wp\/v2\/pages\/21\/revisions"}],"predecessor-version":[{"id":601,"href":"https:\/\/myvize.com.tr\/gine\/wp-json\/wp\/v2\/pages\/21\/revisions\/601"}],"up":[{"embeddable":true,"href":"https:\/\/myvize.com.tr\/gine\/wp-json\/wp\/v2\/pages\/18"}],"wp:attachment":[{"href":"https:\/\/myvize.com.tr\/gine\/wp-json\/wp\/v2\/media?parent=21"}],"curies":[{"name":"wp","href":"https:\/\/api.w.org\/{rel}","templated":true}]}}