{"id":150,"date":"2021-06-18T12:00:36","date_gmt":"2021-06-18T09:00:36","guid":{"rendered":"https:\/\/myvize.com.tr\/gine\/?page_id=150"},"modified":"2022-05-10T16:25:19","modified_gmt":"2022-05-10T13:25:19","slug":"duyurular","status":"publish","type":"page","link":"https:\/\/myvize.com.tr\/gine\/duyurular\/","title":{"rendered":"DUYURULAR"},"content":{"rendered":"<p><span style=\"font-family: Roboto;\"><\/span><\/p>\r\n<h2><span style=\"font-family: Roboto; font-size: 27px;\"><strong>Gine<\/strong>\u00a0<strong>Covid19 Sonras\u0131 Vize S\u00fcreci<\/strong><\/span><\/h2>\r\n<p><span style=\"font-family: Roboto; font-size: 14px;\">\r\n\r\n<\/span><\/p>\r\n<p><span style=\"font-family: Roboto; font-size: 14px;\">Vize s\u00fcreci s\u0131k\u0131nt\u0131l\u0131 olan \u00fclkelerden biri de Gine\u2019dir. Pek \u00e7ok \u00fclkede k\u0131s\u0131tlamalar kalksa da baz\u0131 \u00fclkelerde halen Covit19 s\u0131k\u0131nt\u0131s\u0131 ya\u015fanmaktad\u0131r.\u00dclke genelinde karantina bulunmaktad\u0131r. E\u011fer Gine\u2019ye seyahat etmek gibi bir iste\u011finiz varsa \u015fu an \u00fclkede seyahat izni yoktur. Ancak herhangi bir durum ile \u00fclkeye giri\u015f yapmak zorunlulu\u011funda iseniz vizeniz onaylanacakt\u0131r. Elbette ki sa\u011fl\u0131k kontrol\u00fcnden ge\u00e7ti\u011finizi belgeleyen yaz\u0131l\u0131 bir onay belgesi ile sa\u011flanmaktad\u0131r. Her \u00fclkenin kendine ait vize s\u00fcreci vard\u0131r. Vizelerin \u00e7\u0131k\u0131\u015f\u0131, t\u00fcr\u00fcne, seyahatin amac\u0131na y\u00f6nelik de\u011fi\u015fim g\u00f6stermektedir. K\u0131s\u0131tlama oldu\u011fu halde acil olarak \u00e7\u0131kart\u0131lmas\u0131 gereken vizeler sorunsuz bir \u015fekilde \u00e7\u0131kart\u0131lmaktad\u0131r.<\/span><\/p>\r\n<p><span style=\"font-family: Roboto; font-size: 14px;\">\r\n\r\n<\/span><\/p>\r\n<p><span style=\"font-family: Roboto; font-size: 14px;\"><strong>Gine<\/strong>\u00a0<strong>Covid19 Sonras\u0131 Vize S\u00fcreci,\u00a0<\/strong>ilgin\u00e7 bir \u015fekilde i\u015flemektedir. \u00dclkeye istenildi\u011fi gibi giri\u015f \u00e7\u0131k\u0131\u015f yap\u0131lamad\u0131\u011f\u0131 i\u00e7in, \u00f6zel izinli olarak m\u00fcracaat edilmesi gerekir. Bu da Uluslararas\u0131 Kontrol Merkezi Seyahat Masas\u0131 arac\u0131l\u0131\u011f\u0131 ile izin onay\u0131n\u0131n sa\u011flanmas\u0131 gerekir. Bu sayede vize s\u00fcreci ba\u015flam\u0131\u015f olur. Bu \u015fartlar alt\u0131nda \u00fclkeye giren herkes on d\u00f6rt g\u00fcn boyunca karantinada kal\u0131r. Bununla birlikte \u00fclkede ikamet eden yolculara takip cihaz\u0131 ba\u011flanmaktad\u0131r. U\u00e7u\u015f \u00f6ncesinde yetmi\u015f iki saat i\u00e7erisinde yapt\u0131rm\u0131\u015f oldu\u011funuz PCR testini beyan etmeniz \u00fclke s\u0131n\u0131rlar\u0131na girdi\u011finiz anda \u00f6nem ta\u015f\u0131r.<\/span><\/p>\r\n<p><span style=\"font-family: Roboto;\"><\/span><\/p>","protected":false},"excerpt":{"rendered":"<p>Gine\u00a0Covid19 Sonras\u0131 Vize S\u00fcreci Vize s\u00fcreci s\u0131k\u0131nt\u0131l\u0131 olan \u00fclkelerden biri de Gine\u2019dir. Pek \u00e7ok \u00fclkede k\u0131s\u0131tlamalar kalksa da baz\u0131 \u00fclkelerde halen Covit19 s\u0131k\u0131nt\u0131s\u0131 ya\u015fanmaktad\u0131r.\u00dclke genelinde karantina bulunmaktad\u0131r. E\u011fer Gine\u2019ye seyahat etmek gibi bir iste\u011finiz varsa \u015fu an \u00fclkede seyahat izni yoktur. Ancak herhangi bir durum ile \u00fclkeye giri\u015f yapmak zorunlulu\u011funda iseniz vizeniz onaylanacakt\u0131r. Elbette ki<\/p>\n","protected":false},"author":1,"featured_media":0,"parent":0,"menu_order":0,"comment_status":"closed","ping_status":"closed","template":"","meta":{"footnotes":""},"class_list":["post-150","page","type-page","status-publish","hentry"],"yoast_head":"<!-- This site is optimized with the Yoast SEO plugin v26.8 - https:\/\/yoast.com\/product\/yoast-seo-wordpress\/ -->\n<title>Gine Konsoloslu\u011fu Duyurular\u0131 - Gine Vize \u0130\u015flemleri - MyVize<\/title>\n<meta name=\"description\" content=\"Gine Konsoloslu\u011fu Duyurular\u0131 Nelerdir? Gine Covid19 Duyurular\u0131. Bilgi \u0130\u00e7in Vize Uzmanlar\u0131m\u0131z\u0131 Aray\u0131n: 0850 346 84 93\" \/>\n<meta name=\"robots\" content=\"index, follow, max-snippet:-1, max-image-preview:large, max-video-preview:-1\" \/>\n<link rel=\"canonical\" href=\"https:\/\/myvize.com.tr\/gine\/duyurular\/\" \/>\n<meta property=\"og:locale\" content=\"tr_TR\" \/>\n<meta property=\"og:type\" content=\"article\" \/>\n<meta property=\"og:title\" content=\"Gine Konsoloslu\u011fu Duyurular\u0131 - Gine Vize \u0130\u015flemleri - MyVize\" \/>\n<meta property=\"og:description\" content=\"Gine Konsoloslu\u011fu Duyurular\u0131 Nelerdir? Gine Covid19 Duyurular\u0131. Bilgi \u0130\u00e7in Vize Uzmanlar\u0131m\u0131z\u0131 Aray\u0131n: 0850 346 84 93\" \/>\n<meta property=\"og:url\" content=\"https:\/\/myvize.com.tr\/gine\/duyurular\/\" \/>\n<meta property=\"og:site_name\" content=\"Gine Vizesi\" \/>\n<meta property=\"article:modified_time\" content=\"2022-05-10T13:25:19+00:00\" \/>\n<meta name=\"twitter:card\" content=\"summary_large_image\" \/>\n<meta name=\"twitter:label1\" content=\"Tahmini okuma s\u00fcresi\" \/>\n\t<meta name=\"twitter:data1\" content=\"1 dakika\" \/>\n<script type=\"application\/ld+json\" class=\"yoast-schema-graph\">{\"@context\":\"https:\/\/schema.org\",\"@graph\":[{\"@type\":\"WebPage\",\"@id\":\"https:\/\/myvize.com.tr\/gine\/duyurular\/\",\"url\":\"https:\/\/myvize.com.tr\/gine\/duyurular\/\",\"name\":\"Gine Konsoloslu\u011fu Duyurular\u0131 - Gine Vize \u0130\u015flemleri - MyVize\",\"isPartOf\":{\"@id\":\"https:\/\/myvize.com.tr\/gine\/#website\"},\"datePublished\":\"2021-06-18T09:00:36+00:00\",\"dateModified\":\"2022-05-10T13:25:19+00:00\",\"description\":\"Gine Konsoloslu\u011fu Duyurular\u0131 Nelerdir? Gine Covid19 Duyurular\u0131. Bilgi \u0130\u00e7in Vize Uzmanlar\u0131m\u0131z\u0131 Aray\u0131n: 0850 346 84 93\",\"breadcrumb\":{\"@id\":\"https:\/\/myvize.com.tr\/gine\/duyurular\/#breadcrumb\"},\"inLanguage\":\"tr\",\"potentialAction\":[{\"@type\":\"ReadAction\",\"target\":[\"https:\/\/myvize.com.tr\/gine\/duyurular\/\"]}]},{\"@type\":\"BreadcrumbList\",\"@id\":\"https:\/\/myvize.com.tr\/gine\/duyurular\/#breadcrumb\",\"itemListElement\":[{\"@type\":\"ListItem\",\"position\":1,\"name\":\"Anasayfa\",\"item\":\"https:\/\/myvize.com.tr\/gine\/\"},{\"@type\":\"ListItem\",\"position\":2,\"name\":\"DUYURULAR\"}]},{\"@type\":\"WebSite\",\"@id\":\"https:\/\/myvize.com.tr\/gine\/#website\",\"url\":\"https:\/\/myvize.com.tr\/gine\/\",\"name\":\"Gine Vizesi\",\"description\":\"\",\"potentialAction\":[{\"@type\":\"SearchAction\",\"target\":{\"@type\":\"EntryPoint\",\"urlTemplate\":\"https:\/\/myvize.com.tr\/gine\/?s={search_term_string}\"},\"query-input\":{\"@type\":\"PropertyValueSpecification\",\"valueRequired\":true,\"valueName\":\"search_term_string\"}}],\"inLanguage\":\"tr\"}]}<\/script>\n<!-- \/ Yoast SEO plugin. -->","yoast_head_json":{"title":"Gine Konsoloslu\u011fu Duyurular\u0131 - Gine Vize \u0130\u015flemleri - MyVize","description":"Gine Konsoloslu\u011fu Duyurular\u0131 Nelerdir? Gine Covid19 Duyurular\u0131. Bilgi \u0130\u00e7in Vize Uzmanlar\u0131m\u0131z\u0131 Aray\u0131n: 0850 346 84 93","robots":{"index":"index","follow":"follow","max-snippet":"max-snippet:-1","max-image-preview":"max-image-preview:large","max-video-preview":"max-video-preview:-1"},"canonical":"https:\/\/myvize.com.tr\/gine\/duyurular\/","og_locale":"tr_TR","og_type":"article","og_title":"Gine Konsoloslu\u011fu Duyurular\u0131 - Gine Vize \u0130\u015flemleri - MyVize","og_description":"Gine Konsoloslu\u011fu Duyurular\u0131 Nelerdir? Gine Covid19 Duyurular\u0131. Bilgi \u0130\u00e7in Vize Uzmanlar\u0131m\u0131z\u0131 Aray\u0131n: 0850 346 84 93","og_url":"https:\/\/myvize.com.tr\/gine\/duyurular\/","og_site_name":"Gine Vizesi","article_modified_time":"2022-05-10T13:25:19+00:00","twitter_card":"summary_large_image","twitter_misc":{"Tahmini okuma s\u00fcresi":"1 dakika"},"schema":{"@context":"https:\/\/schema.org","@graph":[{"@type":"WebPage","@id":"https:\/\/myvize.com.tr\/gine\/duyurular\/","url":"https:\/\/myvize.com.tr\/gine\/duyurular\/","name":"Gine Konsoloslu\u011fu Duyurular\u0131 - Gine Vize \u0130\u015flemleri - MyVize","isPartOf":{"@id":"https:\/\/myvize.com.tr\/gine\/#website"},"datePublished":"2021-06-18T09:00:36+00:00","dateModified":"2022-05-10T13:25:19+00:00","description":"Gine Konsoloslu\u011fu Duyurular\u0131 Nelerdir? Gine Covid19 Duyurular\u0131. Bilgi \u0130\u00e7in Vize Uzmanlar\u0131m\u0131z\u0131 Aray\u0131n: 0850 346 84 93","breadcrumb":{"@id":"https:\/\/myvize.com.tr\/gine\/duyurular\/#breadcrumb"},"inLanguage":"tr","potentialAction":[{"@type":"ReadAction","target":["https:\/\/myvize.com.tr\/gine\/duyurular\/"]}]},{"@type":"BreadcrumbList","@id":"https:\/\/myvize.com.tr\/gine\/duyurular\/#breadcrumb","itemListElement":[{"@type":"ListItem","position":1,"name":"Anasayfa","item":"https:\/\/myvize.com.tr\/gine\/"},{"@type":"ListItem","position":2,"name":"DUYURULAR"}]},{"@type":"WebSite","@id":"https:\/\/myvize.com.tr\/gine\/#website","url":"https:\/\/myvize.com.tr\/gine\/","name":"Gine Vizesi","description":"","potentialAction":[{"@type":"SearchAction","target":{"@type":"EntryPoint","urlTemplate":"https:\/\/myvize.com.tr\/gine\/?s={search_term_string}"},"query-input":{"@type":"PropertyValueSpecification","valueRequired":true,"valueName":"search_term_string"}}],"inLanguage":"tr"}]}},"_links":{"self":[{"href":"https:\/\/myvize.com.tr\/gine\/wp-json\/wp\/v2\/pages\/150","targetHints":{"allow":["GET"]}}],"collection":[{"href":"https:\/\/myvize.com.tr\/gine\/wp-json\/wp\/v2\/pages"}],"about":[{"href":"https:\/\/myvize.com.tr\/gine\/wp-json\/wp\/v2\/types\/page"}],"author":[{"embeddable":true,"href":"https:\/\/myvize.com.tr\/gine\/wp-json\/wp\/v2\/users\/1"}],"replies":[{"embeddable":true,"href":"https:\/\/myvize.com.tr\/gine\/wp-json\/wp\/v2\/comments?post=150"}],"version-history":[{"count":5,"href":"https:\/\/myvize.com.tr\/gine\/wp-json\/wp\/v2\/pages\/150\/revisions"}],"predecessor-version":[{"id":627,"href":"https:\/\/myvize.com.tr\/gine\/wp-json\/wp\/v2\/pages\/150\/revisions\/627"}],"wp:attachment":[{"href":"https:\/\/myvize.com.tr\/gine\/wp-json\/wp\/v2\/media?parent=150"}],"curies":[{"name":"wp","href":"https:\/\/api.w.org\/{rel}","templated":true}]}}