{"id":244,"date":"2021-01-15T16:40:55","date_gmt":"2021-01-15T13:40:55","guid":{"rendered":"https:\/\/myvize.com.tr\/dubai\/?page_id=244"},"modified":"2023-02-21T11:33:11","modified_gmt":"2023-02-21T08:33:11","slug":"vize-basvuru-formu","status":"publish","type":"page","link":"https:\/\/myvize.com.tr\/dubai\/form-ve-dilekce\/vize-basvuru-formu\/","title":{"rendered":"Dubai Vize Ba\u015fvuru Formu"},"content":{"rendered":"<h2><span style=\"font-family: Roboto; font-size: 27px;\"><strong>Dubai Vize Ba\u015fvuru Formu Hakk\u0131nda<\/strong><\/span><\/h2>\n<p><span style=\"font-family: Roboto; font-size: 14px;\"><strong>Dubai vizesi<\/strong> ba\u015fvuru i\u015fleminin ilk ad\u0131m\u0131n\u0131 olu\u015fturan formun doldurulmas\u0131d\u0131r. Ba\u015fvuru formu i\u00e7inde yer alan soruya ger\u00e7e\u011fe uygun ve eksiksiz yan\u0131t verilmesi olduk\u00e7a \u00f6nem arz etmekte.<\/span><br \/>\n<span style=\"font-family: Roboto; font-size: 14px;\"><strong>Dubai Konsoloslu\u011fu vizesi<\/strong> ba\u015fvuru sahipleri ve Dubai seyahatiyle ilgili bilgiye ba\u015fvuru formu \u00fczerinden ula\u015f\u0131lmaktad\u0131r. Form i\u00e7inde yer alan soruya yanl\u0131\u015f ya da ger\u00e7e\u011fe uygun yan\u0131t verilmemesi <strong>Dubai Konsoloslu\u011fu<\/strong> de\u011ferlendirme a\u015famas\u0131na ba\u015fvurunun reddi ile sonu\u00e7lanmas\u0131na neden olabilmekte.<\/span><br \/>\n<span style=\"font-family: Roboto; font-size: 14px;\"><strong>Dubai vizesi ba\u015fvuru formu<\/strong> i\u00e7inde yer alan soruya verilen yan\u0131t ile ibraz edilen di\u011fer gerekli belgelerde yer alan bilginin birbirini desteklemesi gerekmekte. Ba\u015fvuru form ve belgeler aras\u0131nda tutars\u0131z g\u00f6zlemlenme ba\u015fvuru ret nedeni aras\u0131nda yer almakta. Dubai vizesi formunun prosed\u00fcre uygun \u015fekilde doldurulmas\u0131 de\u011ferlendirme a\u015famalar\u0131nda olduk\u00e7a \u00f6nem arz etmekte.<\/span><br \/>\n<span style=\"font-family: Roboto; font-size: 14px;\"><strong>Dubai vizesi<\/strong> ba\u015fvuru form uluslararas\u0131 prosed\u00fcrlerde kullan\u0131lan resm\u00ee belgedir. Bu sebeple belgenin dikkatlice doldurulmas\u0131, ba\u015fvuru sahiplerine y\u00f6neltilen soruya eksiksiz, tutarl\u0131 ve ger\u00e7ekli\u011fe uygun yan\u0131t verilmesi \u015fart\u0131 aranmakta. Aksi g\u00f6zlemlenen durumda ger\u00e7ekle\u015ftirilen ba\u015fvurular vize reddiyle sonu\u00e7lanabilmekte.<\/span><br \/>\n<span style=\"font-family: Roboto; font-size: 14px;\">Ba\u015fvuru form doldurulmas\u0131 a\u015famas\u0131 sorulara eksik ya da as\u0131ls\u0131z yan\u0131t verilmesi ba\u015fvuru reddedilmesiyle birlikte \u00fclkeye giri\u015f-\u00e7\u0131k\u0131\u015f yap\u0131lmas\u0131n\u0131 engellenmesi ve ceza yapt\u0131r\u0131m uygulanmas\u0131 neden olabilmekte. Form i\u00e7inde verilen sahte bilgi su\u00e7 unsuru \u00f6zelli\u011fi ta\u015f\u0131makta.<\/span><br \/>\n<span style=\"font-family: Roboto; font-size: 14px;\"><strong>Dubai vizesi formu<\/strong> doldurulup imzalanma vize s\u00fcresi sona ermede<strong> Dubai s\u0131n\u0131rlar\u0131<\/strong> i\u00e7inde \u00e7\u0131k\u0131\u015f yap\u0131laca\u011f\u0131 taahh\u00fct edilmesi anlamlar\u0131na gelmekte. <strong>Dubai vizesi ba\u015fvurusu<\/strong> onaylanmas\u0131 \u00fclke s\u0131n\u0131r\u0131 i\u00e7erisine do\u011frudan giri\u015f yapabilmek hakk\u0131 tan\u0131mamakta. Dubai s\u0131n\u0131r\u0131 i\u00e7erisine giri\u015f izni s\u0131n\u0131r g\u00f6revlisi sorumlulu\u011fundan verilmekte. Ba\u015fvuru form bu prosed\u00fcr\u00fc kabul edildi\u011fine ait i\u00e7eri\u011fe sahip olarak ibraz edilmekte.<\/span><\/p>\n<p><span style=\"font-family: Roboto; font-size: 14px;\"><span style=\"color: #2acec2;\"><strong><a style=\"color: #2acec2;\" href=\"https:\/\/myvize.com.tr\/dubai\/vize-islemleri\/dubai-vize-reddi\/\" target=\"_blank\" rel=\"noopener\">Dubai Vize Reddi <\/a><\/strong><\/span>ile ilgili bilgi almak i\u00e7in bizi aray\u0131n.<\/span><\/p>\n","protected":false},"excerpt":{"rendered":"<p>Dubai Vize Ba\u015fvuru Formu Hakk\u0131nda Dubai vizesi ba\u015fvuru i\u015fleminin ilk ad\u0131m\u0131n\u0131 olu\u015fturan formun doldurulmas\u0131d\u0131r. Ba\u015fvuru formu i\u00e7inde yer alan soruya ger\u00e7e\u011fe uygun ve eksiksiz yan\u0131t verilmesi olduk\u00e7a \u00f6nem arz etmekte. Dubai Konsoloslu\u011fu vizesi ba\u015fvuru sahipleri ve Dubai seyahatiyle ilgili bilgiye ba\u015fvuru formu \u00fczerinden ula\u015f\u0131lmaktad\u0131r. Form i\u00e7inde yer alan soruya yanl\u0131\u015f ya da ger\u00e7e\u011fe uygun yan\u0131t<\/p>\n","protected":false},"author":1,"featured_media":0,"parent":144,"menu_order":0,"comment_status":"closed","ping_status":"closed","template":"","meta":{"footnotes":""},"class_list":["post-244","page","type-page","status-publish","hentry"],"yoast_head":"<!-- This site is optimized with the Yoast SEO plugin v24.0 - https:\/\/yoast.com\/wordpress\/plugins\/seo\/ -->\n<title>Dubai Vize Ba\u015fvuru Formu - MyVize Vize Ba\u015fvuru Merkezi<\/title>\n<meta name=\"description\" content=\"Dubai Vize Ba\u015fvuru Formu Nas\u0131l Doldurulur? Dubai Vize Ba\u015fvuru Formu 2022 G\u00fcncel Bilgileri Neler? Bilgi \u0130\u00e7in Hemen Aray\u0131n: 0850 346 84 93\" \/>\n<meta name=\"robots\" content=\"index, follow, max-snippet:-1, max-image-preview:large, max-video-preview:-1\" \/>\n<link rel=\"canonical\" href=\"https:\/\/myvize.com.tr\/dubai\/form-ve-dilekce\/vize-basvuru-formu\/\" \/>\n<meta property=\"og:locale\" content=\"tr_TR\" \/>\n<meta property=\"og:type\" content=\"article\" \/>\n<meta property=\"og:title\" content=\"Dubai Vize Ba\u015fvuru Formu - MyVize Vize Ba\u015fvuru Merkezi\" \/>\n<meta property=\"og:description\" content=\"Dubai Vize Ba\u015fvuru Formu Nas\u0131l Doldurulur? Dubai Vize Ba\u015fvuru Formu 2022 G\u00fcncel Bilgileri Neler? Bilgi \u0130\u00e7in Hemen Aray\u0131n: 0850 346 84 93\" \/>\n<meta property=\"og:url\" content=\"https:\/\/myvize.com.tr\/dubai\/form-ve-dilekce\/vize-basvuru-formu\/\" \/>\n<meta property=\"og:site_name\" content=\"Dubai Vizesi\" \/>\n<meta property=\"article:modified_time\" content=\"2023-02-21T08:33:11+00:00\" \/>\n<meta name=\"twitter:card\" content=\"summary_large_image\" \/>\n<meta name=\"twitter:label1\" content=\"Tahmini okuma s\u00fcresi\" \/>\n\t<meta name=\"twitter:data1\" content=\"2 dakika\" \/>\n<script type=\"application\/ld+json\" class=\"yoast-schema-graph\">{\"@context\":\"https:\/\/schema.org\",\"@graph\":[{\"@type\":\"WebPage\",\"@id\":\"https:\/\/myvize.com.tr\/dubai\/form-ve-dilekce\/vize-basvuru-formu\/\",\"url\":\"https:\/\/myvize.com.tr\/dubai\/form-ve-dilekce\/vize-basvuru-formu\/\",\"name\":\"Dubai Vize Ba\u015fvuru Formu - MyVize Vize Ba\u015fvuru Merkezi\",\"isPartOf\":{\"@id\":\"https:\/\/myvize.com.tr\/dubai\/#website\"},\"datePublished\":\"2021-01-15T13:40:55+00:00\",\"dateModified\":\"2023-02-21T08:33:11+00:00\",\"description\":\"Dubai Vize Ba\u015fvuru Formu Nas\u0131l Doldurulur? Dubai Vize Ba\u015fvuru Formu 2022 G\u00fcncel Bilgileri Neler? Bilgi \u0130\u00e7in Hemen Aray\u0131n: 0850 346 84 93\",\"breadcrumb\":{\"@id\":\"https:\/\/myvize.com.tr\/dubai\/form-ve-dilekce\/vize-basvuru-formu\/#breadcrumb\"},\"inLanguage\":\"tr\",\"potentialAction\":[{\"@type\":\"ReadAction\",\"target\":[\"https:\/\/myvize.com.tr\/dubai\/form-ve-dilekce\/vize-basvuru-formu\/\"]}]},{\"@type\":\"BreadcrumbList\",\"@id\":\"https:\/\/myvize.com.tr\/dubai\/form-ve-dilekce\/vize-basvuru-formu\/#breadcrumb\",\"itemListElement\":[{\"@type\":\"ListItem\",\"position\":1,\"name\":\"Anasayfa\",\"item\":\"https:\/\/myvize.com.tr\/dubai\/\"},{\"@type\":\"ListItem\",\"position\":2,\"name\":\"FORM VE D\u0130LEK\u00c7E\",\"item\":\"https:\/\/myvize.com.tr\/dubai\/form-ve-dilekce\/\"},{\"@type\":\"ListItem\",\"position\":3,\"name\":\"Dubai Vize Ba\u015fvuru Formu\"}]},{\"@type\":\"WebSite\",\"@id\":\"https:\/\/myvize.com.tr\/dubai\/#website\",\"url\":\"https:\/\/myvize.com.tr\/dubai\/\",\"name\":\"Dubai Vizesi\",\"description\":\"\",\"potentialAction\":[{\"@type\":\"SearchAction\",\"target\":{\"@type\":\"EntryPoint\",\"urlTemplate\":\"https:\/\/myvize.com.tr\/dubai\/?s={search_term_string}\"},\"query-input\":{\"@type\":\"PropertyValueSpecification\",\"valueRequired\":true,\"valueName\":\"search_term_string\"}}],\"inLanguage\":\"tr\"}]}<\/script>\n<!-- \/ Yoast SEO plugin. -->","yoast_head_json":{"title":"Dubai Vize Ba\u015fvuru Formu - MyVize Vize Ba\u015fvuru Merkezi","description":"Dubai Vize Ba\u015fvuru Formu Nas\u0131l Doldurulur? Dubai Vize Ba\u015fvuru Formu 2022 G\u00fcncel Bilgileri Neler? Bilgi \u0130\u00e7in Hemen Aray\u0131n: 0850 346 84 93","robots":{"index":"index","follow":"follow","max-snippet":"max-snippet:-1","max-image-preview":"max-image-preview:large","max-video-preview":"max-video-preview:-1"},"canonical":"https:\/\/myvize.com.tr\/dubai\/form-ve-dilekce\/vize-basvuru-formu\/","og_locale":"tr_TR","og_type":"article","og_title":"Dubai Vize Ba\u015fvuru Formu - MyVize Vize Ba\u015fvuru Merkezi","og_description":"Dubai Vize Ba\u015fvuru Formu Nas\u0131l Doldurulur? Dubai Vize Ba\u015fvuru Formu 2022 G\u00fcncel Bilgileri Neler? Bilgi \u0130\u00e7in Hemen Aray\u0131n: 0850 346 84 93","og_url":"https:\/\/myvize.com.tr\/dubai\/form-ve-dilekce\/vize-basvuru-formu\/","og_site_name":"Dubai Vizesi","article_modified_time":"2023-02-21T08:33:11+00:00","twitter_card":"summary_large_image","twitter_misc":{"Tahmini okuma s\u00fcresi":"2 dakika"},"schema":{"@context":"https:\/\/schema.org","@graph":[{"@type":"WebPage","@id":"https:\/\/myvize.com.tr\/dubai\/form-ve-dilekce\/vize-basvuru-formu\/","url":"https:\/\/myvize.com.tr\/dubai\/form-ve-dilekce\/vize-basvuru-formu\/","name":"Dubai Vize Ba\u015fvuru Formu - MyVize Vize Ba\u015fvuru Merkezi","isPartOf":{"@id":"https:\/\/myvize.com.tr\/dubai\/#website"},"datePublished":"2021-01-15T13:40:55+00:00","dateModified":"2023-02-21T08:33:11+00:00","description":"Dubai Vize Ba\u015fvuru Formu Nas\u0131l Doldurulur? Dubai Vize Ba\u015fvuru Formu 2022 G\u00fcncel Bilgileri Neler? Bilgi \u0130\u00e7in Hemen Aray\u0131n: 0850 346 84 93","breadcrumb":{"@id":"https:\/\/myvize.com.tr\/dubai\/form-ve-dilekce\/vize-basvuru-formu\/#breadcrumb"},"inLanguage":"tr","potentialAction":[{"@type":"ReadAction","target":["https:\/\/myvize.com.tr\/dubai\/form-ve-dilekce\/vize-basvuru-formu\/"]}]},{"@type":"BreadcrumbList","@id":"https:\/\/myvize.com.tr\/dubai\/form-ve-dilekce\/vize-basvuru-formu\/#breadcrumb","itemListElement":[{"@type":"ListItem","position":1,"name":"Anasayfa","item":"https:\/\/myvize.com.tr\/dubai\/"},{"@type":"ListItem","position":2,"name":"FORM VE D\u0130LEK\u00c7E","item":"https:\/\/myvize.com.tr\/dubai\/form-ve-dilekce\/"},{"@type":"ListItem","position":3,"name":"Dubai Vize Ba\u015fvuru Formu"}]},{"@type":"WebSite","@id":"https:\/\/myvize.com.tr\/dubai\/#website","url":"https:\/\/myvize.com.tr\/dubai\/","name":"Dubai Vizesi","description":"","potentialAction":[{"@type":"SearchAction","target":{"@type":"EntryPoint","urlTemplate":"https:\/\/myvize.com.tr\/dubai\/?s={search_term_string}"},"query-input":{"@type":"PropertyValueSpecification","valueRequired":true,"valueName":"search_term_string"}}],"inLanguage":"tr"}]}},"_links":{"self":[{"href":"https:\/\/myvize.com.tr\/dubai\/wp-json\/wp\/v2\/pages\/244","targetHints":{"allow":["GET"]}}],"collection":[{"href":"https:\/\/myvize.com.tr\/dubai\/wp-json\/wp\/v2\/pages"}],"about":[{"href":"https:\/\/myvize.com.tr\/dubai\/wp-json\/wp\/v2\/types\/page"}],"author":[{"embeddable":true,"href":"https:\/\/myvize.com.tr\/dubai\/wp-json\/wp\/v2\/users\/1"}],"replies":[{"embeddable":true,"href":"https:\/\/myvize.com.tr\/dubai\/wp-json\/wp\/v2\/comments?post=244"}],"version-history":[{"count":5,"href":"https:\/\/myvize.com.tr\/dubai\/wp-json\/wp\/v2\/pages\/244\/revisions"}],"predecessor-version":[{"id":727,"href":"https:\/\/myvize.com.tr\/dubai\/wp-json\/wp\/v2\/pages\/244\/revisions\/727"}],"up":[{"embeddable":true,"href":"https:\/\/myvize.com.tr\/dubai\/wp-json\/wp\/v2\/pages\/144"}],"wp:attachment":[{"href":"https:\/\/myvize.com.tr\/dubai\/wp-json\/wp\/v2\/media?parent=244"}],"curies":[{"name":"wp","href":"https:\/\/api.w.org\/{rel}","templated":true}]}}