{"id":278,"date":"2021-01-20T15:13:55","date_gmt":"2021-01-20T12:13:55","guid":{"rendered":"https:\/\/myvize.com.tr\/cad\/?page_id=278"},"modified":"2022-01-13T14:38:26","modified_gmt":"2022-01-13T11:38:26","slug":"ticari-vize-dilekce-ornegi","status":"publish","type":"page","link":"https:\/\/myvize.com.tr\/cad\/form-ve-dilekce\/ticari-vize-dilekce-ornegi\/","title":{"rendered":"\u00c7ad Ticari Vize Dilek\u00e7e \u00d6rne\u011fi"},"content":{"rendered":"\n<h2 class=\"wp-block-heading\"><strong>\u00c7ad Ticari Vize Dilek\u00e7e \u00d6rne\u011fi Hakk\u0131nda<\/strong><\/h2>\n","protected":false},"excerpt":{"rendered":"<p>\u00c7ad Ticari Vize Dilek\u00e7e \u00d6rne\u011fi Hakk\u0131nda<\/p>\n","protected":false},"author":1,"featured_media":0,"parent":144,"menu_order":0,"comment_status":"closed","ping_status":"closed","template":"","meta":{"footnotes":""},"class_list":["post-278","page","type-page","status-publish","hentry"],"yoast_head":"<!-- This site is optimized with the Yoast SEO plugin v24.0 - https:\/\/yoast.com\/wordpress\/plugins\/seo\/ -->\n<title>\u00c7ad Ticari Vize Dilek\u00e7e \u00d6rne\u011fi - \u00c7ad Vizesi - MyVize<\/title>\n<meta name=\"description\" content=\"\u00c7ad&#039;a ticari vize alarak gitmek isteyenler ticari vize dilek\u00e7e \u00f6rne\u011fi rehberli\u011finde bir dilek\u00e7e yazmal\u0131d\u0131r. Peki ticari vize dilek\u00e7esi nas...\" \/>\n<meta name=\"robots\" content=\"index, follow, max-snippet:-1, max-image-preview:large, max-video-preview:-1\" \/>\n<link rel=\"canonical\" href=\"https:\/\/myvize.com.tr\/cad\/form-ve-dilekce\/ticari-vize-dilekce-ornegi\/\" \/>\n<meta property=\"og:locale\" content=\"tr_TR\" \/>\n<meta property=\"og:type\" content=\"article\" \/>\n<meta property=\"og:title\" content=\"\u00c7ad Ticari Vize Dilek\u00e7e \u00d6rne\u011fi - \u00c7ad Vizesi - MyVize\" \/>\n<meta property=\"og:description\" content=\"\u00c7ad&#039;a ticari vize alarak gitmek isteyenler ticari vize dilek\u00e7e \u00f6rne\u011fi rehberli\u011finde bir dilek\u00e7e yazmal\u0131d\u0131r. Peki ticari vize dilek\u00e7esi nas...\" \/>\n<meta property=\"og:url\" content=\"https:\/\/myvize.com.tr\/cad\/form-ve-dilekce\/ticari-vize-dilekce-ornegi\/\" \/>\n<meta property=\"og:site_name\" content=\"\u00c7ad Vizesi\" \/>\n<meta property=\"article:modified_time\" content=\"2022-01-13T11:38:26+00:00\" \/>\n<meta name=\"twitter:card\" content=\"summary_large_image\" \/>\n<meta name=\"twitter:label1\" content=\"Tahmini okuma s\u00fcresi\" \/>\n\t<meta name=\"twitter:data1\" content=\"1 dakika\" \/>\n<script type=\"application\/ld+json\" class=\"yoast-schema-graph\">{\"@context\":\"https:\/\/schema.org\",\"@graph\":[{\"@type\":\"WebPage\",\"@id\":\"https:\/\/myvize.com.tr\/cad\/form-ve-dilekce\/ticari-vize-dilekce-ornegi\/\",\"url\":\"https:\/\/myvize.com.tr\/cad\/form-ve-dilekce\/ticari-vize-dilekce-ornegi\/\",\"name\":\"\u00c7ad Ticari Vize Dilek\u00e7e \u00d6rne\u011fi - \u00c7ad Vizesi - MyVize\",\"isPartOf\":{\"@id\":\"https:\/\/myvize.com.tr\/cad\/#website\"},\"datePublished\":\"2021-01-20T12:13:55+00:00\",\"dateModified\":\"2022-01-13T11:38:26+00:00\",\"description\":\"\u00c7ad'a ticari vize alarak gitmek isteyenler ticari vize dilek\u00e7e \u00f6rne\u011fi rehberli\u011finde bir dilek\u00e7e yazmal\u0131d\u0131r. Peki ticari vize dilek\u00e7esi nas...\",\"breadcrumb\":{\"@id\":\"https:\/\/myvize.com.tr\/cad\/form-ve-dilekce\/ticari-vize-dilekce-ornegi\/#breadcrumb\"},\"inLanguage\":\"tr\",\"potentialAction\":[{\"@type\":\"ReadAction\",\"target\":[\"https:\/\/myvize.com.tr\/cad\/form-ve-dilekce\/ticari-vize-dilekce-ornegi\/\"]}]},{\"@type\":\"BreadcrumbList\",\"@id\":\"https:\/\/myvize.com.tr\/cad\/form-ve-dilekce\/ticari-vize-dilekce-ornegi\/#breadcrumb\",\"itemListElement\":[{\"@type\":\"ListItem\",\"position\":1,\"name\":\"Anasayfa\",\"item\":\"https:\/\/myvize.com.tr\/cad\/\"},{\"@type\":\"ListItem\",\"position\":2,\"name\":\"FORM VE D\u0130LEK\u00c7E\",\"item\":\"https:\/\/myvize.com.tr\/cad\/form-ve-dilekce\/\"},{\"@type\":\"ListItem\",\"position\":3,\"name\":\"\u00c7ad Ticari Vize Dilek\u00e7e \u00d6rne\u011fi\"}]},{\"@type\":\"WebSite\",\"@id\":\"https:\/\/myvize.com.tr\/cad\/#website\",\"url\":\"https:\/\/myvize.com.tr\/cad\/\",\"name\":\"\u00c7ad Vizesi\",\"description\":\"\",\"potentialAction\":[{\"@type\":\"SearchAction\",\"target\":{\"@type\":\"EntryPoint\",\"urlTemplate\":\"https:\/\/myvize.com.tr\/cad\/?s={search_term_string}\"},\"query-input\":{\"@type\":\"PropertyValueSpecification\",\"valueRequired\":true,\"valueName\":\"search_term_string\"}}],\"inLanguage\":\"tr\"}]}<\/script>\n<!-- \/ Yoast SEO plugin. -->","yoast_head_json":{"title":"\u00c7ad Ticari Vize Dilek\u00e7e \u00d6rne\u011fi - \u00c7ad Vizesi - MyVize","description":"\u00c7ad'a ticari vize alarak gitmek isteyenler ticari vize dilek\u00e7e \u00f6rne\u011fi rehberli\u011finde bir dilek\u00e7e yazmal\u0131d\u0131r. Peki ticari vize dilek\u00e7esi nas...","robots":{"index":"index","follow":"follow","max-snippet":"max-snippet:-1","max-image-preview":"max-image-preview:large","max-video-preview":"max-video-preview:-1"},"canonical":"https:\/\/myvize.com.tr\/cad\/form-ve-dilekce\/ticari-vize-dilekce-ornegi\/","og_locale":"tr_TR","og_type":"article","og_title":"\u00c7ad Ticari Vize Dilek\u00e7e \u00d6rne\u011fi - \u00c7ad Vizesi - MyVize","og_description":"\u00c7ad'a ticari vize alarak gitmek isteyenler ticari vize dilek\u00e7e \u00f6rne\u011fi rehberli\u011finde bir dilek\u00e7e yazmal\u0131d\u0131r. Peki ticari vize dilek\u00e7esi nas...","og_url":"https:\/\/myvize.com.tr\/cad\/form-ve-dilekce\/ticari-vize-dilekce-ornegi\/","og_site_name":"\u00c7ad Vizesi","article_modified_time":"2022-01-13T11:38:26+00:00","twitter_card":"summary_large_image","twitter_misc":{"Tahmini okuma s\u00fcresi":"1 dakika"},"schema":{"@context":"https:\/\/schema.org","@graph":[{"@type":"WebPage","@id":"https:\/\/myvize.com.tr\/cad\/form-ve-dilekce\/ticari-vize-dilekce-ornegi\/","url":"https:\/\/myvize.com.tr\/cad\/form-ve-dilekce\/ticari-vize-dilekce-ornegi\/","name":"\u00c7ad Ticari Vize Dilek\u00e7e \u00d6rne\u011fi - \u00c7ad Vizesi - MyVize","isPartOf":{"@id":"https:\/\/myvize.com.tr\/cad\/#website"},"datePublished":"2021-01-20T12:13:55+00:00","dateModified":"2022-01-13T11:38:26+00:00","description":"\u00c7ad'a ticari vize alarak gitmek isteyenler ticari vize dilek\u00e7e \u00f6rne\u011fi rehberli\u011finde bir dilek\u00e7e yazmal\u0131d\u0131r. Peki ticari vize dilek\u00e7esi nas...","breadcrumb":{"@id":"https:\/\/myvize.com.tr\/cad\/form-ve-dilekce\/ticari-vize-dilekce-ornegi\/#breadcrumb"},"inLanguage":"tr","potentialAction":[{"@type":"ReadAction","target":["https:\/\/myvize.com.tr\/cad\/form-ve-dilekce\/ticari-vize-dilekce-ornegi\/"]}]},{"@type":"BreadcrumbList","@id":"https:\/\/myvize.com.tr\/cad\/form-ve-dilekce\/ticari-vize-dilekce-ornegi\/#breadcrumb","itemListElement":[{"@type":"ListItem","position":1,"name":"Anasayfa","item":"https:\/\/myvize.com.tr\/cad\/"},{"@type":"ListItem","position":2,"name":"FORM VE D\u0130LEK\u00c7E","item":"https:\/\/myvize.com.tr\/cad\/form-ve-dilekce\/"},{"@type":"ListItem","position":3,"name":"\u00c7ad Ticari Vize Dilek\u00e7e \u00d6rne\u011fi"}]},{"@type":"WebSite","@id":"https:\/\/myvize.com.tr\/cad\/#website","url":"https:\/\/myvize.com.tr\/cad\/","name":"\u00c7ad Vizesi","description":"","potentialAction":[{"@type":"SearchAction","target":{"@type":"EntryPoint","urlTemplate":"https:\/\/myvize.com.tr\/cad\/?s={search_term_string}"},"query-input":{"@type":"PropertyValueSpecification","valueRequired":true,"valueName":"search_term_string"}}],"inLanguage":"tr"}]}},"_links":{"self":[{"href":"https:\/\/myvize.com.tr\/cad\/wp-json\/wp\/v2\/pages\/278","targetHints":{"allow":["GET"]}}],"collection":[{"href":"https:\/\/myvize.com.tr\/cad\/wp-json\/wp\/v2\/pages"}],"about":[{"href":"https:\/\/myvize.com.tr\/cad\/wp-json\/wp\/v2\/types\/page"}],"author":[{"embeddable":true,"href":"https:\/\/myvize.com.tr\/cad\/wp-json\/wp\/v2\/users\/1"}],"replies":[{"embeddable":true,"href":"https:\/\/myvize.com.tr\/cad\/wp-json\/wp\/v2\/comments?post=278"}],"version-history":[{"count":3,"href":"https:\/\/myvize.com.tr\/cad\/wp-json\/wp\/v2\/pages\/278\/revisions"}],"predecessor-version":[{"id":352,"href":"https:\/\/myvize.com.tr\/cad\/wp-json\/wp\/v2\/pages\/278\/revisions\/352"}],"up":[{"embeddable":true,"href":"https:\/\/myvize.com.tr\/cad\/wp-json\/wp\/v2\/pages\/144"}],"wp:attachment":[{"href":"https:\/\/myvize.com.tr\/cad\/wp-json\/wp\/v2\/media?parent=278"}],"curies":[{"name":"wp","href":"https:\/\/api.w.org\/{rel}","templated":true}]}}