{"id":166,"date":"2021-01-15T16:15:56","date_gmt":"2021-01-15T13:15:56","guid":{"rendered":"https:\/\/myvize.com.tr\/burkinafaso\/?page_id=166"},"modified":"2021-01-15T16:15:58","modified_gmt":"2021-01-15T13:15:58","slug":"adana","status":"publish","type":"page","link":"https:\/\/myvize.com.tr\/burkinafaso\/subelerimiz\/adana\/","title":{"rendered":"Adana"},"content":{"rendered":"","protected":false},"excerpt":{"rendered":"","protected":false},"author":1,"featured_media":0,"parent":147,"menu_order":0,"comment_status":"closed","ping_status":"closed","template":"","meta":{"footnotes":""},"class_list":["post-166","page","type-page","status-publish","hentry"],"yoast_head":"<!-- This site is optimized with the Yoast SEO plugin v24.0 - https:\/\/yoast.com\/wordpress\/plugins\/seo\/ -->\n<title>Adana - Burkina Faso Vizesi<\/title>\n<meta name=\"robots\" content=\"index, follow, max-snippet:-1, max-image-preview:large, max-video-preview:-1\" \/>\n<link rel=\"canonical\" href=\"https:\/\/myvize.com.tr\/burkinafaso\/subelerimiz\/adana\/\" \/>\n<meta property=\"og:locale\" content=\"tr_TR\" \/>\n<meta property=\"og:type\" content=\"article\" \/>\n<meta property=\"og:title\" content=\"Adana - Burkina Faso Vizesi\" \/>\n<meta property=\"og:url\" content=\"https:\/\/myvize.com.tr\/burkinafaso\/subelerimiz\/adana\/\" \/>\n<meta property=\"og:site_name\" content=\"Burkina Faso Vizesi\" \/>\n<meta property=\"article:modified_time\" content=\"2021-01-15T13:15:58+00:00\" \/>\n<meta name=\"twitter:card\" content=\"summary_large_image\" \/>\n<script type=\"application\/ld+json\" class=\"yoast-schema-graph\">{\"@context\":\"https:\/\/schema.org\",\"@graph\":[{\"@type\":\"WebPage\",\"@id\":\"https:\/\/myvize.com.tr\/burkinafaso\/subelerimiz\/adana\/\",\"url\":\"https:\/\/myvize.com.tr\/burkinafaso\/subelerimiz\/adana\/\",\"name\":\"Adana - Burkina Faso Vizesi\",\"isPartOf\":{\"@id\":\"https:\/\/myvize.com.tr\/burkinafaso\/#website\"},\"datePublished\":\"2021-01-15T13:15:56+00:00\",\"dateModified\":\"2021-01-15T13:15:58+00:00\",\"breadcrumb\":{\"@id\":\"https:\/\/myvize.com.tr\/burkinafaso\/subelerimiz\/adana\/#breadcrumb\"},\"inLanguage\":\"tr\",\"potentialAction\":[{\"@type\":\"ReadAction\",\"target\":[\"https:\/\/myvize.com.tr\/burkinafaso\/subelerimiz\/adana\/\"]}]},{\"@type\":\"BreadcrumbList\",\"@id\":\"https:\/\/myvize.com.tr\/burkinafaso\/subelerimiz\/adana\/#breadcrumb\",\"itemListElement\":[{\"@type\":\"ListItem\",\"position\":1,\"name\":\"Anasayfa\",\"item\":\"https:\/\/myvize.com.tr\/burkinafaso\/\"},{\"@type\":\"ListItem\",\"position\":2,\"name\":\"\u015eUBELER\u0130M\u0130Z\",\"item\":\"https:\/\/myvize.com.tr\/burkinafaso\/subelerimiz\/\"},{\"@type\":\"ListItem\",\"position\":3,\"name\":\"Adana\"}]},{\"@type\":\"WebSite\",\"@id\":\"https:\/\/myvize.com.tr\/burkinafaso\/#website\",\"url\":\"https:\/\/myvize.com.tr\/burkinafaso\/\",\"name\":\"Burkina Faso Vizesi\",\"description\":\"\",\"potentialAction\":[{\"@type\":\"SearchAction\",\"target\":{\"@type\":\"EntryPoint\",\"urlTemplate\":\"https:\/\/myvize.com.tr\/burkinafaso\/?s={search_term_string}\"},\"query-input\":{\"@type\":\"PropertyValueSpecification\",\"valueRequired\":true,\"valueName\":\"search_term_string\"}}],\"inLanguage\":\"tr\"}]}<\/script>\n<!-- \/ Yoast SEO plugin. -->","yoast_head_json":{"title":"Adana - Burkina Faso Vizesi","robots":{"index":"index","follow":"follow","max-snippet":"max-snippet:-1","max-image-preview":"max-image-preview:large","max-video-preview":"max-video-preview:-1"},"canonical":"https:\/\/myvize.com.tr\/burkinafaso\/subelerimiz\/adana\/","og_locale":"tr_TR","og_type":"article","og_title":"Adana - Burkina Faso Vizesi","og_url":"https:\/\/myvize.com.tr\/burkinafaso\/subelerimiz\/adana\/","og_site_name":"Burkina Faso Vizesi","article_modified_time":"2021-01-15T13:15:58+00:00","twitter_card":"summary_large_image","schema":{"@context":"https:\/\/schema.org","@graph":[{"@type":"WebPage","@id":"https:\/\/myvize.com.tr\/burkinafaso\/subelerimiz\/adana\/","url":"https:\/\/myvize.com.tr\/burkinafaso\/subelerimiz\/adana\/","name":"Adana - Burkina Faso Vizesi","isPartOf":{"@id":"https:\/\/myvize.com.tr\/burkinafaso\/#website"},"datePublished":"2021-01-15T13:15:56+00:00","dateModified":"2021-01-15T13:15:58+00:00","breadcrumb":{"@id":"https:\/\/myvize.com.tr\/burkinafaso\/subelerimiz\/adana\/#breadcrumb"},"inLanguage":"tr","potentialAction":[{"@type":"ReadAction","target":["https:\/\/myvize.com.tr\/burkinafaso\/subelerimiz\/adana\/"]}]},{"@type":"BreadcrumbList","@id":"https:\/\/myvize.com.tr\/burkinafaso\/subelerimiz\/adana\/#breadcrumb","itemListElement":[{"@type":"ListItem","position":1,"name":"Anasayfa","item":"https:\/\/myvize.com.tr\/burkinafaso\/"},{"@type":"ListItem","position":2,"name":"\u015eUBELER\u0130M\u0130Z","item":"https:\/\/myvize.com.tr\/burkinafaso\/subelerimiz\/"},{"@type":"ListItem","position":3,"name":"Adana"}]},{"@type":"WebSite","@id":"https:\/\/myvize.com.tr\/burkinafaso\/#website","url":"https:\/\/myvize.com.tr\/burkinafaso\/","name":"Burkina Faso Vizesi","description":"","potentialAction":[{"@type":"SearchAction","target":{"@type":"EntryPoint","urlTemplate":"https:\/\/myvize.com.tr\/burkinafaso\/?s={search_term_string}"},"query-input":{"@type":"PropertyValueSpecification","valueRequired":true,"valueName":"search_term_string"}}],"inLanguage":"tr"}]}},"_links":{"self":[{"href":"https:\/\/myvize.com.tr\/burkinafaso\/wp-json\/wp\/v2\/pages\/166","targetHints":{"allow":["GET"]}}],"collection":[{"href":"https:\/\/myvize.com.tr\/burkinafaso\/wp-json\/wp\/v2\/pages"}],"about":[{"href":"https:\/\/myvize.com.tr\/burkinafaso\/wp-json\/wp\/v2\/types\/page"}],"author":[{"embeddable":true,"href":"https:\/\/myvize.com.tr\/burkinafaso\/wp-json\/wp\/v2\/users\/1"}],"replies":[{"embeddable":true,"href":"https:\/\/myvize.com.tr\/burkinafaso\/wp-json\/wp\/v2\/comments?post=166"}],"version-history":[{"count":1,"href":"https:\/\/myvize.com.tr\/burkinafaso\/wp-json\/wp\/v2\/pages\/166\/revisions"}],"predecessor-version":[{"id":167,"href":"https:\/\/myvize.com.tr\/burkinafaso\/wp-json\/wp\/v2\/pages\/166\/revisions\/167"}],"up":[{"embeddable":true,"href":"https:\/\/myvize.com.tr\/burkinafaso\/wp-json\/wp\/v2\/pages\/147"}],"wp:attachment":[{"href":"https:\/\/myvize.com.tr\/burkinafaso\/wp-json\/wp\/v2\/media?parent=166"}],"curies":[{"name":"wp","href":"https:\/\/api.w.org\/{rel}","templated":true}]}}