{"id":371,"date":"2021-07-04T00:07:13","date_gmt":"2021-07-03T21:07:13","guid":{"rendered":"https:\/\/myvize.com.tr\/afganistan\/?page_id=371"},"modified":"2022-03-19T12:15:21","modified_gmt":"2022-03-19T09:15:21","slug":"afganistan-izmir-konsoloslugu","status":"publish","type":"page","link":"https:\/\/myvize.com.tr\/afganistan\/afganistan-izmir-konsoloslugu\/","title":{"rendered":"Afganistan \u0130zmir Konsoloslu\u011fu"},"content":{"rendered":"<p><span style=\"font-family: Roboto;\"><\/span><\/p>\r\n<p><span style=\"font-family: Roboto; font-size: 14px;\">Bu makale de sizlere <strong>Afganistan \u0130zmir Fahri Konsoloslu\u011fu<\/strong> ile ilgili; g\u00f6rev b\u00f6lgesi ve \u00e7al\u0131\u015fma saatleri hakk\u0131nda bilgi verece\u011fiz. Ayn\u0131 zamanda konsoloslu\u011fun\u00a0 ne demek oldu\u011fu ve Afganistan vize t\u00fcrleri hakk\u0131nda da bilgi verece\u011fiz.<\/span><\/p>\r\n<h2><span style=\"font-family: Roboto; font-size: 27px;\"><strong>Afganistan \u0130zmir Konsoloslu\u011fu 2022<\/strong><\/span><\/h2>\r\n<p><span style=\"font-family: Roboto; font-size: 14px;\">Afganistan Ankara B\u00fcy\u00fckel\u00e7ili\u011fe ba\u011fl\u0131 olarak faaliyetini s\u00fcrd\u00fcren Afganistan \u0130stanbul Ba\u015fkonsolosluk, Afganistan konsoloslu\u011funun en yetkili birimi. Di\u011fer t\u00fcm Afganistan konsoloslu\u011fu <span style=\"color: #2acec2;\"><strong><a style=\"color: #2acec2;\" href=\"https:\/\/myvize.com.tr\/afganistan\/konsolosluklar\/afganistan-baskonsoloslugu-istanbul\/\" target=\"_blank\" rel=\"noopener\">Afganistan \u0130stanbul Ba\u015fkonsoloslu\u011fa<\/a><\/strong><\/span> ba\u011fl\u0131d\u0131r. Bu y\u00fczdendir \u00a0Afganistan \u0130zmir Fahri Konsoloslu\u011funda Afganistan \u0130stanbul Ba\u015fkonsoloslu\u011fa ba\u011fl\u0131 olarak faaliyet g\u00f6stermekte.<\/span><br \/><span style=\"font-family: Roboto; font-size: 14px;\"><strong>Afganistan \u0130zmir Fahri konsoloslu\u011fu<\/strong> herhangi bir yetkisi bulunmamakta. Bu y\u00fczden ki Afganistan vatanda\u015f\u0131 do\u011fum, \u00f6l\u00fcm, evlilik, belge onaylamak, s\u00fcresi dolmu\u015f pasaportu yenilemek, kimlik bilgisini yenilemek ve konsolosluk hizmeti i\u015flemi yapmak istiyorsan\u0131z<strong> Afganistan Ankara Konsoloslu\u011fa<\/strong> ba\u015fvuru yapmak gerekmektedir. Ayr\u0131ca <strong>T\u00fcrkiye Cumhuriyeti<\/strong> vatanda\u015f\u0131 Afganistan\u2019a seyahat etme istedi\u011finde vize ba\u015fvurusu yapabilme i\u00e7in <strong>Afganistan Ankara Konsolosluk<\/strong> arac\u0131l\u0131\u011f\u0131 ile vize ba\u015fvuru yapmas\u0131 gerekmekte.<\/span><br \/><span style=\"font-family: Roboto; font-size: 14px;\">Adres: Akdeniz Mahallesi, Akdeniz Caddesi, No: 14, Daire: 4, Konak\/\u0130zmir<\/span><br \/><span style=\"font-family: Roboto; font-size: 14px;\">\u00c7al\u0131\u015fma Saatleri: Hafta i\u00e7i saat 09.00 ile 17.00 aras\u0131nda hizmeti vermektedir. \u00a0<\/span><br \/><span style=\"font-family: Roboto; font-size: 14px;\">Afganistan\u2019 a seyahat etme istiyorsan\u0131z <strong>Afganistan vizesi<\/strong> alman\u0131z gerekmekte. Ancak Afganistan Konsoloslu\u011funun vize de\u011ferlendirmeleri yetkisi sadece Afganistan \u0130stanbul Ba\u015fkonsolosluk ve Afganistan Ankara B\u00fcy\u00fckel\u00e7ili\u011fine aittir.<\/span><br \/><span style=\"font-family: Roboto; font-size: 14px;\">\u00a0E\u011fer \u0130zmir ve \u00e7evresinde ikamet ediliyor ise Afganistan vizesi alabilmek i\u00e7in <strong>Afganistan \u0130stanbul Ba\u015fkonsoloslu\u011funa<\/strong> ya da<strong> Afganistan B\u00fcy\u00fckel\u00e7ili\u011fine<\/strong> vize ba\u015fvurular\u0131 yapman\u0131z gerekmektedir.<\/span><\/p>\r\n<p><span style=\"font-family: Roboto; font-size: 14px;\">\r\n\r\n<\/span><\/p>\r\n<h2><span style=\"font-size: 27px;\"><strong><span style=\"font-family: Roboto;\">Afganistan \u0130zmir Konsolosluk\u00a0<\/span><\/strong><\/span><\/h2>\r\n<p><span style=\"font-family: Roboto; font-size: 14px;\">Yabanc\u0131 \u00fclkelerde, \u00fclkesinin \u00e7\u0131karlar\u0131n\u0131 koruyan resmi kurumlara konsolosluk deniliyor.<\/span><\/p>\r\n<p><span style=\"font-family: Roboto; font-size: 14px;\">\r\n\r\n<\/span><\/p>\r\n<h2><span style=\"font-size: 18px;\"><strong><span style=\"font-family: Roboto;\">Afganistan \u0130zmir Konsolosluk G\u00f6rev B\u00f6lgesi<\/span><\/strong><\/span><\/h2>\r\n<p><span style=\"font-family: Roboto; font-size: 14px;\">Afganistan\u2019a <strong>turistik<\/strong>, <strong>ticari<\/strong> ya da <strong>aile ziyareti<\/strong> i\u00e7in elbette vize ba\u015fvurusu yapman\u0131z gerekiyor. Seyahatinizi kolayca yapmak i\u00e7in belgelerinizi haz\u0131rlay\u0131p gitti\u011finiz havaalan\u0131nda \u00fclkeye direkt giri\u015f\u00a0 yapabiliyorsunuz.<\/span><br \/><span style=\"font-family: Roboto; font-size: 14px;\"><strong>Afganistan vizesi i\u00e7in ba\u015fvuru<\/strong> yaparken \u00f6ncelikle seyahat amac\u0131n\u0131z\u0131 iyi a\u00e7\u0131klaman\u0131z gerekiyor. <span style=\"color: #2acec2;\"><strong><a style=\"color: #2acec2;\" href=\"https:\/\/myvize.com.tr\/afganistan\/afganistan-vizesi\/\" target=\"_blank\" rel=\"noopener\">Afganistan vizesi<\/a><\/strong><\/span> formunda doldurman\u0131z gereken k\u0131s\u0131mlar bulunuyor. Bunlar, hangi ama\u00e7larla bulundu\u011funuz, seyahat s\u0131ras\u0131nda masraflar\u0131n\u0131z\u0131 kar\u015f\u0131layacak kadar imkan\u0131n\u0131z\u0131n olup olmad\u0131\u011f\u0131na kadar inceleyen \u00fclke konsolosluklar\u0131d\u0131r. Verdi\u011finiz do\u011fru ve hatas\u0131z bilgiler sonucunda Afganistan vizesi ba\u015fvurunuzu olumlu sonu\u00e7lanabiliyor. <strong>Afganistan vize randevusu<\/strong> ile parmak izi taraman\u0131z yap\u0131l\u0131yor.<\/span><br \/><span style=\"font-family: Roboto; font-size: 14px;\">Afganistan vizesi ba\u015fvurular\u0131n\u0131z\u0131n istedi\u011finiz zamanda sonu\u00e7lanmas\u0131 i\u00e7in seyahat tarihinden 15 g\u00fcn \u00f6nce yapman\u0131z\u0131n do\u011fru oldu\u011funu s\u00f6yleyebiliriz.\u00a0<\/span><\/p>\r\n<p><span style=\"font-family: Roboto; font-size: 14px;\"><span style=\"color: #2acec2;\"><strong><a style=\"color: #2acec2;\" href=\"https:\/\/myvize.com.tr\/afganistan\/form-ve-dilekce\/vize-basvuru-formu\/\" target=\"_blank\" rel=\"noopener\">Afganistan Vize Ba\u015fvuru Formu<\/a><\/strong><\/span> ile ilgili bilgi almak i\u00e7in bizi aray\u0131n\u0131z.<\/span><\/p>\r\n<h2><strong><span style=\"font-family: Roboto; font-size: 27px;\">Afganistan \u0130zmir Konsolosu Kimdir?<\/span><\/strong><\/h2>\r\n<p><span style=\"font-family: Roboto; font-size: 14px;\">Afganistan\u2019\u0131n T\u00fcrkiye temsilciliklerinden birisi Afganistan \u0130zmir Konsoloslu\u011fu\u2019dur.<strong> Afganistan \u0130zmir Konsoloslu\u011fu\u2019nu<\/strong>n y\u00f6netiminden sorumlu olan ki\u015fi ise Afganistan \u0130zmir Konsolosu\u2019dur. Afganistan \u0130zmir Konsoloslu\u011fu\u2019nda i\u015flem yapacak olan ki\u015filer, Afganistan \u0130zmir Konsolosu\u2019nun kim oldu\u011funu merak etmektedir. Bu yaz\u0131da Afganistan \u0130zmir Konsolosu\u2019nun kim oldu\u011funu merak eden ki\u015filer i\u00e7in \u201cAfganistan \u0130zmir Konsolosu kimdir?\u201d sorusunun cevab\u0131 verilmi\u015ftir.<\/span><\/p>\r\n<p><span style=\"font-family: Roboto; font-size: 14px;\">Afganistan \u0130zmir Konsolosu\u2019nun kim oldu\u011fu hakk\u0131nda bir bilgi bulunmamaktad\u0131r. Afganistan \u0130zmir Konsolosu\u2019nun g\u00f6rev ve ama\u00e7lar\u0131 a\u015fa\u011f\u0131da verilmi\u015ftir.<\/span><\/p>\r\n<ul>\r\n<li><span style=\"font-family: Roboto; font-size: 14px;\">Afganistan \u0130zmir Konsolosu\u2019nun en b\u00fcy\u00fck amac\u0131 Afganistan ile T\u00fcrkiye aras\u0131ndaki ili\u015fkileri d\u00fczenlemek, geli\u015ftirmek ya da belirli bir seviyede tutmaktad\u0131r.<\/span><\/li>\r\n<li><span style=\"font-family: Roboto; font-size: 14px;\"><strong>Afganistan \u0130zmir Konsolosu<\/strong>, g\u00f6rev b\u00f6lgesi i\u00e7erisinde ya\u015fayan Afganistan vatanda\u015flar\u0131n\u0131n sorunlar\u0131 ile ilgilenmektedir.<\/span><\/li>\r\n<li><span style=\"font-family: Roboto; font-size: 14px;\">Afganistan \u0130zmir Konsolosu, Afganistan\u2019\u0131 ve Afganistan k\u00fclt\u00fcr\u00fcn\u00fc T\u00fcrkiye\u2019de tan\u0131tmay\u0131 ama\u00e7lamaktad\u0131r.<\/span><\/li>\r\n<li><span style=\"font-family: Roboto; font-size: 14px;\">Afganistan \u0130zmir Konsolosu, T\u00fcrkiye ile Afganistan aras\u0131nda yeni ekonomik i\u015fbirliklerinin yap\u0131lmas\u0131n\u0131 ve Afganistan ad\u0131na \u0130zmir ve \u00e7evresinde yeni yat\u0131r\u0131m alanlar\u0131n\u0131n ortaya \u00e7\u0131kar\u0131lmas\u0131n\u0131 ama\u00e7lamaktad\u0131r.<\/span><\/li>\r\n<\/ul>\r\n<p><span style=\"font-family: Roboto; font-size: 14px;\"><strong>Afganistan \u0130zmir Konsolosu<\/strong>, Afganistan\u2019\u0131n T\u00fcrkiye Ankara B\u00fcy\u00fckel\u00e7ili\u011fi\u2019ne ba\u011fl\u0131 olarak \u00e7al\u0131\u015fmaktad\u0131r. Afganistan \u0130zmir Konsolosu\u2019nu atama ya da g\u00f6revden alma yetkisi Afganistan D\u0131\u015fi\u015fleri Bakanl\u0131\u011f\u0131\u2019na aittir.<\/span><\/p>\r\n<h2><strong><span style=\"font-family: Roboto; font-size: 27px;\">Afganistan \u0130zmir Konsoloslu\u011fu Vize \u0130\u015flemleri<\/span><\/strong><\/h2>\r\n<p><span style=\"font-family: Roboto; font-size: 14px;\">Afganistan\u2019a seyahat edecek olan ki\u015filer, Afganistan seyahat amac\u0131na uygun vize almal\u0131d\u0131r. <span style=\"color: #000000;\"><strong>Afganistan vizesi<\/strong><\/span> alacak olan ki\u015filer vize ba\u015fvurular\u0131n\u0131 Afganistan \u0130zmir Konsoloslu\u011fu\u2019na yapabilmektedir. Afganistan \u0130zmir Konsoloslu\u011fu\u2019na vize ba\u015fvurusu yapacak olan ki\u015filer, <strong>Afganistan \u0130zmir Konsoloslu\u011fu<\/strong> vize i\u015flemlerini merak etmektedir. Bu yaz\u0131da Afganistan \u0130zmir Konsoloslu\u011fu\u2019na vize ba\u015fvurusu yapacak olan ki\u015filer i\u00e7in Afganistan \u0130zmir Konsoloslu\u011fu vize i\u015flemleri hakk\u0131nda bilgi verilmi\u015ftir.<\/span><\/p>\r\n<p><span style=\"font-family: Roboto; font-size: 14px;\"><strong>Afganistan \u0130zmir Konsoloslu\u011fu<\/strong> vize i\u015flemleri a\u015fa\u011f\u0131daki gibi yap\u0131labilmektedir;<\/span><\/p>\r\n<ul>\r\n<li><span style=\"font-family: Roboto; font-size: 14px;\">Afganistan \u0130zmir Konsoloslu\u011fu vize ba\u015fvurusu i\u015flemleri i\u00e7in \u00f6ncelikle <strong>Afganistan seyahat<\/strong> amac\u0131na uygun olarak vize t\u00fcr\u00fc belirlenmelidir.<\/span><\/li>\r\n<li><span style=\"font-family: Roboto; font-size: 14px;\">Afganistan seyahat amac\u0131na uygun vize t\u00fcr\u00fcn\u00fc belirleyen ki\u015filer, Afganistan vize i\u015flemleri i\u00e7in gerekli olan evraklar\u0131 haz\u0131rlamal\u0131d\u0131r. Evraklar\u0131n eksiksiz ve g\u00fcncel olacak \u015fekilde haz\u0131rlanmas\u0131 gerekmektedir. Afganistan vize evraklar\u0131 Afganistan \u0130zmir Konsoloslu\u011fu\u2019nun istedi\u011fi s\u0131rada haz\u0131rlanmas\u0131 gerekmektedir.<\/span><\/li>\r\n<li><span style=\"font-family: Roboto; font-size: 14px;\">Haz\u0131rlanan <strong>Afganistan vize evraklar\u0131<\/strong> Afganistan \u0130zmir Konsoloslu\u011fu\u2019na teslim edilmelidir. Ba\u015fvuru i\u00e7in randevu zorunlulu\u011fu bulunmamaktad\u0131r.<\/span><\/li>\r\n<li><span style=\"font-family: Roboto; font-size: 14px;\">Afganistan \u0130zmir Konsoloslu\u011fu\u2019na yap\u0131lan vize ba\u015fvurular\u0131n\u0131 inceleme ve de\u011ferlendirme yetkisi <span style=\"color: #2acec2;\"><strong><a style=\"color: #2acec2;\" href=\"https:\/\/myvize.com.tr\/afganistan\/konsolosluklar\/afganistan-buyukelciligi-ankara\/\" target=\"_blank\" rel=\"noopener\">Afganistan Ankara B\u00fcy\u00fckel\u00e7ili\u011fi<\/a><\/strong><\/span> ve Afganistan \u0130stanbul Ba\u015fkonsoloslu\u011fu\u2019na aittir.<\/span><\/li>\r\n<li><span style=\"font-family: Roboto; font-size: 14px;\">Ba\u015fvurular vize t\u00fcr\u00fcne g\u00f6re ortalama olarak 1 hafta ile 30 g\u00fcn aras\u0131nda sonu\u00e7lanmaktad\u0131r.<\/span><\/li>\r\n<\/ul>\r\n<p><span style=\"font-family: Roboto; font-size: 14px;\"><\/span><\/p>\r\n<p><span style=\"font-family: Roboto; font-size: 14px;\"><img decoding=\"async\" src=\"https:\/\/myvize.com.tr\/afganistan\/wp-content\/uploads\/2021\/09\/10.jpg\" \/><\/span><\/p>\r\n<h3><span style=\"font-size: 24px;\"><strong><span style=\"font-family: Roboto;\">Afganistan \u0130zmir Konsoloslu\u011fu Vize Ba\u015fvurusu<\/span><\/strong><\/span><\/h3>\r\n<p><span style=\"font-family: Roboto; font-size: 14px;\">Afganistan\u2019a seyahat edecek olan ki\u015filerin, Afganistan seyahat amac\u0131na uygun vize almas\u0131 gerekmektedir.<strong> Afganistan seyahatleri<\/strong> i\u00e7in vize alacak olan ki\u015filer ve \u0130zmir \u00e7evresinde ikamet eden ki\u015filer, Afganistan vize ba\u015fvurular\u0131n\u0131 Afganistan \u0130zmir Konsoloslu\u011fu\u2019na yapabilmektedir. Afganistan \u0130zmir Konsoloslu\u011fu\u2019na vize ba\u015fvurusu yapacak olan ki\u015filer, <strong>Afganistan \u0130zmir Konsoloslu\u011fu vize ba\u015fvurusu<\/strong> i\u00e7in ara\u015ft\u0131rma yapmaktad\u0131r. Bu yaz\u0131da <strong>Afganistan \u0130zmir Konsoloslu\u011fu<\/strong> vize ba\u015fvurusu hakk\u0131nda bilgi verilmi\u015ftir.<\/span><\/p>\r\n<p><span style=\"font-family: Roboto; font-size: 14px;\"><strong>Afganistan \u0130zmir Konsoloslu\u011fu<\/strong> vize ba\u015fvurusu yapacak olan ki\u015filer, seyahat amac\u0131na uygun olan vize t\u00fcr\u00fcn\u00fc belirlemelidir. Ard\u0131ndan ise Afganistan \u0130zmir Konsoloslu\u011fu\u2019nun vize ba\u015fvurusu i\u00e7in istedi\u011fi evraklar haz\u0131rlanmal\u0131d\u0131r. Haz\u0131rlanan evraklar Afganistan \u0130zmir Konsoloslu\u011fu\u2019na teslim edilmelidir. Ba\u015fvuru i\u00e7in Afganistan \u0130zmir Konsoloslu\u011fu\u2019ndan randevu al\u0131nmas\u0131na gerek yoktur.<\/span><\/p>\r\n<p><span style=\"font-family: Roboto; font-size: 14px;\">Afganistan \u0130zmir Konsoloslu\u011fu vize ba\u015fvurusu yapacak olan ki\u015filerin dikkat etmesi gerekenler;<\/span><\/p>\r\n<ul>\r\n<li><span style=\"font-family: Roboto; font-size: 14px;\">Ba\u015fvuru yapacak olan ki\u015filerin<strong> Afganistan vize ba\u015fvurusu<\/strong> yapmadan \u00f6nce gerekli a\u015f\u0131lar\u0131 yapt\u0131rmas\u0131 gerekmektedir.<\/span><\/li>\r\n<li><span style=\"font-family: Roboto; font-size: 14px;\">Ba\u015fvuru yapacak olan ki\u015filerin Afganistan\u2019da ge\u00e7erli olan seyahat sa\u011fl\u0131k sigortas\u0131 yapt\u0131rmas\u0131 gerekmektedir.<\/span><\/li>\r\n<li><span style=\"font-family: Roboto; font-size: 14px;\">Afganistan \u0130zmir Ba\u015fkonsoloslu\u011fu\u2019na ba\u015fvuru yapacak olan ki\u015filer seyahat masraflar\u0131n\u0131 kar\u015f\u0131layacak ekonomik duruma sahip olmal\u0131d\u0131r.<\/span><\/li>\r\n<li><span style=\"font-family: Roboto; font-size: 14px;\">Ba\u015fvuru i\u00e7in gerekli olan vize evraklar\u0131n\u0131n g\u00fcncel tarihli olmas\u0131 gerekmektedir.<\/span><\/li>\r\n<\/ul>\r\n<h3><span style=\"font-size: 24px;\"><strong><span style=\"font-family: Roboto;\">Afganistan \u0130zmir Konsoloslu\u011fu Vize Randevusu<\/span><\/strong><\/span><\/h3>\r\n<p><span style=\"font-family: Roboto; font-size: 14px;\">Afganistan\u2019a seyahat edecek olan ki\u015filer, <strong>Afganistan seyahatleri<\/strong> i\u00e7in vize almal\u0131d\u0131r. <strong>Afganistan vizesi<\/strong> alacak olan ki\u015filer, Afganistan vize ba\u015fvurusunu Afganistan \u0130zmir Konsoloslu\u011fu\u2019na yapabilir. Afganistan \u0130zmir Konsoloslu\u011fu\u2019na ba\u015fvuru yapacak olan ki\u015filer vize ba\u015fvurusu i\u00e7in randevu al\u0131n\u0131p al\u0131nmamas\u0131 gerekti\u011fini merak etmektedir. Bu yaz\u0131da Afganistan \u0130zmir Konsoloslu\u011fu vize randevusu hakk\u0131nda bilgi verilmi\u015ftir.<\/span><\/p>\r\n<p><span style=\"font-family: Roboto; font-size: 14px;\"><strong>Afganistan \u0130zmir Konsoloslu\u011fu vize ba\u015fvurusu<\/strong> i\u00e7in randevu alma zorunlulu\u011fu bulunmamaktad\u0131r. Ba\u015fvuru i\u00e7in gerekli olan evraklar ile Afganistan \u0130zmir Konsoloslu\u011fu\u2019nu ziyaret etmeniz gerekmektedir. Ba\u015fvuru yapabilmek i\u00e7in randevu alman\u0131za gerek yoktur.<\/span><\/p>\r\n<p><span style=\"font-family: Roboto; font-size: 14px;\"><strong>Afganistan \u0130zmir Konsoloslu\u011fu<\/strong> baz\u0131 durumlarda vize randevusunu zorunlu yapabilmektedir. Afganistan \u0130zmir Konsoloslu\u011fu\u2019nun yo\u011funlu\u011fu vize ba\u015fvurusu i\u00e7in randevu al\u0131n\u0131p al\u0131nmamas\u0131nda belirleyicidir. Randevu al\u0131n\u0131p al\u0131nmamas\u0131 hakk\u0131nda karar verme yetkisi Afganistan \u0130zmir Konsoloslu\u011fu\u2019na aittir. Yo\u011funluk d\u00f6nemlerinde herhangi bir kar\u0131\u015f\u0131kl\u0131k olmamas\u0131 ve randevu kabul sisteminin daha d\u00fczenli yap\u0131labilmesi i\u00e7in randevu sistemi getirilebilir.<\/span><\/p>\r\n<p><span style=\"font-family: Roboto; font-size: 14px;\">Afganistan \u0130zmir Konsoloslu\u011fu vize randevusu gerekmese de randevu zorunlulu\u011fu olabilir. Bunun i\u00e7in Afganistan \u0130zmir Konsoloslu\u011fu\u2019nu vize ba\u015fvurusu i\u00e7in ziyaret etmeden \u00f6nce<strong> Afganistan \u0130zmir Konsoloslu\u011fu<\/strong> ile ileti\u015fime ge\u00e7erek detayl\u0131 bilgi alabilirsiniz.<\/span><\/p>","protected":false},"excerpt":{"rendered":"<p>Bu makale de sizlere Afganistan \u0130zmir Fahri Konsoloslu\u011fu ile ilgili; g\u00f6rev b\u00f6lgesi ve \u00e7al\u0131\u015fma saatleri hakk\u0131nda bilgi verece\u011fiz. Ayn\u0131 zamanda konsoloslu\u011fun\u00a0 ne demek oldu\u011fu ve Afganistan vize t\u00fcrleri hakk\u0131nda da bilgi verece\u011fiz. Afganistan \u0130zmir Konsoloslu\u011fu 2022 Afganistan Ankara B\u00fcy\u00fckel\u00e7ili\u011fe ba\u011fl\u0131 olarak faaliyetini s\u00fcrd\u00fcren Afganistan \u0130stanbul Ba\u015fkonsolosluk, Afganistan konsoloslu\u011funun en yetkili birimi. Di\u011fer t\u00fcm Afganistan konsoloslu\u011fu<\/p>\n","protected":false},"author":1,"featured_media":0,"parent":0,"menu_order":0,"comment_status":"open","ping_status":"closed","template":"","meta":{"footnotes":""},"class_list":["post-371","page","type-page","status-publish","hentry"],"yoast_head":"<!-- This site is optimized with the Yoast SEO plugin v24.0 - https:\/\/yoast.com\/wordpress\/plugins\/seo\/ -->\n<title>Afganistan \u0130zmir Konsoloslu\u011fu Vize \u0130\u015flemleri - MyVize<\/title>\n<meta name=\"description\" content=\"Afganistan \u0130zmir Konsoloslu\u011fu Vize \u0130\u015flemleri Nelerdir? Afganistan \u0130zmir Konsoloslu\u011fu Nerededir? Bilgi \u0130\u00e7in Bizi Aray\u0131n: 0850 346 84 93\" \/>\n<meta name=\"robots\" content=\"index, follow, max-snippet:-1, max-image-preview:large, max-video-preview:-1\" \/>\n<link rel=\"canonical\" href=\"https:\/\/myvize.com.tr\/afganistan\/afganistan-izmir-konsoloslugu\/\" \/>\n<meta property=\"og:locale\" content=\"tr_TR\" \/>\n<meta property=\"og:type\" content=\"article\" \/>\n<meta property=\"og:title\" content=\"Afganistan \u0130zmir Konsoloslu\u011fu Vize \u0130\u015flemleri - MyVize\" \/>\n<meta property=\"og:description\" content=\"Afganistan \u0130zmir Konsoloslu\u011fu Vize \u0130\u015flemleri Nelerdir? Afganistan \u0130zmir Konsoloslu\u011fu Nerededir? Bilgi \u0130\u00e7in Bizi Aray\u0131n: 0850 346 84 93\" \/>\n<meta property=\"og:url\" content=\"https:\/\/myvize.com.tr\/afganistan\/afganistan-izmir-konsoloslugu\/\" \/>\n<meta property=\"og:site_name\" content=\"Afganistan Vizesi\" \/>\n<meta property=\"article:modified_time\" content=\"2022-03-19T09:15:21+00:00\" \/>\n<meta property=\"og:image\" content=\"https:\/\/myvize.com.tr\/afganistan\/wp-content\/uploads\/2021\/09\/10.jpg\" \/>\n<meta name=\"twitter:card\" content=\"summary_large_image\" \/>\n<meta name=\"twitter:label1\" content=\"Tahmini okuma s\u00fcresi\" \/>\n\t<meta name=\"twitter:data1\" content=\"5 dakika\" \/>\n<script type=\"application\/ld+json\" class=\"yoast-schema-graph\">{\"@context\":\"https:\/\/schema.org\",\"@graph\":[{\"@type\":\"WebPage\",\"@id\":\"https:\/\/myvize.com.tr\/afganistan\/afganistan-izmir-konsoloslugu\/\",\"url\":\"https:\/\/myvize.com.tr\/afganistan\/afganistan-izmir-konsoloslugu\/\",\"name\":\"Afganistan \u0130zmir Konsoloslu\u011fu Vize \u0130\u015flemleri - MyVize\",\"isPartOf\":{\"@id\":\"https:\/\/myvize.com.tr\/afganistan\/#website\"},\"primaryImageOfPage\":{\"@id\":\"https:\/\/myvize.com.tr\/afganistan\/afganistan-izmir-konsoloslugu\/#primaryimage\"},\"image\":{\"@id\":\"https:\/\/myvize.com.tr\/afganistan\/afganistan-izmir-konsoloslugu\/#primaryimage\"},\"thumbnailUrl\":\"https:\/\/myvize.com.tr\/afganistan\/wp-content\/uploads\/2021\/09\/10.jpg\",\"datePublished\":\"2021-07-03T21:07:13+00:00\",\"dateModified\":\"2022-03-19T09:15:21+00:00\",\"description\":\"Afganistan \u0130zmir Konsoloslu\u011fu Vize \u0130\u015flemleri Nelerdir? Afganistan \u0130zmir Konsoloslu\u011fu Nerededir? Bilgi \u0130\u00e7in Bizi Aray\u0131n: 0850 346 84 93\",\"breadcrumb\":{\"@id\":\"https:\/\/myvize.com.tr\/afganistan\/afganistan-izmir-konsoloslugu\/#breadcrumb\"},\"inLanguage\":\"tr\",\"potentialAction\":[{\"@type\":\"ReadAction\",\"target\":[\"https:\/\/myvize.com.tr\/afganistan\/afganistan-izmir-konsoloslugu\/\"]}]},{\"@type\":\"ImageObject\",\"inLanguage\":\"tr\",\"@id\":\"https:\/\/myvize.com.tr\/afganistan\/afganistan-izmir-konsoloslugu\/#primaryimage\",\"url\":\"https:\/\/myvize.com.tr\/afganistan\/wp-content\/uploads\/2021\/09\/10.jpg\",\"contentUrl\":\"https:\/\/myvize.com.tr\/afganistan\/wp-content\/uploads\/2021\/09\/10.jpg\",\"width\":800,\"height\":500,\"caption\":\"Afganistan\"},{\"@type\":\"BreadcrumbList\",\"@id\":\"https:\/\/myvize.com.tr\/afganistan\/afganistan-izmir-konsoloslugu\/#breadcrumb\",\"itemListElement\":[{\"@type\":\"ListItem\",\"position\":1,\"name\":\"Anasayfa\",\"item\":\"https:\/\/myvize.com.tr\/afganistan\/\"},{\"@type\":\"ListItem\",\"position\":2,\"name\":\"Afganistan \u0130zmir Konsoloslu\u011fu\"}]},{\"@type\":\"WebSite\",\"@id\":\"https:\/\/myvize.com.tr\/afganistan\/#website\",\"url\":\"https:\/\/myvize.com.tr\/afganistan\/\",\"name\":\"Afganistan Vizesi\",\"description\":\"\",\"potentialAction\":[{\"@type\":\"SearchAction\",\"target\":{\"@type\":\"EntryPoint\",\"urlTemplate\":\"https:\/\/myvize.com.tr\/afganistan\/?s={search_term_string}\"},\"query-input\":{\"@type\":\"PropertyValueSpecification\",\"valueRequired\":true,\"valueName\":\"search_term_string\"}}],\"inLanguage\":\"tr\"}]}<\/script>\n<!-- \/ Yoast SEO plugin. -->","yoast_head_json":{"title":"Afganistan \u0130zmir Konsoloslu\u011fu Vize \u0130\u015flemleri - MyVize","description":"Afganistan \u0130zmir Konsoloslu\u011fu Vize \u0130\u015flemleri Nelerdir? Afganistan \u0130zmir Konsoloslu\u011fu Nerededir? Bilgi \u0130\u00e7in Bizi Aray\u0131n: 0850 346 84 93","robots":{"index":"index","follow":"follow","max-snippet":"max-snippet:-1","max-image-preview":"max-image-preview:large","max-video-preview":"max-video-preview:-1"},"canonical":"https:\/\/myvize.com.tr\/afganistan\/afganistan-izmir-konsoloslugu\/","og_locale":"tr_TR","og_type":"article","og_title":"Afganistan \u0130zmir Konsoloslu\u011fu Vize \u0130\u015flemleri - MyVize","og_description":"Afganistan \u0130zmir Konsoloslu\u011fu Vize \u0130\u015flemleri Nelerdir? Afganistan \u0130zmir Konsoloslu\u011fu Nerededir? Bilgi \u0130\u00e7in Bizi Aray\u0131n: 0850 346 84 93","og_url":"https:\/\/myvize.com.tr\/afganistan\/afganistan-izmir-konsoloslugu\/","og_site_name":"Afganistan Vizesi","article_modified_time":"2022-03-19T09:15:21+00:00","og_image":[{"url":"https:\/\/myvize.com.tr\/afganistan\/wp-content\/uploads\/2021\/09\/10.jpg","type":"","width":"","height":""}],"twitter_card":"summary_large_image","twitter_misc":{"Tahmini okuma s\u00fcresi":"5 dakika"},"schema":{"@context":"https:\/\/schema.org","@graph":[{"@type":"WebPage","@id":"https:\/\/myvize.com.tr\/afganistan\/afganistan-izmir-konsoloslugu\/","url":"https:\/\/myvize.com.tr\/afganistan\/afganistan-izmir-konsoloslugu\/","name":"Afganistan \u0130zmir Konsoloslu\u011fu Vize \u0130\u015flemleri - MyVize","isPartOf":{"@id":"https:\/\/myvize.com.tr\/afganistan\/#website"},"primaryImageOfPage":{"@id":"https:\/\/myvize.com.tr\/afganistan\/afganistan-izmir-konsoloslugu\/#primaryimage"},"image":{"@id":"https:\/\/myvize.com.tr\/afganistan\/afganistan-izmir-konsoloslugu\/#primaryimage"},"thumbnailUrl":"https:\/\/myvize.com.tr\/afganistan\/wp-content\/uploads\/2021\/09\/10.jpg","datePublished":"2021-07-03T21:07:13+00:00","dateModified":"2022-03-19T09:15:21+00:00","description":"Afganistan \u0130zmir Konsoloslu\u011fu Vize \u0130\u015flemleri Nelerdir? Afganistan \u0130zmir Konsoloslu\u011fu Nerededir? Bilgi \u0130\u00e7in Bizi Aray\u0131n: 0850 346 84 93","breadcrumb":{"@id":"https:\/\/myvize.com.tr\/afganistan\/afganistan-izmir-konsoloslugu\/#breadcrumb"},"inLanguage":"tr","potentialAction":[{"@type":"ReadAction","target":["https:\/\/myvize.com.tr\/afganistan\/afganistan-izmir-konsoloslugu\/"]}]},{"@type":"ImageObject","inLanguage":"tr","@id":"https:\/\/myvize.com.tr\/afganistan\/afganistan-izmir-konsoloslugu\/#primaryimage","url":"https:\/\/myvize.com.tr\/afganistan\/wp-content\/uploads\/2021\/09\/10.jpg","contentUrl":"https:\/\/myvize.com.tr\/afganistan\/wp-content\/uploads\/2021\/09\/10.jpg","width":800,"height":500,"caption":"Afganistan"},{"@type":"BreadcrumbList","@id":"https:\/\/myvize.com.tr\/afganistan\/afganistan-izmir-konsoloslugu\/#breadcrumb","itemListElement":[{"@type":"ListItem","position":1,"name":"Anasayfa","item":"https:\/\/myvize.com.tr\/afganistan\/"},{"@type":"ListItem","position":2,"name":"Afganistan \u0130zmir Konsoloslu\u011fu"}]},{"@type":"WebSite","@id":"https:\/\/myvize.com.tr\/afganistan\/#website","url":"https:\/\/myvize.com.tr\/afganistan\/","name":"Afganistan Vizesi","description":"","potentialAction":[{"@type":"SearchAction","target":{"@type":"EntryPoint","urlTemplate":"https:\/\/myvize.com.tr\/afganistan\/?s={search_term_string}"},"query-input":{"@type":"PropertyValueSpecification","valueRequired":true,"valueName":"search_term_string"}}],"inLanguage":"tr"}]}},"_links":{"self":[{"href":"https:\/\/myvize.com.tr\/afganistan\/wp-json\/wp\/v2\/pages\/371","targetHints":{"allow":["GET"]}}],"collection":[{"href":"https:\/\/myvize.com.tr\/afganistan\/wp-json\/wp\/v2\/pages"}],"about":[{"href":"https:\/\/myvize.com.tr\/afganistan\/wp-json\/wp\/v2\/types\/page"}],"author":[{"embeddable":true,"href":"https:\/\/myvize.com.tr\/afganistan\/wp-json\/wp\/v2\/users\/1"}],"replies":[{"embeddable":true,"href":"https:\/\/myvize.com.tr\/afganistan\/wp-json\/wp\/v2\/comments?post=371"}],"version-history":[{"count":6,"href":"https:\/\/myvize.com.tr\/afganistan\/wp-json\/wp\/v2\/pages\/371\/revisions"}],"predecessor-version":[{"id":676,"href":"https:\/\/myvize.com.tr\/afganistan\/wp-json\/wp\/v2\/pages\/371\/revisions\/676"}],"wp:attachment":[{"href":"https:\/\/myvize.com.tr\/afganistan\/wp-json\/wp\/v2\/media?parent=371"}],"curies":[{"name":"wp","href":"https:\/\/api.w.org\/{rel}","templated":true}]}}