{"id":328,"date":"2021-03-30T21:09:17","date_gmt":"2021-03-30T18:09:17","guid":{"rendered":"http:\/\/myvize.com.tr\/afganistan\/?page_id=328"},"modified":"2022-08-08T11:55:16","modified_gmt":"2022-08-08T08:55:16","slug":"afganistan-vize-ucreti","status":"publish","type":"page","link":"https:\/\/myvize.com.tr\/afganistan\/afganistan-vize-ucreti\/","title":{"rendered":"Afganistan Vize \u00dccreti"},"content":{"rendered":"<p><span style=\"font-family: Roboto;\"><\/span><\/p>\r\n<p><span style=\"font-family: Roboto; font-size: 14px;\"><strong>Afganistan\u2019a seyahat edecek<\/strong> olan ki\u015filerin mutlaka vize \u00fccretleri hakk\u0131nda bilgi sahibi olmas\u0131 gerekmektedir. Bu \u00fclkeye ki\u015filer turizm, ticaret, aile ve arkada\u015f ziyareti gibi nedenlerle seyahat d\u00fczenlemek zorunda kalabilirler. B\u00f6yle durumlarda vize al\u0131nmas\u0131 zorunlu ko\u015fullardan biridir. Vize i\u015flemleri konusunda dikkat edilmesi gereken hususlardan birisi de pasaport kriterleridir.<\/span><\/p>\r\n<p><span style=\"font-family: Roboto; font-size: 14px;\">\r\n\r\n<\/span><\/p>\r\n<p><span style=\"font-family: Roboto; font-size: 14px;\">E\u011fer bir pasaportunuz yoksa mutlaka yeni bir pasaport almal\u0131 ya da s\u00fcresi dolmu\u015f ise pasaportunuzu yenilemeniz gerekmektedir. Vize al\u0131rken \u00f6demi\u015f \u00f6demek zorunda oldu\u011funuz t\u00fcm \u00fccretlerini ayn\u0131 \u015fekilde pasaport al\u0131rken ve \u00f6demek zorundas\u0131n\u0131z. Bununla birlikte alaca\u011f\u0131n\u0131z pasaportun s\u00fcresi \u00fccretler \u00fczerinde olduk\u00e7a etkilidir.<\/span><\/p>\r\n<h2><span style=\"font-family: Roboto; font-size: 27px;\"><strong>Afganistan Vize \u00dccretleri 2022<\/strong><\/span><\/h2>\r\n<p><span style=\"font-family: Roboto; font-size: 14px;\"><strong>Afganistan vize \u00fccretleri 2022<\/strong> senesinde de\u011fi\u015fti mi? T\u00fcm bu sorular\u0131n yan\u0131t\u0131n\u0131 bu yaz\u0131da sizleri i\u00e7in derlemi\u015f olduk. Herhangi bir \u00fclkeye seyahat edece\u011finiz zaman mutlaka ama mutlaka \u00f6demeniz gereken bir vize \u00fccreti vard\u0131r. Bu vize \u00fccretleri baz\u0131 seneler g\u00fcncellenir ve yeni halleri ile sunulur. Peki 2020 senesinde de bu \u00fccret sizce de\u011fi\u015fmi\u015f midir? O halde sizi bu konu hakk\u0131nda bilgilendirmi\u015f olal\u0131m. \u00d6ncelikle \u015funu s\u00f6ylemek isteriz ki Afganistan ticari vize harc\u0131 100 dolard\u0131r. Afganistan turistik vize harc\u0131 da yine ayn\u0131 \u015fekilde 100 dolar olarak hesaplanmaktad\u0131r. Afganistan S\u0131n\u0131r kap\u0131s\u0131 harc\u0131 da 35 dolar olarak belirlenmi\u015ftir. 100 dolar T\u00fcrk Liras\u0131 ile 1791,26 TL \u015feklindedir. G\u00fcncel kur baz al\u0131narak hesaplanm\u0131\u015ft\u0131r. Fiyatlar kur artarsa ya da d\u00fc\u015ferse de\u011fi\u015fiklik g\u00f6sterebilir. Siz de buna uygun bir bi\u00e7imde sizden istenen mebla\u011f\u0131 haz\u0131rlayarak diledi\u011finiz zaman <strong>Afganistan\u2019\u0131 ziyaret etmek<\/strong> i\u00e7in vize ba\u015fvurusunda bulunabilirsiniz. Turistik vize ile doyas\u0131ya bir Afganistan gezisi yapabilirsiniz.<\/span><\/p>\r\n<h2><span style=\"font-family: Roboto; font-size: 27px;\"><strong>Afganistan Vize \u00dccreti Nedir?<\/strong><\/span><\/h2>\r\n<p><span style=\"font-family: Roboto; font-size: 14px;\"><strong>Afganistan vizesi \u00fccreti<\/strong> yine seyahat s\u00fcresine ve i\u00e7eriklerine g\u00f6re de\u011fi\u015fiklik g\u00f6sterecektir. Afganistan ticari vizesi, Afganistan turistik vizesi Afganistan ziyaret\u00e7i vize Afganistan vize \u00fccretini farkl\u0131la\u015ft\u0131rabilecek. <span style=\"color: #2acec2;\"><strong><a style=\"color: #2acec2;\" href=\"https:\/\/myvize.com.tr\/afganistan\/afganistan-vizesi\/\" target=\"_blank\" rel=\"noopener\">Afganistan vizesi<\/a><\/strong><\/span> i\u00e7in gerekli evrak ba\u015fvurulan vize t\u00fcr ve ki\u015finin bulundu\u011fu durumlara g\u00f6re de\u011fi\u015fmektedir. \u015eah\u0131s ba\u015fvurmak istedi\u011fi vize t\u00fcr\u00fc ve bulunduklar\u0131 duruma g\u00f6re haz\u0131rlamak gereken Afganistan vizesi belgeleri hakk\u0131nda bilgi almal\u0131d\u0131r. <strong>Afganistan vize<\/strong>, eksiksiz ve ideal bir \u015fekildeki organize edilmi\u015f vize ba\u015fvuru belgeleriyle al\u0131nabilmekte. Afganistan vize, Afganistan Konsolosluk yahut Afganistan Konsolosluk taraf\u0131ndan yetkilendirilmi\u015f vize merkezinden al\u0131nabilmekte. <span style=\"color: #2acec2;\"><strong><a style=\"color: #2acec2;\" href=\"https:\/\/myvize.com.tr\/afganistan\/form-ve-dilekce\/vize-basvuru-formu\/\" target=\"_blank\" rel=\"noopener\">Afganistan vize ba\u015fvuru formu<\/a><\/strong><\/span> ile <strong>Afganistan vizesi ba\u015fvuru<\/strong> evrak\u0131nda beyan edilen bilginin birbiri desteklemesi vize ba\u015fvuru i\u015fleminin ba\u015far\u0131l\u0131 olma olas\u0131l\u0131\u011f\u0131 artt\u0131racakt\u0131r. Afganistan vize i\u015flemi i\u00e7in gereken foto\u011fraf biyometri foto\u011fraf olup foto\u011fraf \u00f6l\u00e7\u00fc biyometrik \u00f6l\u00e7\u00fcde olmal\u0131d\u0131r. Ayr\u0131ca foto\u011fraf g\u00fcncellik ve beyaz arka fon olmal\u0131d\u0131r. Evrak\u0131n eksiksiz olarak teslim edilmesi vize i\u015flemi s\u0131ras\u0131na \u00f6zel bir durum olmayarak <strong>Afganistan Konsoloslu\u011fu<\/strong> vize i\u015flemini olumlu sonu\u00e7land\u0131rmas\u0131 durumunda Afganistan vize ortalama 7 i\u015f g\u00fcn\u00fcne \u00e7\u0131kar.<\/span><\/p>\r\n<p><span style=\"font-family: Roboto; font-size: 14px;\"><\/span><\/p>\r\n<p><span style=\"font-family: Roboto; font-size: 14px;\"><img decoding=\"async\" src=\"https:\/\/myvize.com.tr\/afganistan\/wp-content\/uploads\/2021\/09\/3.jpg\" \/><\/span><\/p>\r\n<h3><span style=\"font-family: Roboto; font-size: 24px;\"><strong>Afganistan Turistik Vize \u00dccreti<\/strong><\/span><\/h3>\r\n<p><span style=\"font-family: Roboto; font-size: 14px;\"><strong>Afganistan turistik vize \u00fccreti<\/strong> hakk\u0131nda bilgiler sunmak ad\u0131na burada sizlerleyiz. \u015eayet siz de Afganistan\u2019\u0131 gezmek istiyorsan\u0131z bu yaz\u0131y\u0131 kesinlikle incelemelisiniz. Afganistan\u2019a gezi ama\u00e7l\u0131 gitmek istiyorsan\u0131z ve 90 g\u00fcn\u00fc ge\u00e7meyecek \u015fekilde burada konaklayacaksan\u0131z kesinlikle alman\u0131z gereken vize t\u00fcr\u00fc turistik vize t\u00fcr\u00fc olacakt\u0131r. Turistik vize \u00fccreti ise 2022 senesi itibar\u0131yla 100 dolar olarak belirlenmi\u015ftir. 100 dolar, g\u00fcncel dolar kuruna g\u00f6re T\u00fcrk liras\u0131na \u00e7evrildi\u011finde 1791,26 TL \u015feklinde kar\u015f\u0131m\u0131za \u00e7\u0131kar. Bu mebla\u011f bir\u00e7ok a\u00e7\u0131dan herkesin b\u00fct\u00e7esine uyum sa\u011flamaktad\u0131r. G\u00fcn\u00fcm\u00fczde<strong> Afganistan\u2019a turistik vize<\/strong> alarak gitmek isteyen bireyler 100 dolarl\u0131k \u00f6demelerini yapt\u0131ktan sonra turistik vize ba\u015fvurusu yapabilirler. Turistik vize ba\u015fvurusu i\u00e7in de Afganistan turistik vize ba\u015fvuru formunun eksiksiz bir bi\u00e7imde doldurulmas\u0131 \u00e7ok \u00f6nemlidir. Bu formda ki\u015fisel bir\u00e7ok bilginiz istenecektir. Verece\u011finiz her bilginin do\u011fru olmas\u0131na da \u00f6zen g\u00f6stermeniz beklenecektir. En ufak bir bilgi yanl\u0131\u015fl\u0131\u011f\u0131 bile sizi vize reddi durumuyla kar\u015f\u0131 kar\u015f\u0131ya b\u0131rakabilir.<\/span><\/p>\r\n<h3><span style=\"font-family: Roboto; font-size: 24px;\"><strong>Afganistan Ticari Vize \u00dccreti<\/strong><\/span><\/h3>\r\n<p><span style=\"font-family: Roboto; font-size: 14px;\"><strong>Afganistan ticari vize \u00fccreti<\/strong> konusunda sordu\u011funuz sorular\u0131 yan\u0131tlamak ad\u0131na burada yer al\u0131yoruz. Afganistan ticari vize \u00fccreti, turistik vize \u00fccreti ile ayn\u0131 \u015fekilde \u00f6denmektedir. Bu vizenin \u00fccreti de 100 dolar \u015feklindedir. 100 dolar g\u00fcn\u00fcm\u00fczde T\u00fcrk liras\u0131na \u00e7evrildi\u011fi zaman 1791,26 TL \u015feklinde ifade edilir. Sizlere biraz da Afganistan ticari vizesinin tam olarak nas\u0131l bir vize oldu\u011fundan s\u00f6z etmek istiyoruz. E\u011fer T\u00fcrkiye\u2019de ya\u015f\u0131yorsan\u0131z ve Afganistan\u2019da \u00e7al\u0131\u015fma hayat\u0131n\u0131za devam etmek istiyorsan\u0131z Afganistan ticari vizesi almal\u0131s\u0131n\u0131z. Ama bunu bir \u00e7al\u0131\u015fma izni olarak d\u00fc\u015f\u00fcnmeyin. \u0130\u015fle ilgili bir geziye, bir toplant\u0131ya ya da bir fuara gidecekseniz <strong>Afganistan ticari vizesi<\/strong> alman\u0131z gerekmektedir. Bu vizenin s\u00fcresi de 90 g\u00fcnd\u00fcr. Afganistan\u2019da 90 g\u00fcn\u00fc ge\u00e7ecek bir \u00e7al\u0131\u015fma yapmak istiyorsan\u0131z mutlaka Afganistan \u00e7al\u0131\u015fma izni almas\u0131n\u0131z. Aksi takdirde yasalar gere\u011fi ceza al\u0131rs\u0131n\u0131z ve s\u0131n\u0131r d\u0131\u015f\u0131 edilirsiniz. Bu t\u00fcr durumlar konusunda kesinlikle dikkatli olman\u0131z gerekecektir. \u015eimdilik ho\u015f\u00e7a kal\u0131n.<\/span><\/p>\r\n<p><span style=\"font-family: Roboto; font-size: 14px;\"><\/span><\/p>\r\n<h3><span style=\"font-family: Roboto; font-size: 24px;\"><strong>Afganistan Vize \u00dccretleri Yat\u0131r\u0131lmas\u0131<\/strong><\/span><\/h3>\r\n<p><span style=\"font-family: Roboto; font-size: 14px;\">\r\n\r\n<\/span><\/p>\r\n<p><span style=\"font-family: Roboto; font-size: 14px;\"><strong>Afganistan vize \u00fccretleri<\/strong>nin yat\u0131r\u0131lmas\u0131 konusunda \u00f6ncelikle kurumlar\u0131n belirlemi\u015f oldu\u011fu banka isimlerini bilmeniz gerekiyor. Kurumlar her banka ile \u00e7al\u0131\u015fmad\u0131\u011f\u0131 i\u00e7in yanl\u0131\u015f bir yat\u0131r\u0131m yaparsan\u0131z mutlaka i\u015flemlerinizin iptal olmas\u0131na neden olabilirsiniz. B\u00f6yle durumlarda vize i\u015flemlerinde dikkat etmeniz gereken \u00f6nemli kriterler oldu\u011funu bilmelisiniz.<\/span><\/p>\r\n<p><span style=\"font-family: Roboto; font-size: 14px;\">\r\n\r\n<\/span><\/p>\r\n<p><span style=\"font-family: Roboto; font-size: 14px;\">Vize al\u0131rken yat\u0131rman\u0131z gereken \u00fccret tutarlar\u0131 giri\u015f ve say\u0131s\u0131na g\u00f6re de\u011fi\u015febilece\u011fi gibi vize s\u00fcresine g\u00f6re de de\u011fi\u015febilmektedir. Ayn\u0131 zamanda turizm veya ticaret gibi farkl\u0131 vize t\u00fcrlerine g\u00f6re de farkl\u0131 \u00fccretler \u00f6demeniz gerekebilir. Vize \u00fccretlerinin \u00f6denmesi s\u0131ras\u0131nda sizlere bir dekont verilmesi de \u00f6nemli bir durumdur. Bu dekontun \u00fczerinde mutlaka kurumun ad\u0131n\u0131n yaz\u0131ld\u0131\u011f\u0131ndan emin olman\u0131z gerekmektedir.<\/span><\/p>\r\n<p><span style=\"font-family: Roboto; font-size: 14px;\">\r\n\r\n<\/span><\/p>\r\n<h3><span style=\"font-family: Roboto; font-size: 24px;\"><strong>Afganistan Vizesi S\u0131ras\u0131nda \u00d6denen \u00dccretler<\/strong><\/span><\/h3>\r\n<p><span style=\"font-family: Roboto; font-size: 14px;\">\r\n\r\n<\/span><\/p>\r\n<p><span style=\"font-family: Roboto; font-size: 14px;\">Pasaportunuz yoksa mutlaka pasaport alma i\u015flemi de yapmak zorundas\u0131n\u0131z. 6 ayl\u0131\u011f\u0131na bir pasaport alacaksan\u0131z \u00f6demeniz gereken tutar 407,20 TL bedelindedir. Ancak 10 y\u0131ll\u0131k bir pasaport almak isterseniz bu bedel 1265,40 TL tutar\u0131ndad\u0131r. <strong>Afganistan vize \u00fccretleri<\/strong> ise 100 dolard\u0131r. S\u0131n\u0131r kap\u0131s\u0131ndan vize alacak olursan\u0131z ise 35 dolar \u00f6demeniz gerekir. Ancak s\u0131n\u0131r kap\u0131s\u0131ndan bazen vize i\u015flemini h\u0131zl\u0131 bir \u015fekilde yapt\u0131rman\u0131z zor olabilir. B\u00f6yle zamanlarda da seyahatinizi ertelemek durumunda kalabilirsiniz.<\/span><\/p>\r\n<p><span style=\"font-family: Roboto; font-size: 14px;\">\r\n\r\n<\/span><\/p>\r\n<p><span style=\"font-family: Roboto;\"><\/span><\/p>","protected":false},"excerpt":{"rendered":"<p>Afganistan\u2019a seyahat edecek olan ki\u015filerin mutlaka vize \u00fccretleri hakk\u0131nda bilgi sahibi olmas\u0131 gerekmektedir. Bu \u00fclkeye ki\u015filer turizm, ticaret, aile ve arkada\u015f ziyareti gibi nedenlerle seyahat d\u00fczenlemek zorunda kalabilirler. B\u00f6yle durumlarda vize al\u0131nmas\u0131 zorunlu ko\u015fullardan biridir. Vize i\u015flemleri konusunda dikkat edilmesi gereken hususlardan birisi de pasaport kriterleridir. E\u011fer bir pasaportunuz yoksa mutlaka yeni bir pasaport almal\u0131<\/p>\n","protected":false},"author":1,"featured_media":0,"parent":0,"menu_order":0,"comment_status":"open","ping_status":"closed","template":"","meta":{"footnotes":""},"class_list":["post-328","page","type-page","status-publish","hentry"],"yoast_head":"<!-- This site is optimized with the Yoast SEO plugin v24.0 - https:\/\/yoast.com\/wordpress\/plugins\/seo\/ -->\n<title>Afganistan Vize \u00dccreti - MyVize Vize Ba\u015fvuru Merkezi<\/title>\n<meta name=\"description\" content=\"Afganistan Vize \u00dccreti Nedir? Afganistan Vize \u00dccreti 2022 G\u00fcncel Fiyat Listesi Nedir? Bilgi \u0130\u00e7in Vize Uzmanlar\u0131m\u0131z\u0131 Aray\u0131n: 0850 346 84 93\" \/>\n<meta name=\"robots\" content=\"index, follow, max-snippet:-1, max-image-preview:large, max-video-preview:-1\" \/>\n<link rel=\"canonical\" href=\"https:\/\/myvize.com.tr\/afganistan\/afganistan-vize-ucreti\/\" \/>\n<meta property=\"og:locale\" content=\"tr_TR\" \/>\n<meta property=\"og:type\" content=\"article\" \/>\n<meta property=\"og:title\" content=\"Afganistan Vize \u00dccreti - MyVize Vize Ba\u015fvuru Merkezi\" \/>\n<meta property=\"og:description\" content=\"Afganistan Vize \u00dccreti Nedir? Afganistan Vize \u00dccreti 2022 G\u00fcncel Fiyat Listesi Nedir? Bilgi \u0130\u00e7in Vize Uzmanlar\u0131m\u0131z\u0131 Aray\u0131n: 0850 346 84 93\" \/>\n<meta property=\"og:url\" content=\"https:\/\/myvize.com.tr\/afganistan\/afganistan-vize-ucreti\/\" \/>\n<meta property=\"og:site_name\" content=\"Afganistan Vizesi\" \/>\n<meta property=\"article:modified_time\" content=\"2022-08-08T08:55:16+00:00\" \/>\n<meta property=\"og:image\" content=\"https:\/\/myvize.com.tr\/afganistan\/wp-content\/uploads\/2021\/09\/3.jpg\" \/>\n<meta name=\"twitter:card\" content=\"summary_large_image\" \/>\n<meta name=\"twitter:label1\" content=\"Tahmini okuma s\u00fcresi\" \/>\n\t<meta name=\"twitter:data1\" content=\"4 dakika\" \/>\n<script type=\"application\/ld+json\" class=\"yoast-schema-graph\">{\"@context\":\"https:\/\/schema.org\",\"@graph\":[{\"@type\":\"WebPage\",\"@id\":\"https:\/\/myvize.com.tr\/afganistan\/afganistan-vize-ucreti\/\",\"url\":\"https:\/\/myvize.com.tr\/afganistan\/afganistan-vize-ucreti\/\",\"name\":\"Afganistan Vize \u00dccreti - MyVize Vize Ba\u015fvuru Merkezi\",\"isPartOf\":{\"@id\":\"https:\/\/myvize.com.tr\/afganistan\/#website\"},\"primaryImageOfPage\":{\"@id\":\"https:\/\/myvize.com.tr\/afganistan\/afganistan-vize-ucreti\/#primaryimage\"},\"image\":{\"@id\":\"https:\/\/myvize.com.tr\/afganistan\/afganistan-vize-ucreti\/#primaryimage\"},\"thumbnailUrl\":\"https:\/\/myvize.com.tr\/afganistan\/wp-content\/uploads\/2021\/09\/3.jpg\",\"datePublished\":\"2021-03-30T18:09:17+00:00\",\"dateModified\":\"2022-08-08T08:55:16+00:00\",\"description\":\"Afganistan Vize \u00dccreti Nedir? Afganistan Vize \u00dccreti 2022 G\u00fcncel Fiyat Listesi Nedir? Bilgi \u0130\u00e7in Vize Uzmanlar\u0131m\u0131z\u0131 Aray\u0131n: 0850 346 84 93\",\"breadcrumb\":{\"@id\":\"https:\/\/myvize.com.tr\/afganistan\/afganistan-vize-ucreti\/#breadcrumb\"},\"inLanguage\":\"tr\",\"potentialAction\":[{\"@type\":\"ReadAction\",\"target\":[\"https:\/\/myvize.com.tr\/afganistan\/afganistan-vize-ucreti\/\"]}]},{\"@type\":\"ImageObject\",\"inLanguage\":\"tr\",\"@id\":\"https:\/\/myvize.com.tr\/afganistan\/afganistan-vize-ucreti\/#primaryimage\",\"url\":\"https:\/\/myvize.com.tr\/afganistan\/wp-content\/uploads\/2021\/09\/3.jpg\",\"contentUrl\":\"https:\/\/myvize.com.tr\/afganistan\/wp-content\/uploads\/2021\/09\/3.jpg\",\"width\":800,\"height\":500,\"caption\":\"Afganistan\"},{\"@type\":\"BreadcrumbList\",\"@id\":\"https:\/\/myvize.com.tr\/afganistan\/afganistan-vize-ucreti\/#breadcrumb\",\"itemListElement\":[{\"@type\":\"ListItem\",\"position\":1,\"name\":\"Anasayfa\",\"item\":\"https:\/\/myvize.com.tr\/afganistan\/\"},{\"@type\":\"ListItem\",\"position\":2,\"name\":\"Afganistan Vize \u00dccreti\"}]},{\"@type\":\"WebSite\",\"@id\":\"https:\/\/myvize.com.tr\/afganistan\/#website\",\"url\":\"https:\/\/myvize.com.tr\/afganistan\/\",\"name\":\"Afganistan Vizesi\",\"description\":\"\",\"potentialAction\":[{\"@type\":\"SearchAction\",\"target\":{\"@type\":\"EntryPoint\",\"urlTemplate\":\"https:\/\/myvize.com.tr\/afganistan\/?s={search_term_string}\"},\"query-input\":{\"@type\":\"PropertyValueSpecification\",\"valueRequired\":true,\"valueName\":\"search_term_string\"}}],\"inLanguage\":\"tr\"}]}<\/script>\n<!-- \/ Yoast SEO plugin. -->","yoast_head_json":{"title":"Afganistan Vize \u00dccreti - MyVize Vize Ba\u015fvuru Merkezi","description":"Afganistan Vize \u00dccreti Nedir? Afganistan Vize \u00dccreti 2022 G\u00fcncel Fiyat Listesi Nedir? Bilgi \u0130\u00e7in Vize Uzmanlar\u0131m\u0131z\u0131 Aray\u0131n: 0850 346 84 93","robots":{"index":"index","follow":"follow","max-snippet":"max-snippet:-1","max-image-preview":"max-image-preview:large","max-video-preview":"max-video-preview:-1"},"canonical":"https:\/\/myvize.com.tr\/afganistan\/afganistan-vize-ucreti\/","og_locale":"tr_TR","og_type":"article","og_title":"Afganistan Vize \u00dccreti - MyVize Vize Ba\u015fvuru Merkezi","og_description":"Afganistan Vize \u00dccreti Nedir? Afganistan Vize \u00dccreti 2022 G\u00fcncel Fiyat Listesi Nedir? Bilgi \u0130\u00e7in Vize Uzmanlar\u0131m\u0131z\u0131 Aray\u0131n: 0850 346 84 93","og_url":"https:\/\/myvize.com.tr\/afganistan\/afganistan-vize-ucreti\/","og_site_name":"Afganistan Vizesi","article_modified_time":"2022-08-08T08:55:16+00:00","og_image":[{"url":"https:\/\/myvize.com.tr\/afganistan\/wp-content\/uploads\/2021\/09\/3.jpg","type":"","width":"","height":""}],"twitter_card":"summary_large_image","twitter_misc":{"Tahmini okuma s\u00fcresi":"4 dakika"},"schema":{"@context":"https:\/\/schema.org","@graph":[{"@type":"WebPage","@id":"https:\/\/myvize.com.tr\/afganistan\/afganistan-vize-ucreti\/","url":"https:\/\/myvize.com.tr\/afganistan\/afganistan-vize-ucreti\/","name":"Afganistan Vize \u00dccreti - MyVize Vize Ba\u015fvuru Merkezi","isPartOf":{"@id":"https:\/\/myvize.com.tr\/afganistan\/#website"},"primaryImageOfPage":{"@id":"https:\/\/myvize.com.tr\/afganistan\/afganistan-vize-ucreti\/#primaryimage"},"image":{"@id":"https:\/\/myvize.com.tr\/afganistan\/afganistan-vize-ucreti\/#primaryimage"},"thumbnailUrl":"https:\/\/myvize.com.tr\/afganistan\/wp-content\/uploads\/2021\/09\/3.jpg","datePublished":"2021-03-30T18:09:17+00:00","dateModified":"2022-08-08T08:55:16+00:00","description":"Afganistan Vize \u00dccreti Nedir? Afganistan Vize \u00dccreti 2022 G\u00fcncel Fiyat Listesi Nedir? Bilgi \u0130\u00e7in Vize Uzmanlar\u0131m\u0131z\u0131 Aray\u0131n: 0850 346 84 93","breadcrumb":{"@id":"https:\/\/myvize.com.tr\/afganistan\/afganistan-vize-ucreti\/#breadcrumb"},"inLanguage":"tr","potentialAction":[{"@type":"ReadAction","target":["https:\/\/myvize.com.tr\/afganistan\/afganistan-vize-ucreti\/"]}]},{"@type":"ImageObject","inLanguage":"tr","@id":"https:\/\/myvize.com.tr\/afganistan\/afganistan-vize-ucreti\/#primaryimage","url":"https:\/\/myvize.com.tr\/afganistan\/wp-content\/uploads\/2021\/09\/3.jpg","contentUrl":"https:\/\/myvize.com.tr\/afganistan\/wp-content\/uploads\/2021\/09\/3.jpg","width":800,"height":500,"caption":"Afganistan"},{"@type":"BreadcrumbList","@id":"https:\/\/myvize.com.tr\/afganistan\/afganistan-vize-ucreti\/#breadcrumb","itemListElement":[{"@type":"ListItem","position":1,"name":"Anasayfa","item":"https:\/\/myvize.com.tr\/afganistan\/"},{"@type":"ListItem","position":2,"name":"Afganistan Vize \u00dccreti"}]},{"@type":"WebSite","@id":"https:\/\/myvize.com.tr\/afganistan\/#website","url":"https:\/\/myvize.com.tr\/afganistan\/","name":"Afganistan Vizesi","description":"","potentialAction":[{"@type":"SearchAction","target":{"@type":"EntryPoint","urlTemplate":"https:\/\/myvize.com.tr\/afganistan\/?s={search_term_string}"},"query-input":{"@type":"PropertyValueSpecification","valueRequired":true,"valueName":"search_term_string"}}],"inLanguage":"tr"}]}},"_links":{"self":[{"href":"https:\/\/myvize.com.tr\/afganistan\/wp-json\/wp\/v2\/pages\/328","targetHints":{"allow":["GET"]}}],"collection":[{"href":"https:\/\/myvize.com.tr\/afganistan\/wp-json\/wp\/v2\/pages"}],"about":[{"href":"https:\/\/myvize.com.tr\/afganistan\/wp-json\/wp\/v2\/types\/page"}],"author":[{"embeddable":true,"href":"https:\/\/myvize.com.tr\/afganistan\/wp-json\/wp\/v2\/users\/1"}],"replies":[{"embeddable":true,"href":"https:\/\/myvize.com.tr\/afganistan\/wp-json\/wp\/v2\/comments?post=328"}],"version-history":[{"count":10,"href":"https:\/\/myvize.com.tr\/afganistan\/wp-json\/wp\/v2\/pages\/328\/revisions"}],"predecessor-version":[{"id":715,"href":"https:\/\/myvize.com.tr\/afganistan\/wp-json\/wp\/v2\/pages\/328\/revisions\/715"}],"wp:attachment":[{"href":"https:\/\/myvize.com.tr\/afganistan\/wp-json\/wp\/v2\/media?parent=328"}],"curies":[{"name":"wp","href":"https:\/\/api.w.org\/{rel}","templated":true}]}}