{"id":278,"date":"2021-01-20T15:13:55","date_gmt":"2021-01-20T12:13:55","guid":{"rendered":"http:\/\/myvize.com.tr\/afganistan\/?page_id=278"},"modified":"2022-03-19T12:04:29","modified_gmt":"2022-03-19T09:04:29","slug":"ticari-vize-dilekce-ornegi","status":"publish","type":"page","link":"https:\/\/myvize.com.tr\/afganistan\/form-ve-dilekce\/ticari-vize-dilekce-ornegi\/","title":{"rendered":"Afganistan Ticari Vize Dilek\u00e7e \u00d6rne\u011fi"},"content":{"rendered":"<h2><span style=\"font-family: Roboto; font-size: 27px;\"><strong>Afganistan Ticari Vize Dilek\u00e7e \u00d6rne\u011fi Hakk\u0131nda<\/strong><\/span><\/h2>\n<p><span style=\"font-family: Roboto; font-size: 14px;\"><strong>Afganistan<\/strong>, ticaret anlamda ziyaret edilebilen \u00fclkeden biridir. \u00dclkede ekonomi son y\u0131lda k\u00fcresel yard\u0131m fonu ile kalk\u0131nabilir hale gelmi\u015ftir. Bu nedenle de Afganistan ticari hayatlar\u0131 son y\u0131lda giderek toparlanmaya ba\u015flam\u0131\u015ft\u0131r. Bu yeni olu\u015fum i\u00e7inde kendisine pay bi\u00e7melere \u00e7al\u0131\u015fan pek \u00e7ok i\u015f insan\u0131 ve \u015firketler, <strong>Afganistan<\/strong>\u2019\u0131n yeni yap\u0131s\u0131na yer bulmaya \u00e7al\u0131\u015fmaktad\u0131r. Siz de kendi ad\u0131n\u0131z ya da \u015firket \u00e7al\u0131\u015fanlar\u0131 olarak Afganistan\u2019a ticari ziyaret ger\u00e7ekle\u015ftirme istiyorsan\u0131z, bu durumda <span style=\"color: #2acec2;\"><strong><a style=\"color: #2acec2;\" href=\"https:\/\/myvize.com.tr\/afganistan\/vize-islemleri\/ticari-vize\/\" target=\"_blank\" rel=\"noopener\">Afganistan ticari vize<\/a><\/strong><\/span>\u00a0talep dilek\u00e7esi doldurarak, Afganistan ticari vizesi alabilirsiniz. Bu dilek\u00e7eyi doldururken de\u011finmek gereken noktalar:<\/span><br \/>\n<span style=\"font-family: Roboto; font-size: 14px;\">Dilek\u00e7e \u015firket antetli k\u00e2\u011f\u0131da haz\u0131rlanmas\u0131.<\/span><br \/>\n<span style=\"font-family: Roboto; font-size: 14px;\">Dilek\u00e7ede \u015firket yetkilisi imza ve \u015firket ka\u015fesi bulunmas\u0131.<\/span><br \/>\n<span style=\"font-family: Roboto; font-size: 14px;\">Seyahatin ticari ama\u00e7lar\u0131.<\/span><br \/>\n<span style=\"font-family: Roboto; font-size: 14px;\"><strong>Afganistan seyahati<\/strong>nin ba\u015flang\u0131\u00e7 ve biti\u015f tarihi.<\/span><br \/>\n<span style=\"font-family: Roboto; font-size: 14px;\">Afganistan ticari seyahatin esnas\u0131nda \u00e7al\u0131\u015ft\u0131\u011f\u0131n\u0131z \u015firkette ki g\u00f6rev ve pozisyonun.<\/span><br \/>\n<span style=\"font-family: Roboto; font-size: 14px;\"><strong>Afganistan ticari seyahatleri<\/strong> i\u00e7in masraf\u0131n\u0131z\u0131n nas\u0131l kar\u015f\u0131lanaca\u011f\u0131na ait bilgilendirme.<\/span><br \/>\n<span style=\"font-family: Roboto; font-size: 14px;\">Ayr\u0131ca <strong>Afganistan Konsoloslu\u011fa<\/strong> sunulacak olan <strong>Afganistan ticari vizesi talep dilek\u00e7e<\/strong> ile vize ba\u015fvuru evrak\u0131n\u0131z\u0131n birbirini do\u011frulay\u0131p, desteklemesi gerekmektedir.<\/span><br \/>\n<span style=\"font-family: Roboto; font-size: 14px;\">Ba\u015fvuruda kullan\u0131lacak evraklar eksiksiz ve do\u011fru \u015fekilde doldurulmas\u0131 gerekir.<\/span><\/p>\n<p><span style=\"font-family: Roboto; font-size: 14px;\"><span style=\"color: #2acec2;\"><strong><a style=\"color: #2acec2;\" href=\"https:\/\/myvize.com.tr\/afganistan\/form-ve-dilekce\/vize-basvuru-formu\/\" target=\"_blank\" rel=\"noopener\">Afganistan Vize Ba\u015fvuru Formu<\/a><\/strong><\/span> ile ilgili bilgi almak i\u00e7in bizi aray\u0131n\u0131z.<\/span><\/p>\n<h2><span style=\"font-family: Roboto; font-size: 27px;\"><strong>Afganistan Ticari Vize \u0130\u015flemleri<\/strong><\/span><\/h2>\n<p><span style=\"font-family: Roboto; font-size: 14px;\">T.C Afganistan&#8217;a seyahat etmek isteyen Umuma Mahsus Pasaport Vatanda\u015flar\u0131 Afganistan vizesi i\u00e7in gerekli belgeleri Afganistan Konsoloslu\u011funa ba\u015fvururken ibraz etmelidir. Afgan Konsoloslu\u011fu&#8217;nun bu belgelerin g\u00fcncel olup olmad\u0131\u011f\u0131n\u0131 iki kez kontrol etti\u011fini belirtmekte fayda var. Orijinal belgeler bazen gereklidir. <strong>Afganistan vizesi i\u00e7in gerekli evraklar<\/strong> Afganistan ziyaret sebebine g\u00f6re olu\u015fturulmal\u0131 ve <strong>Afgan Konsoloslu\u011funa<\/strong> sunulmal\u0131d\u0131r.<\/span><\/p>\n<p><span style=\"font-family: Roboto; font-size: 14px;\"><strong>Afganistan vizesi<\/strong> i\u00e7in ihtiya\u00e7 duyaca\u011f\u0131n\u0131z belgeler seyahatinizin amac\u0131na g\u00f6re belirlenir. Afganistan turist vizeleri, Afganistan ticari vizeleri ve Afganistan ziyaret\u00e7i vizeleri, Afganistan&#8217;da farkl\u0131 ama\u00e7lar i\u00e7in farkl\u0131 vize t\u00fcrleridir. <strong>Afganistan vizesi<\/strong> i\u00e7in gerekli belgeleri okuyabilir ve Afganistan Konsoloslu\u011fu&#8217;nun onayl\u0131 vize tesisinden ba\u015fvurunuzu yapabilirsiniz. <strong>Afganistan vize i\u015flemleri<\/strong> i\u00e7in gerekli evraklar, Afgan Konsoloslu\u011funun ek taleplerine g\u00f6re de\u011fi\u015fiklik g\u00f6sterebilmektedir. \u00d6zellikle Afgan Konsoloslu\u011fu, ba\u015fvuru sahibi hakk\u0131nda daha detayl\u0131 bilgi almak i\u00e7in ek evrak talep etme yetkisine sahiptir.<\/span><\/p>\n<p><span style=\"font-family: Roboto; font-size: 14px;\"><strong>Afganistan ticari vize ba\u015fvurular\u0131<\/strong> i\u00e7in ki\u015finin kendi inisiyatifiyle ki\u015fisel bir dilek\u00e7e yap\u0131labilir, ancak kurumsal bir dilek\u00e7e gereklidir. \u015eirketin dilek\u00e7e \u015feklindeki antetli ka\u011f\u0131d\u0131, vize ba\u015fvurusunda bulunan ki\u015finin i\u015fi, ticari faaliyetinin do\u011fas\u0131 ve Afganistan&#8217;daki bir toplant\u0131ya veya konferansa kat\u0131l\u0131m\u0131n t\u00fcm\u00fc \u015firket mektubuna dahil edilmelidir. Konsoloslu\u011fa g\u00f6nderilmeli ve seyahatinizin tarihlerini i\u00e7ermelidir. Seyahat tarihleriniz ile kat\u0131laca\u011f\u0131n\u0131z etkinli\u011fin tarihleri \u200b\u200bayn\u0131 olmal\u0131d\u0131r. Firma antetli ka\u011f\u0131d\u0131na, sahipleri kendi dilek\u00e7elerini yazabilirler. \u015eirket yaz\u0131s\u0131 veya dilek\u00e7esine yetkili ki\u015finin imzas\u0131 ve kurum ka\u015fesi ili\u015ftirilir.<\/span><\/p>\n<h2><span style=\"font-family: Roboto; font-size: 27px;\"><strong>Afganistan Ticari Vize Dilek\u00e7esi Yaz\u0131l\u0131rken Dikkat Edilmesi Gerekenler<\/strong><\/span><\/h2>\n<p><span style=\"font-family: Roboto; font-size: 14px;\"><strong>Afganistan&#8217;da vize ba\u015fvurusu<\/strong> prosed\u00fcr\u00fc elbette Afganistan yasalar\u0131 taraf\u0131ndan fazlas\u0131yla kuralc\u0131 bir \u015fekilde belirlenir. Afganistan vize ba\u015fvurular\u0131 Konsoloslu\u011fun mutlaka yetkili arac\u0131 ba\u015fvuru servisleri kullan\u0131larak yap\u0131l\u0131r. Ba\u015fvuran\u0131n ikametgah\u0131na ba\u011fl\u0131 olarak, <strong>Afganistan \u0130stanbul Ba\u015fkonsoloslu\u011fu<\/strong> ve<strong> Ankara B\u00fcy\u00fckel\u00e7ili\u011fi Konsolosluk B\u00f6l\u00fcm<\/strong>\u00fc gibi farkl\u0131 Konsolosluklar yetki vermektedir. Sonu\u00e7 olarak, Afganistan i\u00e7in vize ba\u015fvurusu ilgili Konsoloslu\u011fa g\u00f6nderilmelidir.<\/span><\/p>\n<p><span style=\"font-family: Roboto; font-size: 14px;\"><strong>Unutmay\u0131n:<\/strong>\u00a0On y\u0131ldan fazla ge\u00e7erlili\u011fi olan pasaportlar\u0131n yenilenmesi gerekmektedir. \u00c7\u00fcnk\u00fc ge\u00e7erlilik s\u00fcresi on y\u0131ldan fazla olan pasaportlara vize verilmemektedir.<\/span><\/p>\n<p><span style=\"font-family: Roboto; font-size: 14px;\"><strong>Unutmay\u0131n:<\/strong>\u00a0Bu uygulaman\u0131n sadece yeni ba\u015fvurular i\u00e7in ge\u00e7erli oldu\u011funu ve pasaportlar\u0131nda vize i\u015flemi bulunan vatanda\u015flar\u0131m\u0131z\u0131n vizeleri ge\u00e7erli oldu\u011fu s\u00fcrece kendi istekleri do\u011frultusunda istedikleri kadar seyahat etmeye devam edebilece\u011fini unutmay\u0131n.<\/span><\/p>\n<p><span style=\"font-family: Roboto; font-size: 14px;\">Pasaportunuzun ve \u00f6nceki vizelerinizin fotokopisini asla unutmamal\u0131s\u0131n\u0131z.<\/span><\/p>\n<p><span style=\"font-family: Roboto; font-size: 14px;\">Taahh\u00fct Mektubu ve<strong> Vize Ba\u015fvurusu<\/strong><\/span><\/p>\n<p><span style=\"font-family: Roboto; font-size: 14px;\">Afganistan Ba\u015fkonsoloslu\u011funa Seyahat Amac\u0131n\u0131 A\u00e7\u0131klayan Ki\u015fisel Dilek\u00e7e<\/span><\/p>\n<p><span style=\"font-family: Roboto; font-size: 14px;\">Kimlik Kopyalar\u0131 (TC Kimlik Numaras\u0131 Bulunmal\u0131d\u0131r)<\/span><\/p>\n<p><span style=\"font-family: Roboto; font-size: 14px;\">2 adet biyometrik resim (yeni \u00e7ekilmi\u015f olmal\u0131d\u0131r)<\/span><\/p>\n<p><span style=\"font-family: Roboto; font-size: 14px;\">Belgelenmi\u015f Kimlik \u00d6rne\u011fi<\/span><\/p>\n<p><span style=\"font-family: Roboto; font-size: 14px;\">Gidi\u015f-d\u00f6n\u00fc\u015f u\u00e7ak bileti ve otel rezervasyonlar\u0131 , Seyahat Harcama Belgeleri Seyahat Sa\u011fl\u0131k Sigortas\u0131<\/span><\/p>\n<p><span style=\"font-family: Roboto; font-size: 14px;\">Profesyonel Kullan\u0131m Belgeleri<\/span><\/p>\n<p><span style=\"font-family: Roboto; font-size: 14px;\">Maddi kay\u0131tlar<\/span><\/p>\n<h2><span style=\"font-family: Roboto; font-size: 27px;\"><strong>Afganistan Ticari Vize Dilek\u00e7e \u00d6rne\u011fi<\/strong><\/span><\/h2>\n<p><span style=\"font-family: Roboto; font-size: 14px;\">Afganistan&#8217;a ticari ama\u00e7larla (i\u015f toplant\u0131lar\u0131, konferanslar, saha \u00e7al\u0131\u015fmas\u0131 vb.) seyahat edecek ki\u015filerin Afganistan Ba\u015fkonsoloslu\u011fu&#8217;na <strong>Afganistan Ticari Vize Talep Dilek\u00e7esi<\/strong> vermeleri gerekmektedir. Afganistan Ticari Vize Talep Dilek\u00e7esini haz\u0131rlarken a\u015fa\u011f\u0131daki unsurlar\u0131 akl\u0131n\u0131zda bulundurun.<\/span><\/p>\n<p><span style=\"font-family: Roboto; font-size: 14px;\"><strong>Afganistan ticari vize dilek\u00e7esi<\/strong>, personelini i\u015f gezisine g\u00f6nderecek firma yetkilisi taraf\u0131ndan \u015firket antetli ka\u011f\u0131d\u0131na yaz\u0131lmal\u0131 ve \u015firket yetkilisinin ka\u015fe ve imzas\u0131n\u0131 i\u00e7ermelidir.<\/span><\/p>\n<p><span style=\"font-family: Roboto; font-size: 14px;\">Afganistan Ticari Vize Talep Dilek\u00e7esinde, seyahatin amac\u0131 tam olarak belirtilmelidir. \u00d6rne\u011fin, ki\u015fi ba\u015fka bir \u015firketle, yani \u015firketin Afganistan&#8217;daki i\u015f orta\u011f\u0131yla g\u00f6r\u00fc\u015fmek i\u00e7in seyahat ediyorsa, \u015firket hakk\u0131nda bilgi verilmelidir. Ki\u015fi bir i\u015f konferans\u0131na seyahat ediyorsa, konferansla ilgili ayr\u0131nt\u0131lar <strong>Afganistan Ticari Vize<\/strong> talep dilek\u00e7esine dahil edilmelidir.<\/span><\/p>\n<p><span style=\"font-family: Roboto; font-size: 14px;\"><strong>Afganistan Ticari Vize talep<\/strong> dilek\u00e7esinde firma ile seyahat edecek ki\u015finin (Sat\u0131\u015f M\u00fcd\u00fcr\u00fc, Kurumsal \u0130leti\u015fim Uzman\u0131 vb.) g\u00f6revi a\u00e7\u0131k\u00e7a belirtilmelidir.<\/span><\/p>\n<p><span style=\"font-family: Roboto; font-size: 14px;\">Afganistan&#8217;a yapaca\u011f\u0131n\u0131z seyahatin ba\u015flang\u0131\u00e7 \u200b\u200bve biti\u015f tarihlerinin yan\u0131 s\u0131ra herhangi bir ba\u015fka seyahat, Afganistan Ticari Vize talep dilek\u00e7esinde belirtilmelidir.<\/span><\/p>\n<p><span style=\"font-family: Roboto; font-size: 14px;\">Afganistan Konsoloslu\u011funa Ticari Vize talep dilek\u00e7esi haz\u0131rlan\u0131rken, seyahat boyunca seyahat masraflar\u0131n\u0131n (konaklama, transfer, hastal\u0131k, kaza vb.) nas\u0131l kar\u015f\u0131lanaca\u011f\u0131na dair bilgiler yer almal\u0131d\u0131r.<\/span><\/p>\n<p><span style=\"font-family: Roboto; font-size: 14px;\"><img decoding=\"async\" src=\"https:\/\/myvize.com.tr\/afganistan\/wp-content\/uploads\/2021\/09\/15.jpg\" \/><\/span><\/p>\n","protected":false},"excerpt":{"rendered":"<p>Afganistan Ticari Vize Dilek\u00e7e \u00d6rne\u011fi Hakk\u0131nda Afganistan, ticaret anlamda ziyaret edilebilen \u00fclkeden biridir. \u00dclkede ekonomi son y\u0131lda k\u00fcresel yard\u0131m fonu ile kalk\u0131nabilir hale gelmi\u015ftir. Bu nedenle de Afganistan ticari hayatlar\u0131 son y\u0131lda giderek toparlanmaya ba\u015flam\u0131\u015ft\u0131r. Bu yeni olu\u015fum i\u00e7inde kendisine pay bi\u00e7melere \u00e7al\u0131\u015fan pek \u00e7ok i\u015f insan\u0131 ve \u015firketler, Afganistan\u2019\u0131n yeni yap\u0131s\u0131na yer bulmaya \u00e7al\u0131\u015fmaktad\u0131r.<\/p>\n","protected":false},"author":1,"featured_media":0,"parent":144,"menu_order":0,"comment_status":"open","ping_status":"closed","template":"","meta":{"footnotes":""},"class_list":["post-278","page","type-page","status-publish","hentry"],"yoast_head":"<!-- This site is optimized with the Yoast SEO plugin v24.0 - https:\/\/yoast.com\/wordpress\/plugins\/seo\/ -->\n<title>Afganistan Ticari Vize Dilek\u00e7e \u00d6rne\u011fi Hakk\u0131nda - MyVize<\/title>\n<meta name=\"description\" content=\"Afganistan Ticari Vize Dilek\u00e7e \u00d6rne\u011fi Nas\u0131l Yaz\u0131l\u0131r? Afganistan Ticari Vize Dilek\u00e7e \u00d6rne\u011fi 2022 G\u00fcncel Bilgileri Neler?\" \/>\n<meta name=\"robots\" content=\"index, follow, max-snippet:-1, max-image-preview:large, max-video-preview:-1\" \/>\n<link rel=\"canonical\" href=\"https:\/\/myvize.com.tr\/afganistan\/form-ve-dilekce\/ticari-vize-dilekce-ornegi\/\" \/>\n<meta property=\"og:locale\" content=\"tr_TR\" \/>\n<meta property=\"og:type\" content=\"article\" \/>\n<meta property=\"og:title\" content=\"Afganistan Ticari Vize Dilek\u00e7e \u00d6rne\u011fi Hakk\u0131nda - MyVize\" \/>\n<meta property=\"og:description\" content=\"Afganistan Ticari Vize Dilek\u00e7e \u00d6rne\u011fi Nas\u0131l Yaz\u0131l\u0131r? Afganistan Ticari Vize Dilek\u00e7e \u00d6rne\u011fi 2022 G\u00fcncel Bilgileri Neler?\" \/>\n<meta property=\"og:url\" content=\"https:\/\/myvize.com.tr\/afganistan\/form-ve-dilekce\/ticari-vize-dilekce-ornegi\/\" \/>\n<meta property=\"og:site_name\" content=\"Afganistan Vizesi\" \/>\n<meta property=\"article:modified_time\" content=\"2022-03-19T09:04:29+00:00\" \/>\n<meta property=\"og:image\" content=\"https:\/\/myvize.com.tr\/afganistan\/wp-content\/uploads\/2021\/09\/15.jpg\" \/>\n<meta name=\"twitter:card\" content=\"summary_large_image\" \/>\n<meta name=\"twitter:label1\" content=\"Tahmini okuma s\u00fcresi\" \/>\n\t<meta name=\"twitter:data1\" content=\"4 dakika\" \/>\n<script type=\"application\/ld+json\" class=\"yoast-schema-graph\">{\"@context\":\"https:\/\/schema.org\",\"@graph\":[{\"@type\":\"WebPage\",\"@id\":\"https:\/\/myvize.com.tr\/afganistan\/form-ve-dilekce\/ticari-vize-dilekce-ornegi\/\",\"url\":\"https:\/\/myvize.com.tr\/afganistan\/form-ve-dilekce\/ticari-vize-dilekce-ornegi\/\",\"name\":\"Afganistan Ticari Vize Dilek\u00e7e \u00d6rne\u011fi Hakk\u0131nda - MyVize\",\"isPartOf\":{\"@id\":\"https:\/\/myvize.com.tr\/afganistan\/#website\"},\"primaryImageOfPage\":{\"@id\":\"https:\/\/myvize.com.tr\/afganistan\/form-ve-dilekce\/ticari-vize-dilekce-ornegi\/#primaryimage\"},\"image\":{\"@id\":\"https:\/\/myvize.com.tr\/afganistan\/form-ve-dilekce\/ticari-vize-dilekce-ornegi\/#primaryimage\"},\"thumbnailUrl\":\"https:\/\/myvize.com.tr\/afganistan\/wp-content\/uploads\/2021\/09\/15.jpg\",\"datePublished\":\"2021-01-20T12:13:55+00:00\",\"dateModified\":\"2022-03-19T09:04:29+00:00\",\"description\":\"Afganistan Ticari Vize Dilek\u00e7e \u00d6rne\u011fi Nas\u0131l Yaz\u0131l\u0131r? Afganistan Ticari Vize Dilek\u00e7e \u00d6rne\u011fi 2022 G\u00fcncel Bilgileri Neler?\",\"breadcrumb\":{\"@id\":\"https:\/\/myvize.com.tr\/afganistan\/form-ve-dilekce\/ticari-vize-dilekce-ornegi\/#breadcrumb\"},\"inLanguage\":\"tr\",\"potentialAction\":[{\"@type\":\"ReadAction\",\"target\":[\"https:\/\/myvize.com.tr\/afganistan\/form-ve-dilekce\/ticari-vize-dilekce-ornegi\/\"]}]},{\"@type\":\"ImageObject\",\"inLanguage\":\"tr\",\"@id\":\"https:\/\/myvize.com.tr\/afganistan\/form-ve-dilekce\/ticari-vize-dilekce-ornegi\/#primaryimage\",\"url\":\"https:\/\/myvize.com.tr\/afganistan\/wp-content\/uploads\/2021\/09\/15.jpg\",\"contentUrl\":\"https:\/\/myvize.com.tr\/afganistan\/wp-content\/uploads\/2021\/09\/15.jpg\",\"width\":800,\"height\":500,\"caption\":\"Afganistan\"},{\"@type\":\"BreadcrumbList\",\"@id\":\"https:\/\/myvize.com.tr\/afganistan\/form-ve-dilekce\/ticari-vize-dilekce-ornegi\/#breadcrumb\",\"itemListElement\":[{\"@type\":\"ListItem\",\"position\":1,\"name\":\"Anasayfa\",\"item\":\"https:\/\/myvize.com.tr\/afganistan\/\"},{\"@type\":\"ListItem\",\"position\":2,\"name\":\"FORM VE D\u0130LEK\u00c7E\",\"item\":\"https:\/\/myvize.com.tr\/afganistan\/form-ve-dilekce\/\"},{\"@type\":\"ListItem\",\"position\":3,\"name\":\"Afganistan Ticari Vize Dilek\u00e7e \u00d6rne\u011fi\"}]},{\"@type\":\"WebSite\",\"@id\":\"https:\/\/myvize.com.tr\/afganistan\/#website\",\"url\":\"https:\/\/myvize.com.tr\/afganistan\/\",\"name\":\"Afganistan Vizesi\",\"description\":\"\",\"potentialAction\":[{\"@type\":\"SearchAction\",\"target\":{\"@type\":\"EntryPoint\",\"urlTemplate\":\"https:\/\/myvize.com.tr\/afganistan\/?s={search_term_string}\"},\"query-input\":{\"@type\":\"PropertyValueSpecification\",\"valueRequired\":true,\"valueName\":\"search_term_string\"}}],\"inLanguage\":\"tr\"}]}<\/script>\n<!-- \/ Yoast SEO plugin. -->","yoast_head_json":{"title":"Afganistan Ticari Vize Dilek\u00e7e \u00d6rne\u011fi Hakk\u0131nda - MyVize","description":"Afganistan Ticari Vize Dilek\u00e7e \u00d6rne\u011fi Nas\u0131l Yaz\u0131l\u0131r? Afganistan Ticari Vize Dilek\u00e7e \u00d6rne\u011fi 2022 G\u00fcncel Bilgileri Neler?","robots":{"index":"index","follow":"follow","max-snippet":"max-snippet:-1","max-image-preview":"max-image-preview:large","max-video-preview":"max-video-preview:-1"},"canonical":"https:\/\/myvize.com.tr\/afganistan\/form-ve-dilekce\/ticari-vize-dilekce-ornegi\/","og_locale":"tr_TR","og_type":"article","og_title":"Afganistan Ticari Vize Dilek\u00e7e \u00d6rne\u011fi Hakk\u0131nda - MyVize","og_description":"Afganistan Ticari Vize Dilek\u00e7e \u00d6rne\u011fi Nas\u0131l Yaz\u0131l\u0131r? Afganistan Ticari Vize Dilek\u00e7e \u00d6rne\u011fi 2022 G\u00fcncel Bilgileri Neler?","og_url":"https:\/\/myvize.com.tr\/afganistan\/form-ve-dilekce\/ticari-vize-dilekce-ornegi\/","og_site_name":"Afganistan Vizesi","article_modified_time":"2022-03-19T09:04:29+00:00","og_image":[{"url":"https:\/\/myvize.com.tr\/afganistan\/wp-content\/uploads\/2021\/09\/15.jpg","type":"","width":"","height":""}],"twitter_card":"summary_large_image","twitter_misc":{"Tahmini okuma s\u00fcresi":"4 dakika"},"schema":{"@context":"https:\/\/schema.org","@graph":[{"@type":"WebPage","@id":"https:\/\/myvize.com.tr\/afganistan\/form-ve-dilekce\/ticari-vize-dilekce-ornegi\/","url":"https:\/\/myvize.com.tr\/afganistan\/form-ve-dilekce\/ticari-vize-dilekce-ornegi\/","name":"Afganistan Ticari Vize Dilek\u00e7e \u00d6rne\u011fi Hakk\u0131nda - MyVize","isPartOf":{"@id":"https:\/\/myvize.com.tr\/afganistan\/#website"},"primaryImageOfPage":{"@id":"https:\/\/myvize.com.tr\/afganistan\/form-ve-dilekce\/ticari-vize-dilekce-ornegi\/#primaryimage"},"image":{"@id":"https:\/\/myvize.com.tr\/afganistan\/form-ve-dilekce\/ticari-vize-dilekce-ornegi\/#primaryimage"},"thumbnailUrl":"https:\/\/myvize.com.tr\/afganistan\/wp-content\/uploads\/2021\/09\/15.jpg","datePublished":"2021-01-20T12:13:55+00:00","dateModified":"2022-03-19T09:04:29+00:00","description":"Afganistan Ticari Vize Dilek\u00e7e \u00d6rne\u011fi Nas\u0131l Yaz\u0131l\u0131r? Afganistan Ticari Vize Dilek\u00e7e \u00d6rne\u011fi 2022 G\u00fcncel Bilgileri Neler?","breadcrumb":{"@id":"https:\/\/myvize.com.tr\/afganistan\/form-ve-dilekce\/ticari-vize-dilekce-ornegi\/#breadcrumb"},"inLanguage":"tr","potentialAction":[{"@type":"ReadAction","target":["https:\/\/myvize.com.tr\/afganistan\/form-ve-dilekce\/ticari-vize-dilekce-ornegi\/"]}]},{"@type":"ImageObject","inLanguage":"tr","@id":"https:\/\/myvize.com.tr\/afganistan\/form-ve-dilekce\/ticari-vize-dilekce-ornegi\/#primaryimage","url":"https:\/\/myvize.com.tr\/afganistan\/wp-content\/uploads\/2021\/09\/15.jpg","contentUrl":"https:\/\/myvize.com.tr\/afganistan\/wp-content\/uploads\/2021\/09\/15.jpg","width":800,"height":500,"caption":"Afganistan"},{"@type":"BreadcrumbList","@id":"https:\/\/myvize.com.tr\/afganistan\/form-ve-dilekce\/ticari-vize-dilekce-ornegi\/#breadcrumb","itemListElement":[{"@type":"ListItem","position":1,"name":"Anasayfa","item":"https:\/\/myvize.com.tr\/afganistan\/"},{"@type":"ListItem","position":2,"name":"FORM VE D\u0130LEK\u00c7E","item":"https:\/\/myvize.com.tr\/afganistan\/form-ve-dilekce\/"},{"@type":"ListItem","position":3,"name":"Afganistan Ticari Vize Dilek\u00e7e \u00d6rne\u011fi"}]},{"@type":"WebSite","@id":"https:\/\/myvize.com.tr\/afganistan\/#website","url":"https:\/\/myvize.com.tr\/afganistan\/","name":"Afganistan Vizesi","description":"","potentialAction":[{"@type":"SearchAction","target":{"@type":"EntryPoint","urlTemplate":"https:\/\/myvize.com.tr\/afganistan\/?s={search_term_string}"},"query-input":{"@type":"PropertyValueSpecification","valueRequired":true,"valueName":"search_term_string"}}],"inLanguage":"tr"}]}},"_links":{"self":[{"href":"https:\/\/myvize.com.tr\/afganistan\/wp-json\/wp\/v2\/pages\/278","targetHints":{"allow":["GET"]}}],"collection":[{"href":"https:\/\/myvize.com.tr\/afganistan\/wp-json\/wp\/v2\/pages"}],"about":[{"href":"https:\/\/myvize.com.tr\/afganistan\/wp-json\/wp\/v2\/types\/page"}],"author":[{"embeddable":true,"href":"https:\/\/myvize.com.tr\/afganistan\/wp-json\/wp\/v2\/users\/1"}],"replies":[{"embeddable":true,"href":"https:\/\/myvize.com.tr\/afganistan\/wp-json\/wp\/v2\/comments?post=278"}],"version-history":[{"count":6,"href":"https:\/\/myvize.com.tr\/afganistan\/wp-json\/wp\/v2\/pages\/278\/revisions"}],"predecessor-version":[{"id":633,"href":"https:\/\/myvize.com.tr\/afganistan\/wp-json\/wp\/v2\/pages\/278\/revisions\/633"}],"up":[{"embeddable":true,"href":"https:\/\/myvize.com.tr\/afganistan\/wp-json\/wp\/v2\/pages\/144"}],"wp:attachment":[{"href":"https:\/\/myvize.com.tr\/afganistan\/wp-json\/wp\/v2\/media?parent=278"}],"curies":[{"name":"wp","href":"https:\/\/api.w.org\/{rel}","templated":true}]}}