{"id":170,"date":"2021-01-15T16:16:34","date_gmt":"2021-01-15T13:16:34","guid":{"rendered":"http:\/\/myvize.com.tr\/afganistan\/?page_id=170"},"modified":"2022-05-05T14:13:09","modified_gmt":"2022-05-05T11:13:09","slug":"ankara","status":"publish","type":"page","link":"https:\/\/myvize.com.tr\/afganistan\/subelerimiz\/ankara\/","title":{"rendered":"Ankara"},"content":{"rendered":"<p><span style=\"font-family: Roboto;\"><\/span><\/p>\r\n<p><span style=\"font-family: Roboto; font-size: 14px;\"><strong>Afganistan Ankara vize merkezi\u00a0<\/strong>sitemize ho\u015f geldiniz.<\/span><\/p>\r\n<p><span style=\"font-family: Roboto; font-size: 14px;\">\r\n\r\n<\/span><\/p>\r\n<p><span style=\"font-family: Roboto; font-size: 14px;\">Say\u0131n ziyaret\u00e7imiz\u00a0<strong>Afganistan Ankara vize merkezi\u00a0<\/strong>sitemiz vize i\u015flemleri hakk\u0131nda size bilgi vermek i\u00e7in hizmet vermektedir. Sizden ricam\u0131z dikkatli incelemeniz olacakt\u0131r. Daha detayl\u0131 bilgi edinmek isterseniz e\u011fer Pazartesi \u2013 Cuma 08.30 \/ 18.00 ve Cumartesi 10.00 \/ 14.00 saatleri aras\u0131nda ofisimizi ziyaret edebilirsiniz.\u00a0<strong>Afganistan Ankara vize merkezi\u00a0<\/strong>sitemizde bulunan \u00e7a\u011fr\u0131 merkezimizi arayarak ya da e posta yolu ile bize ula\u015fabilirsiniz.<\/span><\/p>\r\n<p><span style=\"font-family: Roboto; font-size: 14px;\">\r\n\r\n<\/span><\/p>\r\n<h2 class=\"wp-block-heading\"><span style=\"font-family: Roboto; font-size: 27px;\"><strong>Afganistan Vize Ba\u015fvurusu<\/strong><\/span><\/h2>\r\n<p><span style=\"font-family: Roboto; font-size: 14px;\">\r\n\r\n<\/span><\/p>\r\n<p><span style=\"font-family: Roboto; font-size: 14px;\"><strong>Afganistan Ankara vize merkezi\u00a0<\/strong>uzman ekiplerimiz sizi her i\u015flem i\u00e7in bilgilendirmektedir. Size bir e posta ile vize ba\u015fvurular\u0131nda gerekli olan evraklar\u0131 g\u00f6nderirler ve bu evraklar\u0131 tamamlaman\u0131z\u0131 isterler. Evraklar\u0131 eksiksiz olarak tamamlad\u0131\u011f\u0131n\u0131z zaman\u00a0<strong>Afganistan Ankara vize merkezi\u00a0<\/strong>ofisimize ula\u015ft\u0131rman\u0131z gerekmektedir. Evraklar ofisimize ula\u015ft\u0131ktan sonra merkezimiz taraf\u0131ndan vize ba\u015fvuru i\u015flemleriniz ba\u015flat\u0131l\u0131r.<\/span><\/p>\r\n<p><span style=\"font-family: Roboto; font-size: 14px;\">\r\n\r\n<\/span><\/p>\r\n<p><span style=\"font-family: Roboto; font-size: 14px;\">Bu s\u00fcre\u00e7te uzman ekibimiz sizi her konuda bilgilendiriyor. Vize i\u015flemleriniz k\u0131sa s\u00fcrede hallolurken sizde zaman kayb\u0131 ya\u015famam\u0131\u015f oluyorsunuz. Vize i\u015flemlerinin sonuna gelindi\u011fin de vizeniz \u00e7\u0131km\u0131\u015f oluyor ve sizde gidip elden pasaportunuzu teslim al\u0131yorsunuz.<\/span><\/p>\r\n<p><span style=\"font-family: Roboto;\"><\/span><\/p>","protected":false},"excerpt":{"rendered":"<p>Afganistan Ankara vize merkezi\u00a0sitemize ho\u015f geldiniz. Say\u0131n ziyaret\u00e7imiz\u00a0Afganistan Ankara vize merkezi\u00a0sitemiz vize i\u015flemleri hakk\u0131nda size bilgi vermek i\u00e7in hizmet vermektedir. Sizden ricam\u0131z dikkatli incelemeniz olacakt\u0131r. Daha detayl\u0131 bilgi edinmek isterseniz e\u011fer Pazartesi \u2013 Cuma 08.30 \/ 18.00 ve Cumartesi 10.00 \/ 14.00 saatleri aras\u0131nda ofisimizi ziyaret edebilirsiniz.\u00a0Afganistan Ankara vize merkezi\u00a0sitemizde bulunan \u00e7a\u011fr\u0131 merkezimizi arayarak ya<\/p>\n","protected":false},"author":1,"featured_media":0,"parent":147,"menu_order":0,"comment_status":"open","ping_status":"closed","template":"","meta":{"footnotes":""},"class_list":["post-170","page","type-page","status-publish","hentry"],"yoast_head":"<!-- This site is optimized with the Yoast SEO plugin v24.0 - https:\/\/yoast.com\/wordpress\/plugins\/seo\/ -->\n<title>Afganistan Ankara Vize Ba\u015fvuru Merkezimiz - MyVize<\/title>\n<meta name=\"description\" content=\"Afganistan Vizesi Ankara Ba\u015fvuru Merkezi. Afganistan Vizesi Nas\u0131l Al\u0131n\u0131r? Afganistan Vize \u00dccreti Ne Kadar? Bilgi \u0130\u00e7in Ara: 0850 346 84 93\" \/>\n<meta name=\"robots\" content=\"index, follow, max-snippet:-1, max-image-preview:large, max-video-preview:-1\" \/>\n<link rel=\"canonical\" href=\"https:\/\/myvize.com.tr\/afganistan\/subelerimiz\/ankara\/\" \/>\n<meta property=\"og:locale\" content=\"tr_TR\" \/>\n<meta property=\"og:type\" content=\"article\" \/>\n<meta property=\"og:title\" content=\"Afganistan Ankara Vize Ba\u015fvuru Merkezimiz - MyVize\" \/>\n<meta property=\"og:description\" content=\"Afganistan Vizesi Ankara Ba\u015fvuru Merkezi. Afganistan Vizesi Nas\u0131l Al\u0131n\u0131r? Afganistan Vize \u00dccreti Ne Kadar? Bilgi \u0130\u00e7in Ara: 0850 346 84 93\" \/>\n<meta property=\"og:url\" content=\"https:\/\/myvize.com.tr\/afganistan\/subelerimiz\/ankara\/\" \/>\n<meta property=\"og:site_name\" content=\"Afganistan Vizesi\" \/>\n<meta property=\"article:modified_time\" content=\"2022-05-05T11:13:09+00:00\" \/>\n<meta name=\"twitter:card\" content=\"summary_large_image\" \/>\n<meta name=\"twitter:label1\" content=\"Tahmini okuma s\u00fcresi\" \/>\n\t<meta name=\"twitter:data1\" content=\"1 dakika\" \/>\n<script type=\"application\/ld+json\" class=\"yoast-schema-graph\">{\"@context\":\"https:\/\/schema.org\",\"@graph\":[{\"@type\":\"WebPage\",\"@id\":\"https:\/\/myvize.com.tr\/afganistan\/subelerimiz\/ankara\/\",\"url\":\"https:\/\/myvize.com.tr\/afganistan\/subelerimiz\/ankara\/\",\"name\":\"Afganistan Ankara Vize Ba\u015fvuru Merkezimiz - MyVize\",\"isPartOf\":{\"@id\":\"https:\/\/myvize.com.tr\/afganistan\/#website\"},\"datePublished\":\"2021-01-15T13:16:34+00:00\",\"dateModified\":\"2022-05-05T11:13:09+00:00\",\"description\":\"Afganistan Vizesi Ankara Ba\u015fvuru Merkezi. Afganistan Vizesi Nas\u0131l Al\u0131n\u0131r? Afganistan Vize \u00dccreti Ne Kadar? Bilgi \u0130\u00e7in Ara: 0850 346 84 93\",\"breadcrumb\":{\"@id\":\"https:\/\/myvize.com.tr\/afganistan\/subelerimiz\/ankara\/#breadcrumb\"},\"inLanguage\":\"tr\",\"potentialAction\":[{\"@type\":\"ReadAction\",\"target\":[\"https:\/\/myvize.com.tr\/afganistan\/subelerimiz\/ankara\/\"]}]},{\"@type\":\"BreadcrumbList\",\"@id\":\"https:\/\/myvize.com.tr\/afganistan\/subelerimiz\/ankara\/#breadcrumb\",\"itemListElement\":[{\"@type\":\"ListItem\",\"position\":1,\"name\":\"Anasayfa\",\"item\":\"https:\/\/myvize.com.tr\/afganistan\/\"},{\"@type\":\"ListItem\",\"position\":2,\"name\":\"\u015eUBELER\u0130M\u0130Z\",\"item\":\"https:\/\/myvize.com.tr\/afganistan\/subelerimiz\/\"},{\"@type\":\"ListItem\",\"position\":3,\"name\":\"Ankara\"}]},{\"@type\":\"WebSite\",\"@id\":\"https:\/\/myvize.com.tr\/afganistan\/#website\",\"url\":\"https:\/\/myvize.com.tr\/afganistan\/\",\"name\":\"Afganistan Vizesi\",\"description\":\"\",\"potentialAction\":[{\"@type\":\"SearchAction\",\"target\":{\"@type\":\"EntryPoint\",\"urlTemplate\":\"https:\/\/myvize.com.tr\/afganistan\/?s={search_term_string}\"},\"query-input\":{\"@type\":\"PropertyValueSpecification\",\"valueRequired\":true,\"valueName\":\"search_term_string\"}}],\"inLanguage\":\"tr\"}]}<\/script>\n<!-- \/ Yoast SEO plugin. -->","yoast_head_json":{"title":"Afganistan Ankara Vize Ba\u015fvuru Merkezimiz - MyVize","description":"Afganistan Vizesi Ankara Ba\u015fvuru Merkezi. Afganistan Vizesi Nas\u0131l Al\u0131n\u0131r? Afganistan Vize \u00dccreti Ne Kadar? Bilgi \u0130\u00e7in Ara: 0850 346 84 93","robots":{"index":"index","follow":"follow","max-snippet":"max-snippet:-1","max-image-preview":"max-image-preview:large","max-video-preview":"max-video-preview:-1"},"canonical":"https:\/\/myvize.com.tr\/afganistan\/subelerimiz\/ankara\/","og_locale":"tr_TR","og_type":"article","og_title":"Afganistan Ankara Vize Ba\u015fvuru Merkezimiz - MyVize","og_description":"Afganistan Vizesi Ankara Ba\u015fvuru Merkezi. Afganistan Vizesi Nas\u0131l Al\u0131n\u0131r? Afganistan Vize \u00dccreti Ne Kadar? Bilgi \u0130\u00e7in Ara: 0850 346 84 93","og_url":"https:\/\/myvize.com.tr\/afganistan\/subelerimiz\/ankara\/","og_site_name":"Afganistan Vizesi","article_modified_time":"2022-05-05T11:13:09+00:00","twitter_card":"summary_large_image","twitter_misc":{"Tahmini okuma s\u00fcresi":"1 dakika"},"schema":{"@context":"https:\/\/schema.org","@graph":[{"@type":"WebPage","@id":"https:\/\/myvize.com.tr\/afganistan\/subelerimiz\/ankara\/","url":"https:\/\/myvize.com.tr\/afganistan\/subelerimiz\/ankara\/","name":"Afganistan Ankara Vize Ba\u015fvuru Merkezimiz - MyVize","isPartOf":{"@id":"https:\/\/myvize.com.tr\/afganistan\/#website"},"datePublished":"2021-01-15T13:16:34+00:00","dateModified":"2022-05-05T11:13:09+00:00","description":"Afganistan Vizesi Ankara Ba\u015fvuru Merkezi. Afganistan Vizesi Nas\u0131l Al\u0131n\u0131r? Afganistan Vize \u00dccreti Ne Kadar? Bilgi \u0130\u00e7in Ara: 0850 346 84 93","breadcrumb":{"@id":"https:\/\/myvize.com.tr\/afganistan\/subelerimiz\/ankara\/#breadcrumb"},"inLanguage":"tr","potentialAction":[{"@type":"ReadAction","target":["https:\/\/myvize.com.tr\/afganistan\/subelerimiz\/ankara\/"]}]},{"@type":"BreadcrumbList","@id":"https:\/\/myvize.com.tr\/afganistan\/subelerimiz\/ankara\/#breadcrumb","itemListElement":[{"@type":"ListItem","position":1,"name":"Anasayfa","item":"https:\/\/myvize.com.tr\/afganistan\/"},{"@type":"ListItem","position":2,"name":"\u015eUBELER\u0130M\u0130Z","item":"https:\/\/myvize.com.tr\/afganistan\/subelerimiz\/"},{"@type":"ListItem","position":3,"name":"Ankara"}]},{"@type":"WebSite","@id":"https:\/\/myvize.com.tr\/afganistan\/#website","url":"https:\/\/myvize.com.tr\/afganistan\/","name":"Afganistan Vizesi","description":"","potentialAction":[{"@type":"SearchAction","target":{"@type":"EntryPoint","urlTemplate":"https:\/\/myvize.com.tr\/afganistan\/?s={search_term_string}"},"query-input":{"@type":"PropertyValueSpecification","valueRequired":true,"valueName":"search_term_string"}}],"inLanguage":"tr"}]}},"_links":{"self":[{"href":"https:\/\/myvize.com.tr\/afganistan\/wp-json\/wp\/v2\/pages\/170","targetHints":{"allow":["GET"]}}],"collection":[{"href":"https:\/\/myvize.com.tr\/afganistan\/wp-json\/wp\/v2\/pages"}],"about":[{"href":"https:\/\/myvize.com.tr\/afganistan\/wp-json\/wp\/v2\/types\/page"}],"author":[{"embeddable":true,"href":"https:\/\/myvize.com.tr\/afganistan\/wp-json\/wp\/v2\/users\/1"}],"replies":[{"embeddable":true,"href":"https:\/\/myvize.com.tr\/afganistan\/wp-json\/wp\/v2\/comments?post=170"}],"version-history":[{"count":6,"href":"https:\/\/myvize.com.tr\/afganistan\/wp-json\/wp\/v2\/pages\/170\/revisions"}],"predecessor-version":[{"id":693,"href":"https:\/\/myvize.com.tr\/afganistan\/wp-json\/wp\/v2\/pages\/170\/revisions\/693"}],"up":[{"embeddable":true,"href":"https:\/\/myvize.com.tr\/afganistan\/wp-json\/wp\/v2\/pages\/147"}],"wp:attachment":[{"href":"https:\/\/myvize.com.tr\/afganistan\/wp-json\/wp\/v2\/media?parent=170"}],"curies":[{"name":"wp","href":"https:\/\/api.w.org\/{rel}","templated":true}]}}